{"id":29410,"date":"2022-04-05T12:04:05","date_gmt":"2022-04-05T10:04:05","guid":{"rendered":"https:\/\/www.festiterroir.ch\/?page_id=29410"},"modified":"2025-06-13T18:27:58","modified_gmt":"2025-06-13T16:27:58","slug":"festiterroir-2020","status":"publish","type":"page","link":"https:\/\/www.davidprego.ch\/festi\/archives\/festiterroir-2020\/","title":{"rendered":"\u00c9dition 2020"},"content":{"rendered":"\n<div class=\"wp-block-group\"><div class=\"wp-block-group__inner-container is-layout-constrained wp-block-group-is-layout-constrained\">\n<div class=\"wp-block-columns is-layout-flex wp-container-core-columns-is-layout-9d6595d7 wp-block-columns-is-layout-flex\">\n<div class=\"wp-block-column is-layout-flow wp-block-column-is-layout-flow\">\n<div class=\"wp-block-buttons is-content-justification-space-between is-layout-flex wp-container-core-buttons-is-layout-3d213aab wp-block-buttons-is-layout-flex\">\n<div class=\"wp-block-button has-custom-width wp-block-button__width-100 is-style-fill\"><a class=\"wp-block-button__link has-light-green-cyan-background-color has-background has-medium-font-size has-text-align-center has-custom-font-size wp-element-button\" href=\"..\/festiterroir-2024-bilan\/\" style=\"border-radius:0px\"><strong>2024<\/strong><\/a><\/div>\n<\/div>\n<\/div>\n\n\n\n<div class=\"wp-block-column is-layout-flow wp-block-column-is-layout-flow\">\n<div class=\"wp-block-buttons is-content-justification-space-between is-layout-flex wp-container-core-buttons-is-layout-3d213aab wp-block-buttons-is-layout-flex\">\n<div class=\"wp-block-button has-custom-width wp-block-button__width-100\"><a class=\"wp-block-button__link has-light-green-cyan-background-color has-background has-medium-font-size has-custom-font-size wp-element-button\" href=\"..\/festiterroir-2023-bilan\/\" style=\"border-radius:0px\"><strong>2023<\/strong><\/a><\/div>\n<\/div>\n<\/div>\n\n\n\n<div class=\"wp-block-column is-layout-flow wp-block-column-is-layout-flow\">\n<div class=\"wp-block-buttons is-content-justification-space-between is-layout-flex wp-container-core-buttons-is-layout-3d213aab wp-block-buttons-is-layout-flex\">\n<div class=\"wp-block-button has-custom-width wp-block-button__width-100\"><a class=\"wp-block-button__link has-light-green-cyan-background-color has-background has-medium-font-size has-custom-font-size wp-element-button\" href=\"..\/festiterroir-2022-bilan\/\" style=\"border-radius:0px\"><strong>2022<\/strong><\/a><\/div>\n<\/div>\n<\/div>\n<\/div>\n\n\n\n<div class=\"wp-block-columns is-layout-flex wp-container-core-columns-is-layout-9d6595d7 wp-block-columns-is-layout-flex\">\n<div class=\"wp-block-column is-layout-flow wp-block-column-is-layout-flow\">\n<div class=\"wp-block-buttons is-content-justification-space-between is-layout-flex wp-container-core-buttons-is-layout-3d213aab wp-block-buttons-is-layout-flex\">\n<div class=\"wp-block-button has-custom-width wp-block-button__width-100\"><a class=\"wp-block-button__link has-light-green-cyan-background-color has-background has-medium-font-size has-custom-font-size wp-element-button\" href=\"..\/festiterroir-2021\/\" style=\"border-radius:0px\"><strong>2021<\/strong><\/a><\/div>\n<\/div>\n<\/div>\n\n\n\n<div class=\"wp-block-column is-layout-flow wp-block-column-is-layout-flow\">\n<div class=\"wp-block-buttons is-content-justification-space-between is-layout-flex wp-container-core-buttons-is-layout-3d213aab wp-block-buttons-is-layout-flex\">\n<div class=\"wp-block-button has-custom-width wp-block-button__width-100\"><a class=\"wp-block-button__link has-light-green-cyan-background-color has-background has-medium-font-size has-custom-font-size wp-element-button\" href=\"..\/festiterroir-2020\/\" style=\"border-radius:0px\"><strong>2020<\/strong><\/a><\/div>\n<\/div>\n<\/div>\n\n\n\n<div class=\"wp-block-column is-layout-flow wp-block-column-is-layout-flow\">\n<div class=\"wp-block-buttons is-content-justification-space-between is-layout-flex wp-container-core-buttons-is-layout-3d213aab wp-block-buttons-is-layout-flex\">\n<div class=\"wp-block-button has-custom-width wp-block-button__width-100\"><a class=\"wp-block-button__link has-light-green-cyan-background-color has-background has-medium-font-size has-custom-font-size wp-element-button\" href=\"..\/festiterroir-2019\/\" style=\"border-radius:0px\"><strong>2019<\/strong><\/a><\/div>\n<\/div>\n<\/div>\n<\/div>\n<\/div><\/div>\n\n\n\n<p><strong style=\"color: #46d187;\">La deuxi\u00e8me \u00e9dition de Festi\u2019Terroir aura lieu cette ann\u00e9e<br>samedi 05 septembre de 10h \u00e0 19h et dimanche 06 septembre de 10h \u00e0 18h<br>au parc des Bastions.<\/strong><\/p>\n\n\n\n<p>Grand march\u00e9 de producteurs et productrices, artisan-e-s de bouche et vigneron-ne-s&nbsp; au c\u0153ur de Gen\u00e8ve, cet \u00e9v\u00e9nement est une occasion unique de rencontrer les acteurs et actrices du terroir genevois. De nombreuses associations en lien avec l\u2019agriculture durable et la consommation responsable seront \u00e9galement pr\u00e9sentes pour parler de leurs activit\u00e9s.<\/p>\n\n\n<div class=\"wp-block-image\">\n<figure class=\"aligncenter\"><img loading=\"lazy\" decoding=\"async\" width=\"620\" height=\"877\" src=\"https:\/\/www.festiterroir.ch\/wp-content\/uploads\/2022\/08\/FT2020_CARTEPOSTALE_PRINT.jpg\" alt=\"\" class=\"wp-image-29626\" srcset=\"https:\/\/www.davidprego.ch\/festi\/wp-content\/uploads\/2022\/08\/FT2020_CARTEPOSTALE_PRINT.jpg 620w, https:\/\/www.davidprego.ch\/festi\/wp-content\/uploads\/2022\/08\/FT2020_CARTEPOSTALE_PRINT-212x300.jpg 212w\" sizes=\"auto, (max-width: 620px) 100vw, 620px\" \/><\/figure><\/div>","protected":false},"excerpt":{"rendered":"<p>La deuxi\u00e8me \u00e9dition de Festi\u2019Terroir aura lieu cette ann\u00e9esamedi 05 septembre de 10h \u00e0 19h et dimanche 06 septembre de 10h \u00e0 18hau parc des Bastions. Grand march\u00e9 de producteurs et productrices, artisan-e-s de bouche et vigneron-ne-s&nbsp; au c\u0153ur de Gen\u00e8ve, cet \u00e9v\u00e9nement est une&nbsp;&hellip;<\/p>\n","protected":false},"author":1,"featured_media":0,"parent":30472,"menu_order":16,"comment_status":"closed","ping_status":"closed","template":"","meta":{"_acf_changed":false,"pgc_sgb_lightbox_settings":"","footnotes":""},"class_list":["post-29410","page","type-page","status-publish","hentry"],"acf":[],"_links":{"self":[{"href":"https:\/\/www.davidprego.ch\/festi\/wp-json\/wp\/v2\/pages\/29410","targetHints":{"allow":["GET"]}}],"collection":[{"href":"https:\/\/www.davidprego.ch\/festi\/wp-json\/wp\/v2\/pages"}],"about":[{"href":"https:\/\/www.davidprego.ch\/festi\/wp-json\/wp\/v2\/types\/page"}],"author":[{"embeddable":true,"href":"https:\/\/www.davidprego.ch\/festi\/wp-json\/wp\/v2\/users\/1"}],"replies":[{"embeddable":true,"href":"https:\/\/www.davidprego.ch\/festi\/wp-json\/wp\/v2\/comments?post=29410"}],"version-history":[{"count":14,"href":"https:\/\/www.davidprego.ch\/festi\/wp-json\/wp\/v2\/pages\/29410\/revisions"}],"predecessor-version":[{"id":30663,"href":"https:\/\/www.davidprego.ch\/festi\/wp-json\/wp\/v2\/pages\/29410\/revisions\/30663"}],"up":[{"embeddable":true,"href":"https:\/\/www.davidprego.ch\/festi\/wp-json\/wp\/v2\/pages\/30472"}],"wp:attachment":[{"href":"https:\/\/www.davidprego.ch\/festi\/wp-json\/wp\/v2\/media?parent=29410"}],"curies":[{"name":"wp","href":"https:\/\/api.w.org\/{rel}","templated":true}]}}

Édition 2020

<div class="wp-block-group"><div class="wp-block-group__inner-container is-layout-constrained wp-block-group-is-layout-constrained">
<div class="wp-block-columns is-layout-flex wp-container-core-columns-is-layout-9d6595d7 wp-block-columns-is-layout-flex">
<div class="wp-block-column is-layout-flow wp-block-column-is-layout-flow">
<div class="wp-block-buttons is-content-justification-space-between is-layout-flex wp-container-core-buttons-is-layout-3d213aab wp-block-buttons-is-layout-flex">
<div class="wp-block-button has-custom-width wp-block-button__width-100 is-style-fill"><a class="wp-block-button__link has-light-green-cyan-background-color has-background has-medium-font-size has-text-align-center has-custom-font-size wp-element-button" href="../festiterroir-2024-bilan/" style="border-radius:0px"><strong>2024</strong></a></div>
</div>
</div>



<div class="wp-block-column is-layout-flow wp-block-column-is-layout-flow">
<div class="wp-block-buttons is-content-justification-space-between is-layout-flex wp-container-core-buttons-is-layout-3d213aab wp-block-buttons-is-layout-flex">
<div class="wp-block-button has-custom-width wp-block-button__width-100"><a class="wp-block-button__link has-light-green-cyan-background-color has-background has-medium-font-size has-custom-font-size wp-element-button" href="../festiterroir-2023-bilan/" style="border-radius:0px"><strong>2023</strong></a></div>
</div>
</div>



<div class="wp-block-column is-layout-flow wp-block-column-is-layout-flow">
<div class="wp-block-buttons is-content-justification-space-between is-layout-flex wp-container-core-buttons-is-layout-3d213aab wp-block-buttons-is-layout-flex">
<div class="wp-block-button has-custom-width wp-block-button__width-100"><a class="wp-block-button__link has-light-green-cyan-background-color has-background has-medium-font-size has-custom-font-size wp-element-button" href="../festiterroir-2022-bilan/" style="border-radius:0px"><strong>2022</strong></a></div>
</div>
</div>
</div>



<div class="wp-block-columns is-layout-flex wp-container-core-columns-is-layout-9d6595d7 wp-block-columns-is-layout-flex">
<div class="wp-block-column is-layout-flow wp-block-column-is-layout-flow">
<div class="wp-block-buttons is-content-justification-space-between is-layout-flex wp-container-core-buttons-is-layout-3d213aab wp-block-buttons-is-layout-flex">
<div class="wp-block-button has-custom-width wp-block-button__width-100"><a class="wp-block-button__link has-light-green-cyan-background-color has-background has-medium-font-size has-custom-font-size wp-element-button" href="../festiterroir-2021/" style="border-radius:0px"><strong>2021</strong></a></div>
</div>
</div>



<div class="wp-block-column is-layout-flow wp-block-column-is-layout-flow">
<div class="wp-block-buttons is-content-justification-space-between is-layout-flex wp-container-core-buttons-is-layout-3d213aab wp-block-buttons-is-layout-flex">
<div class="wp-block-button has-custom-width wp-block-button__width-100"><a class="wp-block-button__link has-light-green-cyan-background-color has-background has-medium-font-size has-custom-font-size wp-element-button" href="../festiterroir-2020/" style="border-radius:0px"><strong>2020</strong></a></div>
</div>
</div>



<div class="wp-block-column is-layout-flow wp-block-column-is-layout-flow">
<div class="wp-block-buttons is-content-justification-space-between is-layout-flex wp-container-core-buttons-is-layout-3d213aab wp-block-buttons-is-layout-flex">
<div class="wp-block-button has-custom-width wp-block-button__width-100"><a class="wp-block-button__link has-light-green-cyan-background-color has-background has-medium-font-size has-custom-font-size wp-element-button" href="../festiterroir-2019/" style="border-radius:0px"><strong>2019</strong></a></div>
</div>
</div>
</div>
</div></div>



<p><strong style="color: #46d187;">La deuxième édition de Festi’Terroir aura lieu cette année<br>samedi 05 septembre de 10h à 19h et dimanche 06 septembre de 10h à 18h<br>au parc des Bastions.</strong></p>



<p>Grand marché de producteurs et productrices, artisan-e-s de bouche et vigneron-ne-s&nbsp; au cœur de Genève, cet événement est une occasion unique de rencontrer les acteurs et actrices du terroir genevois. De nombreuses associations en lien avec l’agriculture durable et la consommation responsable seront également présentes pour parler de leurs activités.</p>


<div class="wp-block-image">
<figure class="aligncenter"><img loading="lazy" decoding="async" width="620" height="877" src="https://www.festiterroir.ch/wp-content/uploads/2022/08/FT2020_CARTEPOSTALE_PRINT.jpg" alt="" class="wp-image-29626" srcset="https://www.davidprego.ch/festi/wp-content/uploads/2022/08/FT2020_CARTEPOSTALE_PRINT.jpg 620w, https://www.davidprego.ch/festi/wp-content/uploads/2022/08/FT2020_CARTEPOSTALE_PRINT-212x300.jpg 212w" sizes="auto, (max-width: 620px) 100vw, 620px" /></figure></div>

<p>La deuxième édition de Festi’Terroir aura lieu cette annéesamedi 05 septembre de 10h à 19h et dimanche 06 septembre de 10h à 18hau parc des Bastions. Grand marché de producteurs et productrices, artisan-e-s de bouche et vigneron-ne-s&nbsp; au cœur de Genève, cet événement est une&nbsp;&hellip;</p>
