{"id":29416,"date":"2022-04-05T12:05:55","date_gmt":"2022-04-05T10:05:55","guid":{"rendered":"https:\/\/www.festiterroir.ch\/?page_id=29416"},"modified":"2025-06-13T18:27:27","modified_gmt":"2025-06-13T16:27:27","slug":"festiterroir-2019","status":"publish","type":"page","link":"https:\/\/www.davidprego.ch\/festi\/archives\/festiterroir-2019\/","title":{"rendered":"\u00c9dition 2019"},"content":{"rendered":"\n<div class=\"wp-block-group\"><div class=\"wp-block-group__inner-container is-layout-constrained wp-block-group-is-layout-constrained\">\n<div class=\"wp-block-columns is-layout-flex wp-container-core-columns-is-layout-9d6595d7 wp-block-columns-is-layout-flex\">\n<div class=\"wp-block-column is-layout-flow wp-block-column-is-layout-flow\">\n<div class=\"wp-block-buttons is-content-justification-space-between is-layout-flex wp-container-core-buttons-is-layout-3d213aab wp-block-buttons-is-layout-flex\">\n<div class=\"wp-block-button has-custom-width wp-block-button__width-100 is-style-fill\"><a class=\"wp-block-button__link has-light-green-cyan-background-color has-background has-medium-font-size has-text-align-center has-custom-font-size wp-element-button\" href=\"..\/festiterroir-2024-bilan\/\" style=\"border-radius:0px\"><strong>2024<\/strong><\/a><\/div>\n<\/div>\n<\/div>\n\n\n\n<div class=\"wp-block-column is-layout-flow wp-block-column-is-layout-flow\">\n<div class=\"wp-block-buttons is-content-justification-space-between is-layout-flex wp-container-core-buttons-is-layout-3d213aab wp-block-buttons-is-layout-flex\">\n<div class=\"wp-block-button has-custom-width wp-block-button__width-100\"><a class=\"wp-block-button__link has-light-green-cyan-background-color has-background has-medium-font-size has-custom-font-size wp-element-button\" href=\"..\/festiterroir-2023-bilan\/\" style=\"border-radius:0px\"><strong>2023<\/strong><\/a><\/div>\n<\/div>\n<\/div>\n\n\n\n<div class=\"wp-block-column is-layout-flow wp-block-column-is-layout-flow\">\n<div class=\"wp-block-buttons is-content-justification-space-between is-layout-flex wp-container-core-buttons-is-layout-3d213aab wp-block-buttons-is-layout-flex\">\n<div class=\"wp-block-button has-custom-width wp-block-button__width-100\"><a class=\"wp-block-button__link has-light-green-cyan-background-color has-background has-medium-font-size has-custom-font-size wp-element-button\" href=\"..\/festiterroir-2022-bilan\/\" style=\"border-radius:0px\"><strong>2022<\/strong><\/a><\/div>\n<\/div>\n<\/div>\n<\/div>\n\n\n\n<div class=\"wp-block-columns is-layout-flex wp-container-core-columns-is-layout-9d6595d7 wp-block-columns-is-layout-flex\">\n<div class=\"wp-block-column is-layout-flow wp-block-column-is-layout-flow\">\n<div class=\"wp-block-buttons is-content-justification-space-between is-layout-flex wp-container-core-buttons-is-layout-3d213aab wp-block-buttons-is-layout-flex\">\n<div class=\"wp-block-button has-custom-width wp-block-button__width-100\"><a class=\"wp-block-button__link has-light-green-cyan-background-color has-background has-medium-font-size has-custom-font-size wp-element-button\" href=\"..\/festiterroir-2021\/\" style=\"border-radius:0px\"><strong>2021<\/strong><\/a><\/div>\n<\/div>\n<\/div>\n\n\n\n<div class=\"wp-block-column is-layout-flow wp-block-column-is-layout-flow\">\n<div class=\"wp-block-buttons is-content-justification-space-between is-layout-flex wp-container-core-buttons-is-layout-3d213aab wp-block-buttons-is-layout-flex\">\n<div class=\"wp-block-button has-custom-width wp-block-button__width-100\"><a class=\"wp-block-button__link has-light-green-cyan-background-color has-background has-medium-font-size has-custom-font-size wp-element-button\" href=\"..\/festiterroir-2020\/\" style=\"border-radius:0px\"><strong>2020<\/strong><\/a><\/div>\n<\/div>\n<\/div>\n\n\n\n<div class=\"wp-block-column is-layout-flow wp-block-column-is-layout-flow\">\n<div class=\"wp-block-buttons is-content-justification-space-between is-layout-flex wp-container-core-buttons-is-layout-3d213aab wp-block-buttons-is-layout-flex\">\n<div class=\"wp-block-button has-custom-width wp-block-button__width-100\"><a class=\"wp-block-button__link has-light-green-cyan-background-color has-background has-medium-font-size has-custom-font-size wp-element-button\" href=\"..\/festiterroir-2019\/\" style=\"border-radius:0px\"><strong>2019<\/strong><\/a><\/div>\n<\/div>\n<\/div>\n<\/div>\n<\/div><\/div>\n\n\n\n<p><strong style=\"color: #46d187;\">Samedi 24 et dimanche 25 ao\u00fbt 2019<\/strong><br><strong style=\"color: #46d187;\">Le festival Festi\u2019Terroir prend ses quartiers au Parc des Bastions!<br><\/strong><\/p>\n\n\n\n<p>Ce festival met \u00e0 l\u2019honneur les producteurs et productrices genevois-es, avec un focus sp\u00e9cial sur les initiatives de vente directe et la production biologique, avec au programme:<\/p>\n\n\n\n<p>\u2013 un grand march\u00e9 de producteurs et productrices<\/p>\n\n\n\n<p>\u2013 des vigneron-ne-s, des brasseurs et brasseuses<\/p>\n\n\n\n<p>\u2013 des stands de restauration (locale, bio, v\u00e9g\u00e9tarienne)<\/p>\n\n\n\n<p>\u2013 un brunch dominical (sur inscription)<\/p>\n\n\n\n<p>\u2013 des animations pour tous les \u00e2ges (ateliers, tours en cal\u00e8che, conf\u00e9rences et tables rondes, stands d\u2019associations actives dans le domaine de l\u2019alimentation locale et durable)<\/p>\n\n\n\n<p>\u2013 des concerts (L\u00e8cheB\u00e9ton, Fanfareduloup Orchestra, Duck Duck Grey Duck, Kalakuti Orchestra, \u2026)<\/p>\n\n\n\n<p><strong>Samedi 24 Ao\u00fbt 2019 : 10h \u2013 24h<\/strong><br><strong>Dimanche 25 Ao\u00fbt 2019 : 10h \u2013 18h<\/strong><\/p>\n\n\n<div class=\"wp-block-image\">\n<figure class=\"aligncenter\"><img loading=\"lazy\" decoding=\"async\" width=\"724\" height=\"1024\" src=\"https:\/\/www.festiterroir.ch\/wp-content\/uploads\/2022\/08\/FLYER_CARTEPOSTALE_RVB-724x1024.jpg\" alt=\"\" class=\"wp-image-29629\" srcset=\"https:\/\/www.davidprego.ch\/festi\/wp-content\/uploads\/2022\/08\/FLYER_CARTEPOSTALE_RVB-724x1024.jpg 724w, https:\/\/www.davidprego.ch\/festi\/wp-content\/uploads\/2022\/08\/FLYER_CARTEPOSTALE_RVB-212x300.jpg 212w, https:\/\/www.davidprego.ch\/festi\/wp-content\/uploads\/2022\/08\/FLYER_CARTEPOSTALE_RVB-768x1086.jpg 768w, https:\/\/www.davidprego.ch\/festi\/wp-content\/uploads\/2022\/08\/FLYER_CARTEPOSTALE_RVB.jpg 1000w\" sizes=\"auto, (max-width: 724px) 100vw, 724px\" \/><\/figure><\/div>","protected":false},"excerpt":{"rendered":"<p>Samedi 24 et dimanche 25 ao\u00fbt 2019Le festival Festi\u2019Terroir prend ses quartiers au Parc des Bastions! Ce festival met \u00e0 l\u2019honneur les producteurs et productrices genevois-es, avec un focus sp\u00e9cial sur les initiatives de vente directe et la production biologique, avec au programme: \u2013 un&nbsp;&hellip;<\/p>\n","protected":false},"author":1,"featured_media":0,"parent":30472,"menu_order":15,"comment_status":"closed","ping_status":"closed","template":"","meta":{"_acf_changed":false,"pgc_sgb_lightbox_settings":"","footnotes":""},"class_list":["post-29416","page","type-page","status-publish","hentry"],"acf":[],"_links":{"self":[{"href":"https:\/\/www.davidprego.ch\/festi\/wp-json\/wp\/v2\/pages\/29416","targetHints":{"allow":["GET"]}}],"collection":[{"href":"https:\/\/www.davidprego.ch\/festi\/wp-json\/wp\/v2\/pages"}],"about":[{"href":"https:\/\/www.davidprego.ch\/festi\/wp-json\/wp\/v2\/types\/page"}],"author":[{"embeddable":true,"href":"https:\/\/www.davidprego.ch\/festi\/wp-json\/wp\/v2\/users\/1"}],"replies":[{"embeddable":true,"href":"https:\/\/www.davidprego.ch\/festi\/wp-json\/wp\/v2\/comments?post=29416"}],"version-history":[{"count":15,"href":"https:\/\/www.davidprego.ch\/festi\/wp-json\/wp\/v2\/pages\/29416\/revisions"}],"predecessor-version":[{"id":30662,"href":"https:\/\/www.davidprego.ch\/festi\/wp-json\/wp\/v2\/pages\/29416\/revisions\/30662"}],"up":[{"embeddable":true,"href":"https:\/\/www.davidprego.ch\/festi\/wp-json\/wp\/v2\/pages\/30472"}],"wp:attachment":[{"href":"https:\/\/www.davidprego.ch\/festi\/wp-json\/wp\/v2\/media?parent=29416"}],"curies":[{"name":"wp","href":"https:\/\/api.w.org\/{rel}","templated":true}]}}

Édition 2019

<div class="wp-block-group"><div class="wp-block-group__inner-container is-layout-constrained wp-block-group-is-layout-constrained">
<div class="wp-block-columns is-layout-flex wp-container-core-columns-is-layout-9d6595d7 wp-block-columns-is-layout-flex">
<div class="wp-block-column is-layout-flow wp-block-column-is-layout-flow">
<div class="wp-block-buttons is-content-justification-space-between is-layout-flex wp-container-core-buttons-is-layout-3d213aab wp-block-buttons-is-layout-flex">
<div class="wp-block-button has-custom-width wp-block-button__width-100 is-style-fill"><a class="wp-block-button__link has-light-green-cyan-background-color has-background has-medium-font-size has-text-align-center has-custom-font-size wp-element-button" href="../festiterroir-2024-bilan/" style="border-radius:0px"><strong>2024</strong></a></div>
</div>
</div>



<div class="wp-block-column is-layout-flow wp-block-column-is-layout-flow">
<div class="wp-block-buttons is-content-justification-space-between is-layout-flex wp-container-core-buttons-is-layout-3d213aab wp-block-buttons-is-layout-flex">
<div class="wp-block-button has-custom-width wp-block-button__width-100"><a class="wp-block-button__link has-light-green-cyan-background-color has-background has-medium-font-size has-custom-font-size wp-element-button" href="../festiterroir-2023-bilan/" style="border-radius:0px"><strong>2023</strong></a></div>
</div>
</div>



<div class="wp-block-column is-layout-flow wp-block-column-is-layout-flow">
<div class="wp-block-buttons is-content-justification-space-between is-layout-flex wp-container-core-buttons-is-layout-3d213aab wp-block-buttons-is-layout-flex">
<div class="wp-block-button has-custom-width wp-block-button__width-100"><a class="wp-block-button__link has-light-green-cyan-background-color has-background has-medium-font-size has-custom-font-size wp-element-button" href="../festiterroir-2022-bilan/" style="border-radius:0px"><strong>2022</strong></a></div>
</div>
</div>
</div>



<div class="wp-block-columns is-layout-flex wp-container-core-columns-is-layout-9d6595d7 wp-block-columns-is-layout-flex">
<div class="wp-block-column is-layout-flow wp-block-column-is-layout-flow">
<div class="wp-block-buttons is-content-justification-space-between is-layout-flex wp-container-core-buttons-is-layout-3d213aab wp-block-buttons-is-layout-flex">
<div class="wp-block-button has-custom-width wp-block-button__width-100"><a class="wp-block-button__link has-light-green-cyan-background-color has-background has-medium-font-size has-custom-font-size wp-element-button" href="../festiterroir-2021/" style="border-radius:0px"><strong>2021</strong></a></div>
</div>
</div>



<div class="wp-block-column is-layout-flow wp-block-column-is-layout-flow">
<div class="wp-block-buttons is-content-justification-space-between is-layout-flex wp-container-core-buttons-is-layout-3d213aab wp-block-buttons-is-layout-flex">
<div class="wp-block-button has-custom-width wp-block-button__width-100"><a class="wp-block-button__link has-light-green-cyan-background-color has-background has-medium-font-size has-custom-font-size wp-element-button" href="../festiterroir-2020/" style="border-radius:0px"><strong>2020</strong></a></div>
</div>
</div>



<div class="wp-block-column is-layout-flow wp-block-column-is-layout-flow">
<div class="wp-block-buttons is-content-justification-space-between is-layout-flex wp-container-core-buttons-is-layout-3d213aab wp-block-buttons-is-layout-flex">
<div class="wp-block-button has-custom-width wp-block-button__width-100"><a class="wp-block-button__link has-light-green-cyan-background-color has-background has-medium-font-size has-custom-font-size wp-element-button" href="../festiterroir-2019/" style="border-radius:0px"><strong>2019</strong></a></div>
</div>
</div>
</div>
</div></div>



<p><strong style="color: #46d187;">Samedi 24 et dimanche 25 août 2019</strong><br><strong style="color: #46d187;">Le festival Festi’Terroir prend ses quartiers au Parc des Bastions!<br></strong></p>



<p>Ce festival met à l’honneur les producteurs et productrices genevois-es, avec un focus spécial sur les initiatives de vente directe et la production biologique, avec au programme:</p>



<p>– un grand marché de producteurs et productrices</p>



<p>– des vigneron-ne-s, des brasseurs et brasseuses</p>



<p>– des stands de restauration (locale, bio, végétarienne)</p>



<p>– un brunch dominical (sur inscription)</p>



<p>– des animations pour tous les âges (ateliers, tours en calèche, conférences et tables rondes, stands d’associations actives dans le domaine de l’alimentation locale et durable)</p>



<p>– des concerts (LècheBéton, Fanfareduloup Orchestra, Duck Duck Grey Duck, Kalakuti Orchestra, …)</p>



<p><strong>Samedi 24 Août 2019 : 10h – 24h</strong><br><strong>Dimanche 25 Août 2019 : 10h – 18h</strong></p>


<div class="wp-block-image">
<figure class="aligncenter"><img loading="lazy" decoding="async" width="724" height="1024" src="https://www.festiterroir.ch/wp-content/uploads/2022/08/FLYER_CARTEPOSTALE_RVB-724x1024.jpg" alt="" class="wp-image-29629" srcset="https://www.davidprego.ch/festi/wp-content/uploads/2022/08/FLYER_CARTEPOSTALE_RVB-724x1024.jpg 724w, https://www.davidprego.ch/festi/wp-content/uploads/2022/08/FLYER_CARTEPOSTALE_RVB-212x300.jpg 212w, https://www.davidprego.ch/festi/wp-content/uploads/2022/08/FLYER_CARTEPOSTALE_RVB-768x1086.jpg 768w, https://www.davidprego.ch/festi/wp-content/uploads/2022/08/FLYER_CARTEPOSTALE_RVB.jpg 1000w" sizes="auto, (max-width: 724px) 100vw, 724px" /></figure></div>

<p>Samedi 24 et dimanche 25 août 2019Le festival Festi’Terroir prend ses quartiers au Parc des Bastions! Ce festival met à l’honneur les producteurs et productrices genevois-es, avec un focus spécial sur les initiatives de vente directe et la production biologique, avec au programme: – un&nbsp;&hellip;</p>
