{"id":29545,"date":"2022-08-15T23:10:47","date_gmt":"2022-08-15T21:10:47","guid":{"rendered":"https:\/\/www.festiterroir.ch\/?page_id=29545"},"modified":"2025-06-13T18:42:31","modified_gmt":"2025-06-13T16:42:31","slug":"ateliers-swiss-food-academy","status":"publish","type":"page","link":"https:\/\/www.davidprego.ch\/festi\/archives\/ateliers-swiss-food-academy\/","title":{"rendered":"Swiss Food Academy"},"content":{"rendered":"\n<div class=\"wp-block-group\"><div class=\"wp-block-group__inner-container is-layout-constrained wp-block-group-is-layout-constrained\">\n<div class=\"wp-block-columns is-layout-flex wp-container-core-columns-is-layout-9d6595d7 wp-block-columns-is-layout-flex\">\n<div class=\"wp-block-column is-layout-flow wp-block-column-is-layout-flow\">\n<div class=\"wp-block-buttons is-content-justification-space-between is-layout-flex wp-container-core-buttons-is-layout-3d213aab wp-block-buttons-is-layout-flex\">\n<div class=\"wp-block-button has-custom-width wp-block-button__width-100 is-style-fill\"><a class=\"wp-block-button__link has-light-green-cyan-background-color has-background has-medium-font-size has-text-align-center has-custom-font-size wp-element-button\" href=\"..\/festiterroir-2024-bilan\/\" style=\"border-radius:0px\"><strong>2024<\/strong><\/a><\/div>\n<\/div>\n<\/div>\n\n\n\n<div class=\"wp-block-column is-layout-flow wp-block-column-is-layout-flow\">\n<div class=\"wp-block-buttons is-content-justification-space-between is-layout-flex wp-container-core-buttons-is-layout-3d213aab wp-block-buttons-is-layout-flex\">\n<div class=\"wp-block-button has-custom-width wp-block-button__width-100\"><a class=\"wp-block-button__link has-light-green-cyan-background-color has-background has-medium-font-size has-custom-font-size wp-element-button\" href=\"..\/festiterroir-2023-bilan\/\" style=\"border-radius:0px\"><strong>2023<\/strong><\/a><\/div>\n<\/div>\n<\/div>\n\n\n\n<div class=\"wp-block-column is-layout-flow wp-block-column-is-layout-flow\">\n<div class=\"wp-block-buttons is-content-justification-space-between is-layout-flex wp-container-core-buttons-is-layout-3d213aab wp-block-buttons-is-layout-flex\">\n<div class=\"wp-block-button has-custom-width wp-block-button__width-100\"><a class=\"wp-block-button__link has-light-green-cyan-background-color has-background has-medium-font-size has-custom-font-size wp-element-button\" href=\"..\/festiterroir-2022-bilan\/\" style=\"border-radius:0px\"><strong>2022<\/strong><\/a><\/div>\n<\/div>\n<\/div>\n<\/div>\n\n\n\n<div class=\"wp-block-columns is-layout-flex wp-container-core-columns-is-layout-9d6595d7 wp-block-columns-is-layout-flex\">\n<div class=\"wp-block-column is-layout-flow wp-block-column-is-layout-flow\">\n<div class=\"wp-block-buttons is-content-justification-space-between is-layout-flex wp-container-core-buttons-is-layout-3d213aab wp-block-buttons-is-layout-flex\">\n<div class=\"wp-block-button has-custom-width wp-block-button__width-100\"><a class=\"wp-block-button__link has-light-green-cyan-background-color has-background has-medium-font-size has-custom-font-size wp-element-button\" href=\"..\/festiterroir-2021\/\" style=\"border-radius:0px\"><strong>2021<\/strong><\/a><\/div>\n<\/div>\n<\/div>\n\n\n\n<div class=\"wp-block-column is-layout-flow wp-block-column-is-layout-flow\">\n<div class=\"wp-block-buttons is-content-justification-space-between is-layout-flex wp-container-core-buttons-is-layout-3d213aab wp-block-buttons-is-layout-flex\">\n<div class=\"wp-block-button has-custom-width wp-block-button__width-100\"><a class=\"wp-block-button__link has-light-green-cyan-background-color has-background has-medium-font-size has-custom-font-size wp-element-button\" href=\"..\/festiterroir-2020\/\" style=\"border-radius:0px\"><strong>2020<\/strong><\/a><\/div>\n<\/div>\n<\/div>\n\n\n\n<div class=\"wp-block-column is-layout-flow wp-block-column-is-layout-flow\">\n<div class=\"wp-block-buttons is-content-justification-space-between is-layout-flex wp-container-core-buttons-is-layout-3d213aab wp-block-buttons-is-layout-flex\">\n<div class=\"wp-block-button has-custom-width wp-block-button__width-100\"><a class=\"wp-block-button__link has-light-green-cyan-background-color has-background has-medium-font-size has-custom-font-size wp-element-button\" href=\"..\/festiterroir-2019\/\" style=\"border-radius:0px\"><strong>2019<\/strong><\/a><\/div>\n<\/div>\n<\/div>\n<\/div>\n<\/div><\/div>\n\n\n\n<p class=\"has-text-align-left\"><strong style=\"color: #34148c;\">L\u2019association <a href=\"https:\/\/www.swissfoodacademy.ch\/\">Swiss Food Academy<\/a> propose tout au long du week-end de trois ateliers pour enfants sur inscriptions. \u2028\u2028Venez mettre la main \u00e0 la p\u00e2te et \u00e9veiller vos sens! Nombre limit\u00e9 de places pour chaque atelier.<\/strong>\u00a0<\/p>\n\n\n\n<p><strong>Au Programme<\/strong><\/p>\n\n\n<div class=\"wp-block-image\">\n<figure class=\"alignleft\"><img loading=\"lazy\" decoding=\"async\" width=\"300\" height=\"169\" src=\"https:\/\/www.festiterroir.ch\/wp-content\/uploads\/2022\/08\/Sliders-site-2-1-300x169.png\" alt=\"\" class=\"wp-image-29546\" srcset=\"https:\/\/www.davidprego.ch\/festi\/wp-content\/uploads\/2022\/08\/Sliders-site-2-1-300x169.png 300w, https:\/\/www.davidprego.ch\/festi\/wp-content\/uploads\/2022\/08\/Sliders-site-2-1-768x432.png 768w, https:\/\/www.davidprego.ch\/festi\/wp-content\/uploads\/2022\/08\/Sliders-site-2-1-1024x576.png 1024w, https:\/\/www.davidprego.ch\/festi\/wp-content\/uploads\/2022\/08\/Sliders-site-2-1.png 1280w\" sizes=\"auto, (max-width: 300px) 100vw, 300px\" \/><\/figure><\/div>\n\n\n<p><\/p>\n\n\n\n<p><strong style=\"color: #46d187;\">Le sel vert et les herbes aromatiques, tout un menu pour les p\u2019tits chefs!<\/strong><br><em>Atelier pour enfants d\u00e8s 6 ans \u2014 10 chf<br><\/em><br>D\u00e9couvrir l\u2019univers des herbes aromatiques locales et de saison. A cette occasion, la nutrimagicienne Vanessa accompagnera les p\u2019tits chefs dans un jeu sensoriel autour des herbes de notre saison estivale: travail sur les 5 sens \u00e0 l\u2019aveugle!<br>Pensez \u00e0 ramener un contenant\/tupperware le jour de l\u2019atelier.<br>Samedi 20 ao\u00fbt \/ 10h30-11h15 ou 11h30-12h15<br><a href=\"https:\/\/www.swissfoodacademy.ch\/20-aout-festiterroir-confectionne-ton-sel-aromatise-et-decouvre-lunivers-magiques-des-herbes-aromatiques\/\" target=\"_blank\" rel=\"noopener noreferrer\">Inscriptions sur: Swiss Food Academy<\/a><\/p>\n\n\n<div class=\"wp-block-image\">\n<figure class=\"alignleft\"><img loading=\"lazy\" decoding=\"async\" width=\"300\" height=\"169\" src=\"https:\/\/www.festiterroir.ch\/wp-content\/uploads\/2022\/08\/Sliders-Site-Internet-2-2-300x169.png\" alt=\"\" class=\"wp-image-29550\" srcset=\"https:\/\/www.davidprego.ch\/festi\/wp-content\/uploads\/2022\/08\/Sliders-Site-Internet-2-2-300x169.png 300w, https:\/\/www.davidprego.ch\/festi\/wp-content\/uploads\/2022\/08\/Sliders-Site-Internet-2-2-768x432.png 768w, https:\/\/www.davidprego.ch\/festi\/wp-content\/uploads\/2022\/08\/Sliders-Site-Internet-2-2-1024x576.png 1024w\" sizes=\"auto, (max-width: 300px) 100vw, 300px\" \/><\/figure><\/div>\n\n\n<p><strong style=\"color: #46d187;\">Confectionne ton beurre et parfume-le avec des herbes de saison!<\/strong><br><em>Atelier pour enfants d\u00e8s 6 ans \u2014 10 chf<\/em><\/p>\n\n\n\n<p>Dans le cadre d\u2019un cours de cuisine, vos enfants confectionneront du beurre fait maison et l\u2019agr\u00e9menteront des parfums des herbes aromatiques du jour. L\u2019animatrice p\u00e9dagogique Cl\u00e9a que vous connaissez d\u00e9j\u00e0 ou pas encore accompagnera les p\u2019tits chefs dans un atelier ludique et p\u00e9dagogique en alimentation saine et locale!<br>Pensez \u00e0 ramener un contenant\/tupperware le jour de l\u2019atelier.<\/p>\n\n\n\n<p>Samedi 20 ao\u00fbt \/ 14h-14h45 ou 15h-5h45<br><a href=\"https:\/\/www.swissfoodacademy.ch\/20-aout-festiterroir-fabrique-ton-beurre-et-parfume-le-avec-des-herbes-de-saison\/\" target=\"_blank\" rel=\"noopener noreferrer\">Inscriptions sur Swiss Food Academy<\/a><\/p>\n\n\n<div class=\"wp-block-image\">\n<figure class=\"alignleft\"><img loading=\"lazy\" decoding=\"async\" width=\"300\" height=\"169\" src=\"https:\/\/www.festiterroir.ch\/wp-content\/uploads\/2022\/08\/Vignettes-Blog-site-SFA-2-1-1024x576-300x169.png\" alt=\"\" class=\"wp-image-29554\" srcset=\"https:\/\/www.davidprego.ch\/festi\/wp-content\/uploads\/2022\/08\/Vignettes-Blog-site-SFA-2-1-1024x576-300x169.png 300w, https:\/\/www.davidprego.ch\/festi\/wp-content\/uploads\/2022\/08\/Vignettes-Blog-site-SFA-2-1-1024x576-768x432.png 768w, https:\/\/www.davidprego.ch\/festi\/wp-content\/uploads\/2022\/08\/Vignettes-Blog-site-SFA-2-1-1024x576.png 1024w\" sizes=\"auto, (max-width: 300px) 100vw, 300px\" \/><\/figure><\/div>\n\n\n<p><strong style=\"color: #46d187;\">Ton atelier cr\u00e9atif autour du melon et de graines locales <\/strong><br><em>Atelier pour enfants d\u00e8s 6 ans \u2014 10 chf<\/em><\/p>\n\n\n\n<p>Au cours de l\u2019atelier p\u2019tits chefs, vos enfants confectionneront un dessert rafra\u00eechissant pour c\u00e9l\u00e9brer la fin de l\u2019\u00e9t\u00e9 gr\u00e2ce \u00e0 la compagnie de Jenny, leur animatrice p\u00e9dagogique. Ils termineront leur atelier par un moment ludique de dessin avec des graines locales!<br>Pensez \u00e0 ramener un contenant\/tupperware le jour de l\u2019atelier.<\/p>\n\n\n\n<p>Dimanche 21 ao\u00fbt \/ 10h30-11h15 ou 11h30-12h15<br><a href=\"https:\/\/www.swissfoodacademy.ch\/21-aout-soupe-de-melon-au-basilic-et-jeu-creatif-avec-des-graines-locales\/\" target=\"_blank\" rel=\"noopener noreferrer\">Inscriptions sur: Swiss Food Academy<\/a><\/p>\n","protected":false},"excerpt":{"rendered":"<p>L\u2019association Swiss Food Academy propose tout au long du week-end de trois ateliers pour enfants sur inscriptions. \u2028\u2028Venez mettre la main \u00e0 la p\u00e2te et \u00e9veiller vos sens! Nombre limit\u00e9 de places pour chaque atelier.\u00a0 Au Programme Le sel vert et les herbes aromatiques, tout&nbsp;&hellip;<\/p>\n","protected":false},"author":1,"featured_media":0,"parent":30472,"menu_order":22,"comment_status":"closed","ping_status":"closed","template":"","meta":{"_acf_changed":false,"pgc_sgb_lightbox_settings":"","footnotes":""},"class_list":["post-29545","page","type-page","status-publish","hentry"],"acf":[],"_links":{"self":[{"href":"https:\/\/www.davidprego.ch\/festi\/wp-json\/wp\/v2\/pages\/29545","targetHints":{"allow":["GET"]}}],"collection":[{"href":"https:\/\/www.davidprego.ch\/festi\/wp-json\/wp\/v2\/pages"}],"about":[{"href":"https:\/\/www.davidprego.ch\/festi\/wp-json\/wp\/v2\/types\/page"}],"author":[{"embeddable":true,"href":"https:\/\/www.davidprego.ch\/festi\/wp-json\/wp\/v2\/users\/1"}],"replies":[{"embeddable":true,"href":"https:\/\/www.davidprego.ch\/festi\/wp-json\/wp\/v2\/comments?post=29545"}],"version-history":[{"count":10,"href":"https:\/\/www.davidprego.ch\/festi\/wp-json\/wp\/v2\/pages\/29545\/revisions"}],"predecessor-version":[{"id":30679,"href":"https:\/\/www.davidprego.ch\/festi\/wp-json\/wp\/v2\/pages\/29545\/revisions\/30679"}],"up":[{"embeddable":true,"href":"https:\/\/www.davidprego.ch\/festi\/wp-json\/wp\/v2\/pages\/30472"}],"wp:attachment":[{"href":"https:\/\/www.davidprego.ch\/festi\/wp-json\/wp\/v2\/media?parent=29545"}],"curies":[{"name":"wp","href":"https:\/\/api.w.org\/{rel}","templated":true}]}}

<div class="wp-block-group"><div class="wp-block-group__inner-container is-layout-constrained wp-block-group-is-layout-constrained">
<div class="wp-block-columns is-layout-flex wp-container-core-columns-is-layout-9d6595d7 wp-block-columns-is-layout-flex">
<div class="wp-block-column is-layout-flow wp-block-column-is-layout-flow">
<div class="wp-block-buttons is-content-justification-space-between is-layout-flex wp-container-core-buttons-is-layout-3d213aab wp-block-buttons-is-layout-flex">
<div class="wp-block-button has-custom-width wp-block-button__width-100 is-style-fill"><a class="wp-block-button__link has-light-green-cyan-background-color has-background has-medium-font-size has-text-align-center has-custom-font-size wp-element-button" href="../festiterroir-2024-bilan/" style="border-radius:0px"><strong>2024</strong></a></div>
</div>
</div>



<div class="wp-block-column is-layout-flow wp-block-column-is-layout-flow">
<div class="wp-block-buttons is-content-justification-space-between is-layout-flex wp-container-core-buttons-is-layout-3d213aab wp-block-buttons-is-layout-flex">
<div class="wp-block-button has-custom-width wp-block-button__width-100"><a class="wp-block-button__link has-light-green-cyan-background-color has-background has-medium-font-size has-custom-font-size wp-element-button" href="../festiterroir-2023-bilan/" style="border-radius:0px"><strong>2023</strong></a></div>
</div>
</div>



<div class="wp-block-column is-layout-flow wp-block-column-is-layout-flow">
<div class="wp-block-buttons is-content-justification-space-between is-layout-flex wp-container-core-buttons-is-layout-3d213aab wp-block-buttons-is-layout-flex">
<div class="wp-block-button has-custom-width wp-block-button__width-100"><a class="wp-block-button__link has-light-green-cyan-background-color has-background has-medium-font-size has-custom-font-size wp-element-button" href="../festiterroir-2022-bilan/" style="border-radius:0px"><strong>2022</strong></a></div>
</div>
</div>
</div>



<div class="wp-block-columns is-layout-flex wp-container-core-columns-is-layout-9d6595d7 wp-block-columns-is-layout-flex">
<div class="wp-block-column is-layout-flow wp-block-column-is-layout-flow">
<div class="wp-block-buttons is-content-justification-space-between is-layout-flex wp-container-core-buttons-is-layout-3d213aab wp-block-buttons-is-layout-flex">
<div class="wp-block-button has-custom-width wp-block-button__width-100"><a class="wp-block-button__link has-light-green-cyan-background-color has-background has-medium-font-size has-custom-font-size wp-element-button" href="../festiterroir-2021/" style="border-radius:0px"><strong>2021</strong></a></div>
</div>
</div>



<div class="wp-block-column is-layout-flow wp-block-column-is-layout-flow">
<div class="wp-block-buttons is-content-justification-space-between is-layout-flex wp-container-core-buttons-is-layout-3d213aab wp-block-buttons-is-layout-flex">
<div class="wp-block-button has-custom-width wp-block-button__width-100"><a class="wp-block-button__link has-light-green-cyan-background-color has-background has-medium-font-size has-custom-font-size wp-element-button" href="../festiterroir-2020/" style="border-radius:0px"><strong>2020</strong></a></div>
</div>
</div>



<div class="wp-block-column is-layout-flow wp-block-column-is-layout-flow">
<div class="wp-block-buttons is-content-justification-space-between is-layout-flex wp-container-core-buttons-is-layout-3d213aab wp-block-buttons-is-layout-flex">
<div class="wp-block-button has-custom-width wp-block-button__width-100"><a class="wp-block-button__link has-light-green-cyan-background-color has-background has-medium-font-size has-custom-font-size wp-element-button" href="../festiterroir-2019/" style="border-radius:0px"><strong>2019</strong></a></div>
</div>
</div>
</div>
</div></div>



<p class="has-text-align-left"><strong style="color: #34148c;">L’association <a href="https://www.swissfoodacademy.ch/">Swiss Food Academy</a> propose tout au long du week-end de trois ateliers pour enfants sur inscriptions.   Venez mettre la main à la pâte et éveiller vos sens! Nombre limité de places pour chaque atelier.</strong> </p>



<p><strong>Au Programme</strong></p>


<div class="wp-block-image">
<figure class="alignleft"><img loading="lazy" decoding="async" width="300" height="169" src="https://www.festiterroir.ch/wp-content/uploads/2022/08/Sliders-site-2-1-300x169.png" alt="" class="wp-image-29546" srcset="https://www.davidprego.ch/festi/wp-content/uploads/2022/08/Sliders-site-2-1-300x169.png 300w, https://www.davidprego.ch/festi/wp-content/uploads/2022/08/Sliders-site-2-1-768x432.png 768w, https://www.davidprego.ch/festi/wp-content/uploads/2022/08/Sliders-site-2-1-1024x576.png 1024w, https://www.davidprego.ch/festi/wp-content/uploads/2022/08/Sliders-site-2-1.png 1280w" sizes="auto, (max-width: 300px) 100vw, 300px" /></figure></div>


<p></p>



<p><strong style="color: #46d187;">Le sel vert et les herbes aromatiques, tout un menu pour les p’tits chefs!</strong><br><em>Atelier pour enfants dès 6 ans — 10 chf<br></em><br>Découvrir l’univers des herbes aromatiques locales et de saison. A cette occasion, la nutrimagicienne Vanessa accompagnera les p’tits chefs dans un jeu sensoriel autour des herbes de notre saison estivale: travail sur les 5 sens à l’aveugle!<br>Pensez à ramener un contenant/tupperware le jour de l’atelier.<br>Samedi 20 août / 10h30-11h15 ou 11h30-12h15<br><a href="https://www.swissfoodacademy.ch/20-aout-festiterroir-confectionne-ton-sel-aromatise-et-decouvre-lunivers-magiques-des-herbes-aromatiques/" target="_blank" rel="noopener noreferrer">Inscriptions sur: Swiss Food Academy</a></p>


<div class="wp-block-image">
<figure class="alignleft"><img loading="lazy" decoding="async" width="300" height="169" src="https://www.festiterroir.ch/wp-content/uploads/2022/08/Sliders-Site-Internet-2-2-300x169.png" alt="" class="wp-image-29550" srcset="https://www.davidprego.ch/festi/wp-content/uploads/2022/08/Sliders-Site-Internet-2-2-300x169.png 300w, https://www.davidprego.ch/festi/wp-content/uploads/2022/08/Sliders-Site-Internet-2-2-768x432.png 768w, https://www.davidprego.ch/festi/wp-content/uploads/2022/08/Sliders-Site-Internet-2-2-1024x576.png 1024w" sizes="auto, (max-width: 300px) 100vw, 300px" /></figure></div>


<p><strong style="color: #46d187;">Confectionne ton beurre et parfume-le avec des herbes de saison!</strong><br><em>Atelier pour enfants dès 6 ans — 10 chf</em></p>



<p>Dans le cadre d’un cours de cuisine, vos enfants confectionneront du beurre fait maison et l’agrémenteront des parfums des herbes aromatiques du jour. L’animatrice pédagogique Cléa que vous connaissez déjà ou pas encore accompagnera les p’tits chefs dans un atelier ludique et pédagogique en alimentation saine et locale!<br>Pensez à ramener un contenant/tupperware le jour de l’atelier.</p>



<p>Samedi 20 août / 14h-14h45 ou 15h-5h45<br><a href="https://www.swissfoodacademy.ch/20-aout-festiterroir-fabrique-ton-beurre-et-parfume-le-avec-des-herbes-de-saison/" target="_blank" rel="noopener noreferrer">Inscriptions sur Swiss Food Academy</a></p>


<div class="wp-block-image">
<figure class="alignleft"><img loading="lazy" decoding="async" width="300" height="169" src="https://www.festiterroir.ch/wp-content/uploads/2022/08/Vignettes-Blog-site-SFA-2-1-1024x576-300x169.png" alt="" class="wp-image-29554" srcset="https://www.davidprego.ch/festi/wp-content/uploads/2022/08/Vignettes-Blog-site-SFA-2-1-1024x576-300x169.png 300w, https://www.davidprego.ch/festi/wp-content/uploads/2022/08/Vignettes-Blog-site-SFA-2-1-1024x576-768x432.png 768w, https://www.davidprego.ch/festi/wp-content/uploads/2022/08/Vignettes-Blog-site-SFA-2-1-1024x576.png 1024w" sizes="auto, (max-width: 300px) 100vw, 300px" /></figure></div>


<p><strong style="color: #46d187;">Ton atelier créatif autour du melon et de graines locales </strong><br><em>Atelier pour enfants dès 6 ans — 10 chf</em></p>



<p>Au cours de l’atelier p’tits chefs, vos enfants confectionneront un dessert rafraîchissant pour célébrer la fin de l’été grâce à la compagnie de Jenny, leur animatrice pédagogique. Ils termineront leur atelier par un moment ludique de dessin avec des graines locales!<br>Pensez à ramener un contenant/tupperware le jour de l’atelier.</p>



<p>Dimanche 21 août / 10h30-11h15 ou 11h30-12h15<br><a href="https://www.swissfoodacademy.ch/21-aout-soupe-de-melon-au-basilic-et-jeu-creatif-avec-des-graines-locales/" target="_blank" rel="noopener noreferrer">Inscriptions sur: Swiss Food Academy</a></p>

<p>L’association Swiss Food Academy propose tout au long du week-end de trois ateliers pour enfants sur inscriptions.   Venez mettre la main à la pâte et éveiller vos sens! Nombre limité de places pour chaque atelier.  Au Programme Le sel vert et les herbes aromatiques, tout&nbsp;&hellip;</p>
