{"id":29561,"date":"2022-08-15T23:36:15","date_gmt":"2022-08-15T21:36:15","guid":{"rendered":"https:\/\/www.festiterroir.ch\/?page_id=29561"},"modified":"2025-06-13T18:41:54","modified_gmt":"2025-06-13T16:41:54","slug":"concerts-2022","status":"publish","type":"page","link":"https:\/\/www.davidprego.ch\/festi\/archives\/concerts-2022\/","title":{"rendered":"Concerts 2022"},"content":{"rendered":"\n<div class=\"wp-block-group\"><div class=\"wp-block-group__inner-container is-layout-constrained wp-block-group-is-layout-constrained\">\n<div class=\"wp-block-columns is-layout-flex wp-container-core-columns-is-layout-9d6595d7 wp-block-columns-is-layout-flex\">\n<div class=\"wp-block-column is-layout-flow wp-block-column-is-layout-flow\">\n<div class=\"wp-block-buttons is-content-justification-space-between is-layout-flex wp-container-core-buttons-is-layout-3d213aab wp-block-buttons-is-layout-flex\">\n<div class=\"wp-block-button has-custom-width wp-block-button__width-100 is-style-fill\"><a class=\"wp-block-button__link has-light-green-cyan-background-color has-background has-medium-font-size has-text-align-center has-custom-font-size wp-element-button\" href=\"..\/festiterroir-2024-bilan\/\" style=\"border-radius:0px\"><strong>2024<\/strong><\/a><\/div>\n<\/div>\n<\/div>\n\n\n\n<div class=\"wp-block-column is-layout-flow wp-block-column-is-layout-flow\">\n<div class=\"wp-block-buttons is-content-justification-space-between is-layout-flex wp-container-core-buttons-is-layout-3d213aab wp-block-buttons-is-layout-flex\">\n<div class=\"wp-block-button has-custom-width wp-block-button__width-100\"><a class=\"wp-block-button__link has-light-green-cyan-background-color has-background has-medium-font-size has-custom-font-size wp-element-button\" href=\"..\/festiterroir-2023-bilan\/\" style=\"border-radius:0px\"><strong>2023<\/strong><\/a><\/div>\n<\/div>\n<\/div>\n\n\n\n<div class=\"wp-block-column is-layout-flow wp-block-column-is-layout-flow\">\n<div class=\"wp-block-buttons is-content-justification-space-between is-layout-flex wp-container-core-buttons-is-layout-3d213aab wp-block-buttons-is-layout-flex\">\n<div class=\"wp-block-button has-custom-width wp-block-button__width-100\"><a class=\"wp-block-button__link has-light-green-cyan-background-color has-background has-medium-font-size has-custom-font-size wp-element-button\" href=\"..\/festiterroir-2022-bilan\/\" style=\"border-radius:0px\"><strong>2022<\/strong><\/a><\/div>\n<\/div>\n<\/div>\n<\/div>\n\n\n\n<div class=\"wp-block-columns is-layout-flex wp-container-core-columns-is-layout-9d6595d7 wp-block-columns-is-layout-flex\">\n<div class=\"wp-block-column is-layout-flow wp-block-column-is-layout-flow\">\n<div class=\"wp-block-buttons is-content-justification-space-between is-layout-flex wp-container-core-buttons-is-layout-3d213aab wp-block-buttons-is-layout-flex\">\n<div class=\"wp-block-button has-custom-width wp-block-button__width-100\"><a class=\"wp-block-button__link has-light-green-cyan-background-color has-background has-medium-font-size has-custom-font-size wp-element-button\" href=\"..\/festiterroir-2021\/\" style=\"border-radius:0px\"><strong>2021<\/strong><\/a><\/div>\n<\/div>\n<\/div>\n\n\n\n<div class=\"wp-block-column is-layout-flow wp-block-column-is-layout-flow\">\n<div class=\"wp-block-buttons is-content-justification-space-between is-layout-flex wp-container-core-buttons-is-layout-3d213aab wp-block-buttons-is-layout-flex\">\n<div class=\"wp-block-button has-custom-width wp-block-button__width-100\"><a class=\"wp-block-button__link has-light-green-cyan-background-color has-background has-medium-font-size has-custom-font-size wp-element-button\" href=\"..\/festiterroir-2020\/\" style=\"border-radius:0px\"><strong>2020<\/strong><\/a><\/div>\n<\/div>\n<\/div>\n\n\n\n<div class=\"wp-block-column is-layout-flow wp-block-column-is-layout-flow\">\n<div class=\"wp-block-buttons is-content-justification-space-between is-layout-flex wp-container-core-buttons-is-layout-3d213aab wp-block-buttons-is-layout-flex\">\n<div class=\"wp-block-button has-custom-width wp-block-button__width-100\"><a class=\"wp-block-button__link has-light-green-cyan-background-color has-background has-medium-font-size has-custom-font-size wp-element-button\" href=\"..\/festiterroir-2019\/\" style=\"border-radius:0px\"><strong>2019<\/strong><\/a><\/div>\n<\/div>\n<\/div>\n<\/div>\n<\/div><\/div>\n\n\n\n<p><strong style=\"color: #46d187;\">Cheptel Records propose des concerts semi acoustiques dans le parc, sortes de capsules atemporelles et sonores pour r\u00eaver dans l\u2019herbe.<br><\/strong><\/p>\n\n\n\n<p><strong style=\"color: #ff0033;\">Vendredi 19 ao\u00fbt \/ 19h<br>Bandit Voyage<\/strong><br>Duo inclassable, parcourant le monde depuis plus de 5 ans, ielles<br>installent leurs chansons \u00e9motives et barr\u00e9es sur un groove minimal,<br>une guitare satyre et des bo\u00eetes \u00e0 rythmes du si\u00e8cle pass\u00e9.<\/p>\n\n\n\n<figure class=\"wp-block-image\"><a href=\"https:\/\/www.instagram.com\/bandit_voyage\/?hl=en\" target=\"_blank\" rel=\"noopener noreferrer\"><img loading=\"lazy\" decoding=\"async\" width=\"198\" height=\"300\" src=\"https:\/\/www.festiterroir.ch\/wp-content\/uploads\/2022\/08\/BANDIT-VOYAGE-1-198x300.png\" alt=\"\" class=\"wp-image-29569\" srcset=\"https:\/\/www.davidprego.ch\/festi\/wp-content\/uploads\/2022\/08\/BANDIT-VOYAGE-1-198x300.png 198w, https:\/\/www.davidprego.ch\/festi\/wp-content\/uploads\/2022\/08\/BANDIT-VOYAGE-1-768x1164.png 768w, https:\/\/www.davidprego.ch\/festi\/wp-content\/uploads\/2022\/08\/BANDIT-VOYAGE-1-676x1024.png 676w, https:\/\/www.davidprego.ch\/festi\/wp-content\/uploads\/2022\/08\/BANDIT-VOYAGE-1.png 1086w\" sizes=\"auto, (max-width: 198px) 100vw, 198px\" \/><\/a><\/figure>\n\n\n\n<p><strong style=\"color: #ff0033;\">Samedi 20 ao\u00fbt \/ 16h<br>Gema y sus valedores<\/strong><\/p>\n\n\n\n<p>Groupe compos\u00e9 de musiciens mexicains mais pas seulement, r\u00e9uni.e.s<br>\u00e0 Gen\u00e8ve par leur passion pour le Son Jarocho, musique jou\u00e9e pendant<br>le fandango ou huapango, f\u00eate populaire de la r\u00e9gion du Sotavento, au<br>Mexique. Toute une nuit durant, les participants dansent, chantent et<br>jouent, cr\u00e9ant une oeuvre collective qui se r\u00e9invente chaque soir en<br>p\u00e9riode de f\u00eate.<\/p>\n\n\n\n<figure class=\"wp-block-image\"><img loading=\"lazy\" decoding=\"async\" width=\"300\" height=\"225\" src=\"https:\/\/www.festiterroir.ch\/wp-content\/uploads\/2022\/08\/GEMA-Y-SUS-VALEDORES-300x225.png\" alt=\"\" class=\"wp-image-29567\" srcset=\"https:\/\/www.davidprego.ch\/festi\/wp-content\/uploads\/2022\/08\/GEMA-Y-SUS-VALEDORES-300x225.png 300w, https:\/\/www.davidprego.ch\/festi\/wp-content\/uploads\/2022\/08\/GEMA-Y-SUS-VALEDORES-768x576.png 768w, https:\/\/www.davidprego.ch\/festi\/wp-content\/uploads\/2022\/08\/GEMA-Y-SUS-VALEDORES-1024x768.png 1024w, https:\/\/www.davidprego.ch\/festi\/wp-content\/uploads\/2022\/08\/GEMA-Y-SUS-VALEDORES.png 2048w\" sizes=\"auto, (max-width: 300px) 100vw, 300px\" \/><\/figure>\n\n\n\n<p><strong style=\"color: #ff0033;\">Samedi 20 ao\u00fbt \/ 19h<br>Pierre Omer\u2019s Swing Revue<\/strong><\/p>\n\n\n\n<p>Indispensable au paysage musicale suisse depuis plus de 20 ans, Pierre<br>Omer viendra \u00e0 la mani\u00e8re des hipsters des ann\u00e9es 50, rejouer le son<br>des casinos, des tripots et des rues louches.<\/p>\n\n\n\n<figure class=\"wp-block-image\"><a href=\"https:\/\/www.facebook.com\/profile.php?id=100063540068590\" target=\"_blank\" rel=\"noopener noreferrer\"><img loading=\"lazy\" decoding=\"async\" width=\"300\" height=\"195\" src=\"https:\/\/www.festiterroir.ch\/wp-content\/uploads\/2022\/08\/PIERRE-OMERS-SWING-REVUE-300x195.png\" alt=\"\" class=\"wp-image-29568\" srcset=\"https:\/\/www.davidprego.ch\/festi\/wp-content\/uploads\/2022\/08\/PIERRE-OMERS-SWING-REVUE-300x195.png 300w, https:\/\/www.davidprego.ch\/festi\/wp-content\/uploads\/2022\/08\/PIERRE-OMERS-SWING-REVUE-768x499.png 768w, https:\/\/www.davidprego.ch\/festi\/wp-content\/uploads\/2022\/08\/PIERRE-OMERS-SWING-REVUE-1024x665.png 1024w, https:\/\/www.davidprego.ch\/festi\/wp-content\/uploads\/2022\/08\/PIERRE-OMERS-SWING-REVUE.png 1086w\" sizes=\"auto, (max-width: 300px) 100vw, 300px\" \/><\/a><\/figure>\n\n\n\n<p><strong style=\"color: #ff0033;\">Dimanche 21 ao\u00fbt \/ 16h<br>Cosmic Shuffling<\/strong><br>Fascin\u00e9s par les ann\u00e9es qui ont scell\u00e9 \u00e0 jamais le son chaud de la<br>Jama\u00efque, les Cosmic Shuffling s\u2019inspirent avec malice de ces dances<br>carib\u00e9ennes qui ont chang\u00e9 le cours de l\u2019histoire de la musique.<\/p>\n\n\n\n<figure class=\"wp-block-image\"><a href=\"https:\/\/www.instagram.com\/cosmicshuffling\/?hl=en\" target=\"_blank\" rel=\"noopener noreferrer\"><img loading=\"lazy\" decoding=\"async\" width=\"300\" height=\"200\" src=\"https:\/\/www.festiterroir.ch\/wp-content\/uploads\/2022\/08\/COSMIC-SHUFFLING-300x200.png\" alt=\"\" class=\"wp-image-29566\" srcset=\"https:\/\/www.davidprego.ch\/festi\/wp-content\/uploads\/2022\/08\/COSMIC-SHUFFLING-300x200.png 300w, https:\/\/www.davidprego.ch\/festi\/wp-content\/uploads\/2022\/08\/COSMIC-SHUFFLING-768x512.png 768w, https:\/\/www.davidprego.ch\/festi\/wp-content\/uploads\/2022\/08\/COSMIC-SHUFFLING-1024x683.png 1024w, https:\/\/www.davidprego.ch\/festi\/wp-content\/uploads\/2022\/08\/COSMIC-SHUFFLING.png 1152w\" sizes=\"auto, (max-width: 300px) 100vw, 300px\" \/><\/a><\/figure>\n","protected":false},"excerpt":{"rendered":"<p>Cheptel Records propose des concerts semi acoustiques dans le parc, sortes de capsules atemporelles et sonores pour r\u00eaver dans l\u2019herbe. Vendredi 19 ao\u00fbt \/ 19hBandit VoyageDuo inclassable, parcourant le monde depuis plus de 5 ans, iellesinstallent leurs chansons \u00e9motives et barr\u00e9es sur un groove minimal,une&nbsp;&hellip;<\/p>\n","protected":false},"author":1,"featured_media":0,"parent":30472,"menu_order":21,"comment_status":"closed","ping_status":"closed","template":"","meta":{"_acf_changed":false,"pgc_sgb_lightbox_settings":"","footnotes":""},"class_list":["post-29561","page","type-page","status-publish","hentry"],"acf":[],"_links":{"self":[{"href":"https:\/\/www.davidprego.ch\/festi\/wp-json\/wp\/v2\/pages\/29561","targetHints":{"allow":["GET"]}}],"collection":[{"href":"https:\/\/www.davidprego.ch\/festi\/wp-json\/wp\/v2\/pages"}],"about":[{"href":"https:\/\/www.davidprego.ch\/festi\/wp-json\/wp\/v2\/types\/page"}],"author":[{"embeddable":true,"href":"https:\/\/www.davidprego.ch\/festi\/wp-json\/wp\/v2\/users\/1"}],"replies":[{"embeddable":true,"href":"https:\/\/www.davidprego.ch\/festi\/wp-json\/wp\/v2\/comments?post=29561"}],"version-history":[{"count":17,"href":"https:\/\/www.davidprego.ch\/festi\/wp-json\/wp\/v2\/pages\/29561\/revisions"}],"predecessor-version":[{"id":30678,"href":"https:\/\/www.davidprego.ch\/festi\/wp-json\/wp\/v2\/pages\/29561\/revisions\/30678"}],"up":[{"embeddable":true,"href":"https:\/\/www.davidprego.ch\/festi\/wp-json\/wp\/v2\/pages\/30472"}],"wp:attachment":[{"href":"https:\/\/www.davidprego.ch\/festi\/wp-json\/wp\/v2\/media?parent=29561"}],"curies":[{"name":"wp","href":"https:\/\/api.w.org\/{rel}","templated":true}]}}

<div class="wp-block-group"><div class="wp-block-group__inner-container is-layout-constrained wp-block-group-is-layout-constrained">
<div class="wp-block-columns is-layout-flex wp-container-core-columns-is-layout-9d6595d7 wp-block-columns-is-layout-flex">
<div class="wp-block-column is-layout-flow wp-block-column-is-layout-flow">
<div class="wp-block-buttons is-content-justification-space-between is-layout-flex wp-container-core-buttons-is-layout-3d213aab wp-block-buttons-is-layout-flex">
<div class="wp-block-button has-custom-width wp-block-button__width-100 is-style-fill"><a class="wp-block-button__link has-light-green-cyan-background-color has-background has-medium-font-size has-text-align-center has-custom-font-size wp-element-button" href="../festiterroir-2024-bilan/" style="border-radius:0px"><strong>2024</strong></a></div>
</div>
</div>



<div class="wp-block-column is-layout-flow wp-block-column-is-layout-flow">
<div class="wp-block-buttons is-content-justification-space-between is-layout-flex wp-container-core-buttons-is-layout-3d213aab wp-block-buttons-is-layout-flex">
<div class="wp-block-button has-custom-width wp-block-button__width-100"><a class="wp-block-button__link has-light-green-cyan-background-color has-background has-medium-font-size has-custom-font-size wp-element-button" href="../festiterroir-2023-bilan/" style="border-radius:0px"><strong>2023</strong></a></div>
</div>
</div>



<div class="wp-block-column is-layout-flow wp-block-column-is-layout-flow">
<div class="wp-block-buttons is-content-justification-space-between is-layout-flex wp-container-core-buttons-is-layout-3d213aab wp-block-buttons-is-layout-flex">
<div class="wp-block-button has-custom-width wp-block-button__width-100"><a class="wp-block-button__link has-light-green-cyan-background-color has-background has-medium-font-size has-custom-font-size wp-element-button" href="../festiterroir-2022-bilan/" style="border-radius:0px"><strong>2022</strong></a></div>
</div>
</div>
</div>



<div class="wp-block-columns is-layout-flex wp-container-core-columns-is-layout-9d6595d7 wp-block-columns-is-layout-flex">
<div class="wp-block-column is-layout-flow wp-block-column-is-layout-flow">
<div class="wp-block-buttons is-content-justification-space-between is-layout-flex wp-container-core-buttons-is-layout-3d213aab wp-block-buttons-is-layout-flex">
<div class="wp-block-button has-custom-width wp-block-button__width-100"><a class="wp-block-button__link has-light-green-cyan-background-color has-background has-medium-font-size has-custom-font-size wp-element-button" href="../festiterroir-2021/" style="border-radius:0px"><strong>2021</strong></a></div>
</div>
</div>



<div class="wp-block-column is-layout-flow wp-block-column-is-layout-flow">
<div class="wp-block-buttons is-content-justification-space-between is-layout-flex wp-container-core-buttons-is-layout-3d213aab wp-block-buttons-is-layout-flex">
<div class="wp-block-button has-custom-width wp-block-button__width-100"><a class="wp-block-button__link has-light-green-cyan-background-color has-background has-medium-font-size has-custom-font-size wp-element-button" href="../festiterroir-2020/" style="border-radius:0px"><strong>2020</strong></a></div>
</div>
</div>



<div class="wp-block-column is-layout-flow wp-block-column-is-layout-flow">
<div class="wp-block-buttons is-content-justification-space-between is-layout-flex wp-container-core-buttons-is-layout-3d213aab wp-block-buttons-is-layout-flex">
<div class="wp-block-button has-custom-width wp-block-button__width-100"><a class="wp-block-button__link has-light-green-cyan-background-color has-background has-medium-font-size has-custom-font-size wp-element-button" href="../festiterroir-2019/" style="border-radius:0px"><strong>2019</strong></a></div>
</div>
</div>
</div>
</div></div>



<p><strong style="color: #46d187;">Cheptel Records propose des concerts semi acoustiques dans le parc, sortes de capsules atemporelles et sonores pour rêver dans l’herbe.<br></strong></p>



<p><strong style="color: #ff0033;">Vendredi 19 août / 19h<br>Bandit Voyage</strong><br>Duo inclassable, parcourant le monde depuis plus de 5 ans, ielles<br>installent leurs chansons émotives et barrées sur un groove minimal,<br>une guitare satyre et des boîtes à rythmes du siècle passé.</p>



<figure class="wp-block-image"><a href="https://www.instagram.com/bandit_voyage/?hl=en" target="_blank" rel="noopener noreferrer"><img loading="lazy" decoding="async" width="198" height="300" src="https://www.festiterroir.ch/wp-content/uploads/2022/08/BANDIT-VOYAGE-1-198x300.png" alt="" class="wp-image-29569" srcset="https://www.davidprego.ch/festi/wp-content/uploads/2022/08/BANDIT-VOYAGE-1-198x300.png 198w, https://www.davidprego.ch/festi/wp-content/uploads/2022/08/BANDIT-VOYAGE-1-768x1164.png 768w, https://www.davidprego.ch/festi/wp-content/uploads/2022/08/BANDIT-VOYAGE-1-676x1024.png 676w, https://www.davidprego.ch/festi/wp-content/uploads/2022/08/BANDIT-VOYAGE-1.png 1086w" sizes="auto, (max-width: 198px) 100vw, 198px" /></a></figure>



<p><strong style="color: #ff0033;">Samedi 20 août / 16h<br>Gema y sus valedores</strong></p>



<p>Groupe composé de musiciens mexicains mais pas seulement, réuni.e.s<br>à Genève par leur passion pour le Son Jarocho, musique jouée pendant<br>le fandango ou huapango, fête populaire de la région du Sotavento, au<br>Mexique. Toute une nuit durant, les participants dansent, chantent et<br>jouent, créant une oeuvre collective qui se réinvente chaque soir en<br>période de fête.</p>



<figure class="wp-block-image"><img loading="lazy" decoding="async" width="300" height="225" src="https://www.festiterroir.ch/wp-content/uploads/2022/08/GEMA-Y-SUS-VALEDORES-300x225.png" alt="" class="wp-image-29567" srcset="https://www.davidprego.ch/festi/wp-content/uploads/2022/08/GEMA-Y-SUS-VALEDORES-300x225.png 300w, https://www.davidprego.ch/festi/wp-content/uploads/2022/08/GEMA-Y-SUS-VALEDORES-768x576.png 768w, https://www.davidprego.ch/festi/wp-content/uploads/2022/08/GEMA-Y-SUS-VALEDORES-1024x768.png 1024w, https://www.davidprego.ch/festi/wp-content/uploads/2022/08/GEMA-Y-SUS-VALEDORES.png 2048w" sizes="auto, (max-width: 300px) 100vw, 300px" /></figure>



<p><strong style="color: #ff0033;">Samedi 20 août / 19h<br>Pierre Omer’s Swing Revue</strong></p>



<p>Indispensable au paysage musicale suisse depuis plus de 20 ans, Pierre<br>Omer viendra à la manière des hipsters des années 50, rejouer le son<br>des casinos, des tripots et des rues louches.</p>



<figure class="wp-block-image"><a href="https://www.facebook.com/profile.php?id=100063540068590" target="_blank" rel="noopener noreferrer"><img loading="lazy" decoding="async" width="300" height="195" src="https://www.festiterroir.ch/wp-content/uploads/2022/08/PIERRE-OMERS-SWING-REVUE-300x195.png" alt="" class="wp-image-29568" srcset="https://www.davidprego.ch/festi/wp-content/uploads/2022/08/PIERRE-OMERS-SWING-REVUE-300x195.png 300w, https://www.davidprego.ch/festi/wp-content/uploads/2022/08/PIERRE-OMERS-SWING-REVUE-768x499.png 768w, https://www.davidprego.ch/festi/wp-content/uploads/2022/08/PIERRE-OMERS-SWING-REVUE-1024x665.png 1024w, https://www.davidprego.ch/festi/wp-content/uploads/2022/08/PIERRE-OMERS-SWING-REVUE.png 1086w" sizes="auto, (max-width: 300px) 100vw, 300px" /></a></figure>



<p><strong style="color: #ff0033;">Dimanche 21 août / 16h<br>Cosmic Shuffling</strong><br>Fascinés par les années qui ont scellé à jamais le son chaud de la<br>Jamaïque, les Cosmic Shuffling s’inspirent avec malice de ces dances<br>caribéennes qui ont changé le cours de l’histoire de la musique.</p>



<figure class="wp-block-image"><a href="https://www.instagram.com/cosmicshuffling/?hl=en" target="_blank" rel="noopener noreferrer"><img loading="lazy" decoding="async" width="300" height="200" src="https://www.festiterroir.ch/wp-content/uploads/2022/08/COSMIC-SHUFFLING-300x200.png" alt="" class="wp-image-29566" srcset="https://www.davidprego.ch/festi/wp-content/uploads/2022/08/COSMIC-SHUFFLING-300x200.png 300w, https://www.davidprego.ch/festi/wp-content/uploads/2022/08/COSMIC-SHUFFLING-768x512.png 768w, https://www.davidprego.ch/festi/wp-content/uploads/2022/08/COSMIC-SHUFFLING-1024x683.png 1024w, https://www.davidprego.ch/festi/wp-content/uploads/2022/08/COSMIC-SHUFFLING.png 1152w" sizes="auto, (max-width: 300px) 100vw, 300px" /></a></figure>

<p>Cheptel Records propose des concerts semi acoustiques dans le parc, sortes de capsules atemporelles et sonores pour rêver dans l’herbe. Vendredi 19 août / 19hBandit VoyageDuo inclassable, parcourant le monde depuis plus de 5 ans, iellesinstallent leurs chansons émotives et barrées sur un groove minimal,une&nbsp;&hellip;</p>
