{"id":29595,"date":"2022-08-16T00:10:43","date_gmt":"2022-08-15T22:10:43","guid":{"rendered":"https:\/\/www.festiterroir.ch\/?page_id=29595"},"modified":"2025-06-13T18:42:53","modified_gmt":"2025-06-13T16:42:53","slug":"pressoir-label-vie","status":"publish","type":"page","link":"https:\/\/www.davidprego.ch\/festi\/archives\/pressoir-label-vie\/","title":{"rendered":"Pressoir Label-Vie"},"content":{"rendered":"\n<div class=\"wp-block-group\"><div class=\"wp-block-group__inner-container is-layout-constrained wp-block-group-is-layout-constrained\">\n<div class=\"wp-block-columns is-layout-flex wp-container-core-columns-is-layout-9d6595d7 wp-block-columns-is-layout-flex\">\n<div class=\"wp-block-column is-layout-flow wp-block-column-is-layout-flow\">\n<div class=\"wp-block-buttons is-content-justification-space-between is-layout-flex wp-container-core-buttons-is-layout-3d213aab wp-block-buttons-is-layout-flex\">\n<div class=\"wp-block-button has-custom-width wp-block-button__width-100 is-style-fill\"><a class=\"wp-block-button__link has-light-green-cyan-background-color has-background has-medium-font-size has-text-align-center has-custom-font-size wp-element-button\" href=\"..\/festiterroir-2024-bilan\/\" style=\"border-radius:0px\"><strong>2024<\/strong><\/a><\/div>\n<\/div>\n<\/div>\n\n\n\n<div class=\"wp-block-column is-layout-flow wp-block-column-is-layout-flow\">\n<div class=\"wp-block-buttons is-content-justification-space-between is-layout-flex wp-container-core-buttons-is-layout-3d213aab wp-block-buttons-is-layout-flex\">\n<div class=\"wp-block-button has-custom-width wp-block-button__width-100\"><a class=\"wp-block-button__link has-light-green-cyan-background-color has-background has-medium-font-size has-custom-font-size wp-element-button\" href=\"..\/festiterroir-2023-bilan\/\" style=\"border-radius:0px\"><strong>2023<\/strong><\/a><\/div>\n<\/div>\n<\/div>\n\n\n\n<div class=\"wp-block-column is-layout-flow wp-block-column-is-layout-flow\">\n<div class=\"wp-block-buttons is-content-justification-space-between is-layout-flex wp-container-core-buttons-is-layout-3d213aab wp-block-buttons-is-layout-flex\">\n<div class=\"wp-block-button has-custom-width wp-block-button__width-100\"><a class=\"wp-block-button__link has-light-green-cyan-background-color has-background has-medium-font-size has-custom-font-size wp-element-button\" href=\"..\/festiterroir-2022-bilan\/\" style=\"border-radius:0px\"><strong>2022<\/strong><\/a><\/div>\n<\/div>\n<\/div>\n<\/div>\n\n\n\n<div class=\"wp-block-columns is-layout-flex wp-container-core-columns-is-layout-9d6595d7 wp-block-columns-is-layout-flex\">\n<div class=\"wp-block-column is-layout-flow wp-block-column-is-layout-flow\">\n<div class=\"wp-block-buttons is-content-justification-space-between is-layout-flex wp-container-core-buttons-is-layout-3d213aab wp-block-buttons-is-layout-flex\">\n<div class=\"wp-block-button has-custom-width wp-block-button__width-100\"><a class=\"wp-block-button__link has-light-green-cyan-background-color has-background has-medium-font-size has-custom-font-size wp-element-button\" href=\"..\/festiterroir-2021\/\" style=\"border-radius:0px\"><strong>2021<\/strong><\/a><\/div>\n<\/div>\n<\/div>\n\n\n\n<div class=\"wp-block-column is-layout-flow wp-block-column-is-layout-flow\">\n<div class=\"wp-block-buttons is-content-justification-space-between is-layout-flex wp-container-core-buttons-is-layout-3d213aab wp-block-buttons-is-layout-flex\">\n<div class=\"wp-block-button has-custom-width wp-block-button__width-100\"><a class=\"wp-block-button__link has-light-green-cyan-background-color has-background has-medium-font-size has-custom-font-size wp-element-button\" href=\"..\/festiterroir-2020\/\" style=\"border-radius:0px\"><strong>2020<\/strong><\/a><\/div>\n<\/div>\n<\/div>\n\n\n\n<div class=\"wp-block-column is-layout-flow wp-block-column-is-layout-flow\">\n<div class=\"wp-block-buttons is-content-justification-space-between is-layout-flex wp-container-core-buttons-is-layout-3d213aab wp-block-buttons-is-layout-flex\">\n<div class=\"wp-block-button has-custom-width wp-block-button__width-100\"><a class=\"wp-block-button__link has-light-green-cyan-background-color has-background has-medium-font-size has-custom-font-size wp-element-button\" href=\"..\/festiterroir-2019\/\" style=\"border-radius:0px\"><strong>2019<\/strong><\/a><\/div>\n<\/div>\n<\/div>\n<\/div>\n<\/div><\/div>\n\n\n\n<p class=\"has-text-align-left\"><strong style=\"color: #46d187;\">Presse tes pommes!<\/strong><\/p>\n\n\n\n<p>Venez p\u00e9daler \u00e0 toute vitesse dans ce pressoir \u00e0 fruits g\u00e9ant! A l\u2019issue de quelques tours sans retro p\u00e9dalage, vous pourrez d\u00e9guster le fruit de votre travail: un jus de pommes local et frais!<br>Cette animation est propos\u00e9e par <a href=\"https:\/\/www.label-vie.ch\/realisations-projets\/les-developpements-du-presse-fruits\" target=\"_blank\" rel=\"noopener noreferrer\">Label-Vie<\/a><\/p>\n\n\n\n<p><strong style=\"color: #46d187;\"><br>samedi 20 ao\u00fbt<br>10h30-12h30 et 13h30-17h30<\/strong><\/p>\n\n\n\n<p><strong style=\"color: #46d187;\"><br>dimanche 21 ao\u00fbt<br>10h30-12h30 et 13h30-16h30<\/strong><\/p>\n\n\n\n<p>Le pressoir est situ\u00e9 devant l\u2019Universit\u00e9, au centre du Parc des Bastions<\/p>\n\n\n<div class=\"wp-block-image\">\n<figure class=\"alignleft\"><img loading=\"lazy\" decoding=\"async\" width=\"1024\" height=\"768\" src=\"https:\/\/www.festiterroir.ch\/wp-content\/uploads\/2022\/08\/Zic_002-1024x768.jpeg\" alt=\"\" class=\"wp-image-29598\" srcset=\"https:\/\/www.davidprego.ch\/festi\/wp-content\/uploads\/2022\/08\/Zic_002-1024x768.jpeg 1024w, https:\/\/www.davidprego.ch\/festi\/wp-content\/uploads\/2022\/08\/Zic_002-300x225.jpeg 300w, https:\/\/www.davidprego.ch\/festi\/wp-content\/uploads\/2022\/08\/Zic_002-768x576.jpeg 768w, https:\/\/www.davidprego.ch\/festi\/wp-content\/uploads\/2022\/08\/Zic_002.jpeg 2016w\" sizes=\"auto, (max-width: 1024px) 100vw, 1024px\" \/><\/figure><\/div>","protected":false},"excerpt":{"rendered":"<p>Presse tes pommes! Venez p\u00e9daler \u00e0 toute vitesse dans ce pressoir \u00e0 fruits g\u00e9ant! A l\u2019issue de quelques tours sans retro p\u00e9dalage, vous pourrez d\u00e9guster le fruit de votre travail: un jus de pommes local et frais!Cette animation est propos\u00e9e par Label-Vie samedi 20 ao\u00fbt10h30-12h30&nbsp;&hellip;<\/p>\n","protected":false},"author":1,"featured_media":0,"parent":30472,"menu_order":23,"comment_status":"closed","ping_status":"closed","template":"","meta":{"_acf_changed":false,"pgc_sgb_lightbox_settings":"","footnotes":""},"class_list":["post-29595","page","type-page","status-publish","hentry"],"acf":[],"_links":{"self":[{"href":"https:\/\/www.davidprego.ch\/festi\/wp-json\/wp\/v2\/pages\/29595","targetHints":{"allow":["GET"]}}],"collection":[{"href":"https:\/\/www.davidprego.ch\/festi\/wp-json\/wp\/v2\/pages"}],"about":[{"href":"https:\/\/www.davidprego.ch\/festi\/wp-json\/wp\/v2\/types\/page"}],"author":[{"embeddable":true,"href":"https:\/\/www.davidprego.ch\/festi\/wp-json\/wp\/v2\/users\/1"}],"replies":[{"embeddable":true,"href":"https:\/\/www.davidprego.ch\/festi\/wp-json\/wp\/v2\/comments?post=29595"}],"version-history":[{"count":6,"href":"https:\/\/www.davidprego.ch\/festi\/wp-json\/wp\/v2\/pages\/29595\/revisions"}],"predecessor-version":[{"id":30680,"href":"https:\/\/www.davidprego.ch\/festi\/wp-json\/wp\/v2\/pages\/29595\/revisions\/30680"}],"up":[{"embeddable":true,"href":"https:\/\/www.davidprego.ch\/festi\/wp-json\/wp\/v2\/pages\/30472"}],"wp:attachment":[{"href":"https:\/\/www.davidprego.ch\/festi\/wp-json\/wp\/v2\/media?parent=29595"}],"curies":[{"name":"wp","href":"https:\/\/api.w.org\/{rel}","templated":true}]}}

<div class="wp-block-group"><div class="wp-block-group__inner-container is-layout-constrained wp-block-group-is-layout-constrained">
<div class="wp-block-columns is-layout-flex wp-container-core-columns-is-layout-9d6595d7 wp-block-columns-is-layout-flex">
<div class="wp-block-column is-layout-flow wp-block-column-is-layout-flow">
<div class="wp-block-buttons is-content-justification-space-between is-layout-flex wp-container-core-buttons-is-layout-3d213aab wp-block-buttons-is-layout-flex">
<div class="wp-block-button has-custom-width wp-block-button__width-100 is-style-fill"><a class="wp-block-button__link has-light-green-cyan-background-color has-background has-medium-font-size has-text-align-center has-custom-font-size wp-element-button" href="../festiterroir-2024-bilan/" style="border-radius:0px"><strong>2024</strong></a></div>
</div>
</div>



<div class="wp-block-column is-layout-flow wp-block-column-is-layout-flow">
<div class="wp-block-buttons is-content-justification-space-between is-layout-flex wp-container-core-buttons-is-layout-3d213aab wp-block-buttons-is-layout-flex">
<div class="wp-block-button has-custom-width wp-block-button__width-100"><a class="wp-block-button__link has-light-green-cyan-background-color has-background has-medium-font-size has-custom-font-size wp-element-button" href="../festiterroir-2023-bilan/" style="border-radius:0px"><strong>2023</strong></a></div>
</div>
</div>



<div class="wp-block-column is-layout-flow wp-block-column-is-layout-flow">
<div class="wp-block-buttons is-content-justification-space-between is-layout-flex wp-container-core-buttons-is-layout-3d213aab wp-block-buttons-is-layout-flex">
<div class="wp-block-button has-custom-width wp-block-button__width-100"><a class="wp-block-button__link has-light-green-cyan-background-color has-background has-medium-font-size has-custom-font-size wp-element-button" href="../festiterroir-2022-bilan/" style="border-radius:0px"><strong>2022</strong></a></div>
</div>
</div>
</div>



<div class="wp-block-columns is-layout-flex wp-container-core-columns-is-layout-9d6595d7 wp-block-columns-is-layout-flex">
<div class="wp-block-column is-layout-flow wp-block-column-is-layout-flow">
<div class="wp-block-buttons is-content-justification-space-between is-layout-flex wp-container-core-buttons-is-layout-3d213aab wp-block-buttons-is-layout-flex">
<div class="wp-block-button has-custom-width wp-block-button__width-100"><a class="wp-block-button__link has-light-green-cyan-background-color has-background has-medium-font-size has-custom-font-size wp-element-button" href="../festiterroir-2021/" style="border-radius:0px"><strong>2021</strong></a></div>
</div>
</div>



<div class="wp-block-column is-layout-flow wp-block-column-is-layout-flow">
<div class="wp-block-buttons is-content-justification-space-between is-layout-flex wp-container-core-buttons-is-layout-3d213aab wp-block-buttons-is-layout-flex">
<div class="wp-block-button has-custom-width wp-block-button__width-100"><a class="wp-block-button__link has-light-green-cyan-background-color has-background has-medium-font-size has-custom-font-size wp-element-button" href="../festiterroir-2020/" style="border-radius:0px"><strong>2020</strong></a></div>
</div>
</div>



<div class="wp-block-column is-layout-flow wp-block-column-is-layout-flow">
<div class="wp-block-buttons is-content-justification-space-between is-layout-flex wp-container-core-buttons-is-layout-3d213aab wp-block-buttons-is-layout-flex">
<div class="wp-block-button has-custom-width wp-block-button__width-100"><a class="wp-block-button__link has-light-green-cyan-background-color has-background has-medium-font-size has-custom-font-size wp-element-button" href="../festiterroir-2019/" style="border-radius:0px"><strong>2019</strong></a></div>
</div>
</div>
</div>
</div></div>



<p class="has-text-align-left"><strong style="color: #46d187;">Presse tes pommes!</strong></p>



<p>Venez pédaler à toute vitesse dans ce pressoir à fruits géant! A l’issue de quelques tours sans retro pédalage, vous pourrez déguster le fruit de votre travail: un jus de pommes local et frais!<br>Cette animation est proposée par <a href="https://www.label-vie.ch/realisations-projets/les-developpements-du-presse-fruits" target="_blank" rel="noopener noreferrer">Label-Vie</a></p>



<p><strong style="color: #46d187;"><br>samedi 20 août<br>10h30-12h30 et 13h30-17h30</strong></p>



<p><strong style="color: #46d187;"><br>dimanche 21 août<br>10h30-12h30 et 13h30-16h30</strong></p>



<p>Le pressoir est situé devant l’Université, au centre du Parc des Bastions</p>


<div class="wp-block-image">
<figure class="alignleft"><img loading="lazy" decoding="async" width="1024" height="768" src="https://www.festiterroir.ch/wp-content/uploads/2022/08/Zic_002-1024x768.jpeg" alt="" class="wp-image-29598" srcset="https://www.davidprego.ch/festi/wp-content/uploads/2022/08/Zic_002-1024x768.jpeg 1024w, https://www.davidprego.ch/festi/wp-content/uploads/2022/08/Zic_002-300x225.jpeg 300w, https://www.davidprego.ch/festi/wp-content/uploads/2022/08/Zic_002-768x576.jpeg 768w, https://www.davidprego.ch/festi/wp-content/uploads/2022/08/Zic_002.jpeg 2016w" sizes="auto, (max-width: 1024px) 100vw, 1024px" /></figure></div>

<p>Presse tes pommes! Venez pédaler à toute vitesse dans ce pressoir à fruits géant! A l’issue de quelques tours sans retro pédalage, vous pourrez déguster le fruit de votre travail: un jus de pommes local et frais!Cette animation est proposée par Label-Vie samedi 20 août10h30-12h30&nbsp;&hellip;</p>
