{"id":29650,"date":"2022-08-25T23:19:04","date_gmt":"2022-08-25T21:19:04","guid":{"rendered":"https:\/\/www.festiterroir.ch\/?page_id=29650"},"modified":"2025-06-13T18:34:35","modified_gmt":"2025-06-13T16:34:35","slug":"festiterroir-2022-bilan","status":"publish","type":"page","link":"https:\/\/www.davidprego.ch\/festi\/archives\/festiterroir-2022-bilan\/","title":{"rendered":"\u00c9dition 2022 (bilan)"},"content":{"rendered":"\n<div class=\"wp-block-group\"><div class=\"wp-block-group__inner-container is-layout-constrained wp-block-group-is-layout-constrained\">\n<div class=\"wp-block-columns is-layout-flex wp-container-core-columns-is-layout-9d6595d7 wp-block-columns-is-layout-flex\">\n<div class=\"wp-block-column is-layout-flow wp-block-column-is-layout-flow\">\n<div class=\"wp-block-buttons is-content-justification-space-between is-layout-flex wp-container-core-buttons-is-layout-3d213aab wp-block-buttons-is-layout-flex\">\n<div class=\"wp-block-button has-custom-width wp-block-button__width-100 is-style-fill\"><a class=\"wp-block-button__link has-light-green-cyan-background-color has-background has-medium-font-size has-text-align-center has-custom-font-size wp-element-button\" href=\"..\/festiterroir-2024-bilan\/\" style=\"border-radius:0px\"><strong>2024<\/strong><\/a><\/div>\n<\/div>\n<\/div>\n\n\n\n<div class=\"wp-block-column is-layout-flow wp-block-column-is-layout-flow\">\n<div class=\"wp-block-buttons is-content-justification-space-between is-layout-flex wp-container-core-buttons-is-layout-3d213aab wp-block-buttons-is-layout-flex\">\n<div class=\"wp-block-button has-custom-width wp-block-button__width-100\"><a class=\"wp-block-button__link has-light-green-cyan-background-color has-background has-medium-font-size has-custom-font-size wp-element-button\" href=\"..\/festiterroir-2023-bilan\/\" style=\"border-radius:0px\"><strong>2023<\/strong><\/a><\/div>\n<\/div>\n<\/div>\n\n\n\n<div class=\"wp-block-column is-layout-flow wp-block-column-is-layout-flow\">\n<div class=\"wp-block-buttons is-content-justification-space-between is-layout-flex wp-container-core-buttons-is-layout-3d213aab wp-block-buttons-is-layout-flex\">\n<div class=\"wp-block-button has-custom-width wp-block-button__width-100\"><a class=\"wp-block-button__link has-light-green-cyan-background-color has-background has-medium-font-size has-custom-font-size wp-element-button\" href=\"..\/festiterroir-2022-bilan\/\" style=\"border-radius:0px\"><strong>2022<\/strong><\/a><\/div>\n<\/div>\n<\/div>\n<\/div>\n\n\n\n<div class=\"wp-block-columns is-layout-flex wp-container-core-columns-is-layout-9d6595d7 wp-block-columns-is-layout-flex\">\n<div class=\"wp-block-column is-layout-flow wp-block-column-is-layout-flow\">\n<div class=\"wp-block-buttons is-content-justification-space-between is-layout-flex wp-container-core-buttons-is-layout-3d213aab wp-block-buttons-is-layout-flex\">\n<div class=\"wp-block-button has-custom-width wp-block-button__width-100\"><a class=\"wp-block-button__link has-light-green-cyan-background-color has-background has-medium-font-size has-custom-font-size wp-element-button\" href=\"..\/festiterroir-2021\/\" style=\"border-radius:0px\"><strong>2021<\/strong><\/a><\/div>\n<\/div>\n<\/div>\n\n\n\n<div class=\"wp-block-column is-layout-flow wp-block-column-is-layout-flow\">\n<div class=\"wp-block-buttons is-content-justification-space-between is-layout-flex wp-container-core-buttons-is-layout-3d213aab wp-block-buttons-is-layout-flex\">\n<div class=\"wp-block-button has-custom-width wp-block-button__width-100\"><a class=\"wp-block-button__link has-light-green-cyan-background-color has-background has-medium-font-size has-custom-font-size wp-element-button\" href=\"..\/festiterroir-2020\/\" style=\"border-radius:0px\"><strong>2020<\/strong><\/a><\/div>\n<\/div>\n<\/div>\n\n\n\n<div class=\"wp-block-column is-layout-flow wp-block-column-is-layout-flow\">\n<div class=\"wp-block-buttons is-content-justification-space-between is-layout-flex wp-container-core-buttons-is-layout-3d213aab wp-block-buttons-is-layout-flex\">\n<div class=\"wp-block-button has-custom-width wp-block-button__width-100\"><a class=\"wp-block-button__link has-light-green-cyan-background-color has-background has-medium-font-size has-custom-font-size wp-element-button\" href=\"..\/festiterroir-2019\/\" style=\"border-radius:0px\"><strong>2019<\/strong><\/a><\/div>\n<\/div>\n<\/div>\n<\/div>\n<\/div><\/div>\n\n\n\n<p>Le grand march\u00e9 de la vente directe et du bio, revient cette ann\u00e9e encore au parc des Bastions du 18 au 20 ao\u00fbt!<\/p>\n\n\n\n<p>Une nouvelle occasion de rencontrer les acteurs et les actrices qui font l\u2019agriculture et l\u2019alimentation durable de Gen\u00e8ve.<\/p>\n\n\n\n<p>Le vendredi soir d\u00e8s 17 heures, vigneron\u00b7ne\u00b7s et artisan\u00b7ne\u00b7s de bouche seront pr\u00e9sent\u00b7e\u00b7s en mode ap\u00e9ro. retrouvez toute la richesse et la diversit\u00e9 du terroir genevois sous la forme d\u2019un grand march\u00e9. D\u00e9gustations, restauration, ateliers, animations pour enfants, et concerts rythmeront le week\u2013end.<\/p>\n\n\n\n<p>Horaires:<br>Vendredi 17h\u2009-\u200921h:<br>ap\u00e9ro d\u2019ouverture (sans march\u00e9)<\/p>\n\n\n\n<p>Samedi 10h\u2009-\u200922h<br>Dimanche 10h\u2009-\u200918h<br>march\u00e9, restauration, concerts<\/p>\n\n\n\n<p>Festi&rsquo;Terroir est un \u00e9v\u00e9nement qui r\u00e9pond \u00e0 plusieurs objectifs de la Strat\u00e9gie climat de la Ville de Gen\u00e8ve. Retrouvez toutes les mesures de cette Strat\u00e9gie sur: <a href=\"http:\/\/www.geneve.ch\/strategie-climat\" target=\"_blank\" rel=\"noopener noreferrer\">www.geneve.ch\/strategie-climat<\/a><\/p>\n\n\n\n<figure class=\"wp-block-image\"><a href=\"https:\/\/www.geneve.ch\/fr\/actualites\/dossiers-information\/changement-climatique-geneve\/strategie-climat\"><img loading=\"lazy\" decoding=\"async\" width=\"300\" height=\"119\" src=\"https:\/\/www.festiterroir.ch\/wp-content\/uploads\/2022\/07\/GE-climat_LOGO_RVB-300x119.png\" alt=\"\" class=\"wp-image-29463\" srcset=\"https:\/\/www.davidprego.ch\/festi\/wp-content\/uploads\/2022\/07\/GE-climat_LOGO_RVB-300x119.png 300w, https:\/\/www.davidprego.ch\/festi\/wp-content\/uploads\/2022\/07\/GE-climat_LOGO_RVB-768x304.png 768w, https:\/\/www.davidprego.ch\/festi\/wp-content\/uploads\/2022\/07\/GE-climat_LOGO_RVB-1024x405.png 1024w\" sizes=\"auto, (max-width: 300px) 100vw, 300px\" \/><\/a><\/figure>\n\n\n\n<p>Festi&rsquo;Terroir 2023 est organis\u00e9 par <a href=\"https:\/\/www.geneve.ch\/fr\" target=\"_blank\" rel=\"noopener noreferrer\">la Ville de Gen\u00e8ve<\/a>, <a href=\"https:\/\/www.geneveterroir.ch\/\" target=\"_blank\" rel=\"noopener noreferrer\">Gen\u00e8ve Terroir<\/a> et <a href=\"https:\/\/www.biogeneve.ch\/\" target=\"_blank\" rel=\"noopener noreferrer\">BioGen\u00e8ve<\/a>, avec le soutien de <a href=\"https:\/\/www.bio-suisse.ch\/fr.html\" target=\"_blank\" rel=\"noopener noreferrer\">BioSuisse<\/a> avec le partenariat m\u00e9dia de <a href=\"https:\/\/www.radiolac.ch\/\" target=\"_blank\" rel=\"noopener noreferrer\">Radio Lac.<\/a><\/p>\n\n\n\n<figure class=\"wp-block-image\"><a href=\"https:\/\/www.radiolac.ch\/\" target=\"_blank\" rel=\"noopener noreferrer\"><img loading=\"lazy\" decoding=\"async\" width=\"300\" height=\"189\" src=\"https:\/\/www.festiterroir.ch\/wp-content\/uploads\/2022\/07\/Radio_Lac_Standard_Horizontal_Fond_Bleu_v01-300x189.png\" alt=\"\" class=\"wp-image-29470\" srcset=\"https:\/\/www.davidprego.ch\/festi\/wp-content\/uploads\/2022\/07\/Radio_Lac_Standard_Horizontal_Fond_Bleu_v01-300x189.png 300w, https:\/\/www.davidprego.ch\/festi\/wp-content\/uploads\/2022\/07\/Radio_Lac_Standard_Horizontal_Fond_Bleu_v01-768x485.png 768w, https:\/\/www.davidprego.ch\/festi\/wp-content\/uploads\/2022\/07\/Radio_Lac_Standard_Horizontal_Fond_Bleu_v01.png 874w\" sizes=\"auto, (max-width: 300px) 100vw, 300px\" \/><\/a><\/figure>\n\n\n\n<div class=\"wp-block-group\"><div class=\"wp-block-group__inner-container is-layout-constrained wp-block-group-is-layout-constrained\">\n<div class=\"wp-block-columns is-layout-flex wp-container-core-columns-is-layout-9d6595d7 wp-block-columns-is-layout-flex\">\n<div class=\"wp-block-column is-layout-flow wp-block-column-is-layout-flow\">\n<div class=\"wp-block-buttons is-content-justification-space-between is-layout-flex wp-container-core-buttons-is-layout-3d213aab wp-block-buttons-is-layout-flex\">\n<div class=\"wp-block-button has-custom-width wp-block-button__width-100 is-style-fill\"><a class=\"wp-block-button__link has-light-green-cyan-background-color has-background has-medium-font-size has-text-align-center has-custom-font-size wp-element-button\" href=\"..\/concerts-2022\/\" style=\"border-radius:0px\"><strong>Concerts<\/strong><\/a><\/div>\n<\/div>\n<\/div>\n\n\n\n<div class=\"wp-block-column is-layout-flow wp-block-column-is-layout-flow\">\n<div class=\"wp-block-buttons is-content-justification-space-between is-layout-flex wp-container-core-buttons-is-layout-3d213aab wp-block-buttons-is-layout-flex\">\n<div class=\"wp-block-button has-custom-width wp-block-button__width-100\"><a class=\"wp-block-button__link has-light-green-cyan-background-color has-background has-medium-font-size has-custom-font-size wp-element-button\" href=\"..\/ateliers-swiss-food-academy\/\" style=\"border-radius:0px\"><strong>Swiss Food Academy<\/strong><\/a><\/div>\n<\/div>\n<\/div>\n\n\n\n<div class=\"wp-block-column is-layout-flow wp-block-column-is-layout-flow\">\n<div class=\"wp-block-buttons is-content-justification-space-between is-layout-flex wp-container-core-buttons-is-layout-3d213aab wp-block-buttons-is-layout-flex\">\n<div class=\"wp-block-button has-custom-width wp-block-button__width-100\"><a class=\"wp-block-button__link has-light-green-cyan-background-color has-background has-medium-font-size has-custom-font-size wp-element-button\" href=\"..\/pressoir-label-vie\/\" style=\"border-radius:0px\"><strong>Pressoir Label-Vie<\/strong><\/a><\/div>\n<\/div>\n<\/div>\n<\/div>\n<\/div><\/div>\n","protected":false},"excerpt":{"rendered":"<p>Le grand march\u00e9 de la vente directe et du bio, revient cette ann\u00e9e encore au parc des Bastions du 18 au 20 ao\u00fbt! Une nouvelle occasion de rencontrer les acteurs et les actrices qui font l\u2019agriculture et l\u2019alimentation durable de Gen\u00e8ve. Le vendredi soir d\u00e8s&nbsp;&hellip;<\/p>\n","protected":false},"author":1,"featured_media":0,"parent":30472,"menu_order":19,"comment_status":"closed","ping_status":"closed","template":"","meta":{"_acf_changed":false,"pgc_sgb_lightbox_settings":"","footnotes":""},"class_list":["post-29650","page","type-page","status-publish","hentry"],"acf":[],"_links":{"self":[{"href":"https:\/\/www.davidprego.ch\/festi\/wp-json\/wp\/v2\/pages\/29650","targetHints":{"allow":["GET"]}}],"collection":[{"href":"https:\/\/www.davidprego.ch\/festi\/wp-json\/wp\/v2\/pages"}],"about":[{"href":"https:\/\/www.davidprego.ch\/festi\/wp-json\/wp\/v2\/types\/page"}],"author":[{"embeddable":true,"href":"https:\/\/www.davidprego.ch\/festi\/wp-json\/wp\/v2\/users\/1"}],"replies":[{"embeddable":true,"href":"https:\/\/www.davidprego.ch\/festi\/wp-json\/wp\/v2\/comments?post=29650"}],"version-history":[{"count":29,"href":"https:\/\/www.davidprego.ch\/festi\/wp-json\/wp\/v2\/pages\/29650\/revisions"}],"predecessor-version":[{"id":30670,"href":"https:\/\/www.davidprego.ch\/festi\/wp-json\/wp\/v2\/pages\/29650\/revisions\/30670"}],"up":[{"embeddable":true,"href":"https:\/\/www.davidprego.ch\/festi\/wp-json\/wp\/v2\/pages\/30472"}],"wp:attachment":[{"href":"https:\/\/www.davidprego.ch\/festi\/wp-json\/wp\/v2\/media?parent=29650"}],"curies":[{"name":"wp","href":"https:\/\/api.w.org\/{rel}","templated":true}]}}

Édition 2022 (bilan)

<div class="wp-block-group"><div class="wp-block-group__inner-container is-layout-constrained wp-block-group-is-layout-constrained">
<div class="wp-block-columns is-layout-flex wp-container-core-columns-is-layout-9d6595d7 wp-block-columns-is-layout-flex">
<div class="wp-block-column is-layout-flow wp-block-column-is-layout-flow">
<div class="wp-block-buttons is-content-justification-space-between is-layout-flex wp-container-core-buttons-is-layout-3d213aab wp-block-buttons-is-layout-flex">
<div class="wp-block-button has-custom-width wp-block-button__width-100 is-style-fill"><a class="wp-block-button__link has-light-green-cyan-background-color has-background has-medium-font-size has-text-align-center has-custom-font-size wp-element-button" href="../festiterroir-2024-bilan/" style="border-radius:0px"><strong>2024</strong></a></div>
</div>
</div>



<div class="wp-block-column is-layout-flow wp-block-column-is-layout-flow">
<div class="wp-block-buttons is-content-justification-space-between is-layout-flex wp-container-core-buttons-is-layout-3d213aab wp-block-buttons-is-layout-flex">
<div class="wp-block-button has-custom-width wp-block-button__width-100"><a class="wp-block-button__link has-light-green-cyan-background-color has-background has-medium-font-size has-custom-font-size wp-element-button" href="../festiterroir-2023-bilan/" style="border-radius:0px"><strong>2023</strong></a></div>
</div>
</div>



<div class="wp-block-column is-layout-flow wp-block-column-is-layout-flow">
<div class="wp-block-buttons is-content-justification-space-between is-layout-flex wp-container-core-buttons-is-layout-3d213aab wp-block-buttons-is-layout-flex">
<div class="wp-block-button has-custom-width wp-block-button__width-100"><a class="wp-block-button__link has-light-green-cyan-background-color has-background has-medium-font-size has-custom-font-size wp-element-button" href="../festiterroir-2022-bilan/" style="border-radius:0px"><strong>2022</strong></a></div>
</div>
</div>
</div>



<div class="wp-block-columns is-layout-flex wp-container-core-columns-is-layout-9d6595d7 wp-block-columns-is-layout-flex">
<div class="wp-block-column is-layout-flow wp-block-column-is-layout-flow">
<div class="wp-block-buttons is-content-justification-space-between is-layout-flex wp-container-core-buttons-is-layout-3d213aab wp-block-buttons-is-layout-flex">
<div class="wp-block-button has-custom-width wp-block-button__width-100"><a class="wp-block-button__link has-light-green-cyan-background-color has-background has-medium-font-size has-custom-font-size wp-element-button" href="../festiterroir-2021/" style="border-radius:0px"><strong>2021</strong></a></div>
</div>
</div>



<div class="wp-block-column is-layout-flow wp-block-column-is-layout-flow">
<div class="wp-block-buttons is-content-justification-space-between is-layout-flex wp-container-core-buttons-is-layout-3d213aab wp-block-buttons-is-layout-flex">
<div class="wp-block-button has-custom-width wp-block-button__width-100"><a class="wp-block-button__link has-light-green-cyan-background-color has-background has-medium-font-size has-custom-font-size wp-element-button" href="../festiterroir-2020/" style="border-radius:0px"><strong>2020</strong></a></div>
</div>
</div>



<div class="wp-block-column is-layout-flow wp-block-column-is-layout-flow">
<div class="wp-block-buttons is-content-justification-space-between is-layout-flex wp-container-core-buttons-is-layout-3d213aab wp-block-buttons-is-layout-flex">
<div class="wp-block-button has-custom-width wp-block-button__width-100"><a class="wp-block-button__link has-light-green-cyan-background-color has-background has-medium-font-size has-custom-font-size wp-element-button" href="../festiterroir-2019/" style="border-radius:0px"><strong>2019</strong></a></div>
</div>
</div>
</div>
</div></div>



<p>Le grand marché de la vente directe et du bio, revient cette année encore au parc des Bastions du 18 au 20 août!</p>



<p>Une nouvelle occasion de rencontrer les acteurs et les actrices qui font l’agriculture et l’alimentation durable de Genève.</p>



<p>Le vendredi soir dès 17 heures, vigneron·ne·s et artisan·ne·s de bouche seront présent·e·s en mode apéro. retrouvez toute la richesse et la diversité du terroir genevois sous la forme d’un grand marché. Dégustations, restauration, ateliers, animations pour enfants, et concerts rythmeront le week–end.</p>



<p>Horaires:<br>Vendredi 17h - 21h:<br>apéro d’ouverture (sans marché)</p>



<p>Samedi 10h - 22h<br>Dimanche 10h - 18h<br>marché, restauration, concerts</p>



<p>Festi&rsquo;Terroir est un événement qui répond à plusieurs objectifs de la Stratégie climat de la Ville de Genève. Retrouvez toutes les mesures de cette Stratégie sur: <a href="http://www.geneve.ch/strategie-climat" target="_blank" rel="noopener noreferrer">www.geneve.ch/strategie-climat</a></p>



<figure class="wp-block-image"><a href="https://www.geneve.ch/fr/actualites/dossiers-information/changement-climatique-geneve/strategie-climat"><img loading="lazy" decoding="async" width="300" height="119" src="https://www.festiterroir.ch/wp-content/uploads/2022/07/GE-climat_LOGO_RVB-300x119.png" alt="" class="wp-image-29463" srcset="https://www.davidprego.ch/festi/wp-content/uploads/2022/07/GE-climat_LOGO_RVB-300x119.png 300w, https://www.davidprego.ch/festi/wp-content/uploads/2022/07/GE-climat_LOGO_RVB-768x304.png 768w, https://www.davidprego.ch/festi/wp-content/uploads/2022/07/GE-climat_LOGO_RVB-1024x405.png 1024w" sizes="auto, (max-width: 300px) 100vw, 300px" /></a></figure>



<p>Festi&rsquo;Terroir 2023 est organisé par <a href="https://www.geneve.ch/fr" target="_blank" rel="noopener noreferrer">la Ville de Genève</a>, <a href="https://www.geneveterroir.ch/" target="_blank" rel="noopener noreferrer">Genève Terroir</a> et <a href="https://www.biogeneve.ch/" target="_blank" rel="noopener noreferrer">BioGenève</a>, avec le soutien de <a href="https://www.bio-suisse.ch/fr.html" target="_blank" rel="noopener noreferrer">BioSuisse</a> avec le partenariat média de <a href="https://www.radiolac.ch/" target="_blank" rel="noopener noreferrer">Radio Lac.</a></p>



<figure class="wp-block-image"><a href="https://www.radiolac.ch/" target="_blank" rel="noopener noreferrer"><img loading="lazy" decoding="async" width="300" height="189" src="https://www.festiterroir.ch/wp-content/uploads/2022/07/Radio_Lac_Standard_Horizontal_Fond_Bleu_v01-300x189.png" alt="" class="wp-image-29470" srcset="https://www.davidprego.ch/festi/wp-content/uploads/2022/07/Radio_Lac_Standard_Horizontal_Fond_Bleu_v01-300x189.png 300w, https://www.davidprego.ch/festi/wp-content/uploads/2022/07/Radio_Lac_Standard_Horizontal_Fond_Bleu_v01-768x485.png 768w, https://www.davidprego.ch/festi/wp-content/uploads/2022/07/Radio_Lac_Standard_Horizontal_Fond_Bleu_v01.png 874w" sizes="auto, (max-width: 300px) 100vw, 300px" /></a></figure>



<div class="wp-block-group"><div class="wp-block-group__inner-container is-layout-constrained wp-block-group-is-layout-constrained">
<div class="wp-block-columns is-layout-flex wp-container-core-columns-is-layout-9d6595d7 wp-block-columns-is-layout-flex">
<div class="wp-block-column is-layout-flow wp-block-column-is-layout-flow">
<div class="wp-block-buttons is-content-justification-space-between is-layout-flex wp-container-core-buttons-is-layout-3d213aab wp-block-buttons-is-layout-flex">
<div class="wp-block-button has-custom-width wp-block-button__width-100 is-style-fill"><a class="wp-block-button__link has-light-green-cyan-background-color has-background has-medium-font-size has-text-align-center has-custom-font-size wp-element-button" href="../concerts-2022/" style="border-radius:0px"><strong>Concerts</strong></a></div>
</div>
</div>



<div class="wp-block-column is-layout-flow wp-block-column-is-layout-flow">
<div class="wp-block-buttons is-content-justification-space-between is-layout-flex wp-container-core-buttons-is-layout-3d213aab wp-block-buttons-is-layout-flex">
<div class="wp-block-button has-custom-width wp-block-button__width-100"><a class="wp-block-button__link has-light-green-cyan-background-color has-background has-medium-font-size has-custom-font-size wp-element-button" href="../ateliers-swiss-food-academy/" style="border-radius:0px"><strong>Swiss Food Academy</strong></a></div>
</div>
</div>



<div class="wp-block-column is-layout-flow wp-block-column-is-layout-flow">
<div class="wp-block-buttons is-content-justification-space-between is-layout-flex wp-container-core-buttons-is-layout-3d213aab wp-block-buttons-is-layout-flex">
<div class="wp-block-button has-custom-width wp-block-button__width-100"><a class="wp-block-button__link has-light-green-cyan-background-color has-background has-medium-font-size has-custom-font-size wp-element-button" href="../pressoir-label-vie/" style="border-radius:0px"><strong>Pressoir Label-Vie</strong></a></div>
</div>
</div>
</div>
</div></div>

<p>Le grand marché de la vente directe et du bio, revient cette année encore au parc des Bastions du 18 au 20 août! Une nouvelle occasion de rencontrer les acteurs et les actrices qui font l’agriculture et l’alimentation durable de Genève. Le vendredi soir dès&nbsp;&hellip;</p>
