{"id":29740,"date":"2023-08-09T21:06:13","date_gmt":"2023-08-09T19:06:13","guid":{"rendered":"https:\/\/www.festiterroir.ch\/?page_id=29740"},"modified":"2025-06-13T18:44:42","modified_gmt":"2025-06-13T16:44:42","slug":"ateliers-2023","status":"publish","type":"page","link":"https:\/\/www.davidprego.ch\/festi\/archives\/ateliers-2023\/","title":{"rendered":"Ateliers pour enfants 2023"},"content":{"rendered":"\n<div class=\"wp-block-group\"><div class=\"wp-block-group__inner-container is-layout-constrained wp-block-group-is-layout-constrained\">\n<div class=\"wp-block-columns is-layout-flex wp-container-core-columns-is-layout-9d6595d7 wp-block-columns-is-layout-flex\">\n<div class=\"wp-block-column is-layout-flow wp-block-column-is-layout-flow\">\n<div class=\"wp-block-buttons is-content-justification-space-between is-layout-flex wp-container-core-buttons-is-layout-3d213aab wp-block-buttons-is-layout-flex\">\n<div class=\"wp-block-button has-custom-width wp-block-button__width-100 is-style-fill\"><a class=\"wp-block-button__link has-light-green-cyan-background-color has-background has-medium-font-size has-text-align-center has-custom-font-size wp-element-button\" href=\"..\/festiterroir-2024-bilan\/\" style=\"border-radius:0px\"><strong>2024<\/strong><\/a><\/div>\n<\/div>\n<\/div>\n\n\n\n<div class=\"wp-block-column is-layout-flow wp-block-column-is-layout-flow\">\n<div class=\"wp-block-buttons is-content-justification-space-between is-layout-flex wp-container-core-buttons-is-layout-3d213aab wp-block-buttons-is-layout-flex\">\n<div class=\"wp-block-button has-custom-width wp-block-button__width-100\"><a class=\"wp-block-button__link has-light-green-cyan-background-color has-background has-medium-font-size has-custom-font-size wp-element-button\" href=\"..\/festiterroir-2023-bilan\/\" style=\"border-radius:0px\"><strong>2023<\/strong><\/a><\/div>\n<\/div>\n<\/div>\n\n\n\n<div class=\"wp-block-column is-layout-flow wp-block-column-is-layout-flow\">\n<div class=\"wp-block-buttons is-content-justification-space-between is-layout-flex wp-container-core-buttons-is-layout-3d213aab wp-block-buttons-is-layout-flex\">\n<div class=\"wp-block-button has-custom-width wp-block-button__width-100\"><a class=\"wp-block-button__link has-light-green-cyan-background-color has-background has-medium-font-size has-custom-font-size wp-element-button\" href=\"..\/festiterroir-2022-bilan\/\" style=\"border-radius:0px\"><strong>2022<\/strong><\/a><\/div>\n<\/div>\n<\/div>\n<\/div>\n\n\n\n<div class=\"wp-block-columns is-layout-flex wp-container-core-columns-is-layout-9d6595d7 wp-block-columns-is-layout-flex\">\n<div class=\"wp-block-column is-layout-flow wp-block-column-is-layout-flow\">\n<div class=\"wp-block-buttons is-content-justification-space-between is-layout-flex wp-container-core-buttons-is-layout-3d213aab wp-block-buttons-is-layout-flex\">\n<div class=\"wp-block-button has-custom-width wp-block-button__width-100\"><a class=\"wp-block-button__link has-light-green-cyan-background-color has-background has-medium-font-size has-custom-font-size wp-element-button\" href=\"..\/festiterroir-2021\/\" style=\"border-radius:0px\"><strong>2021<\/strong><\/a><\/div>\n<\/div>\n<\/div>\n\n\n\n<div class=\"wp-block-column is-layout-flow wp-block-column-is-layout-flow\">\n<div class=\"wp-block-buttons is-content-justification-space-between is-layout-flex wp-container-core-buttons-is-layout-3d213aab wp-block-buttons-is-layout-flex\">\n<div class=\"wp-block-button has-custom-width wp-block-button__width-100\"><a class=\"wp-block-button__link has-light-green-cyan-background-color has-background has-medium-font-size has-custom-font-size wp-element-button\" href=\"..\/festiterroir-2020\/\" style=\"border-radius:0px\"><strong>2020<\/strong><\/a><\/div>\n<\/div>\n<\/div>\n\n\n\n<div class=\"wp-block-column is-layout-flow wp-block-column-is-layout-flow\">\n<div class=\"wp-block-buttons is-content-justification-space-between is-layout-flex wp-container-core-buttons-is-layout-3d213aab wp-block-buttons-is-layout-flex\">\n<div class=\"wp-block-button has-custom-width wp-block-button__width-100\"><a class=\"wp-block-button__link has-light-green-cyan-background-color has-background has-medium-font-size has-custom-font-size wp-element-button\" href=\"..\/festiterroir-2019\/\" style=\"border-radius:0px\"><strong>2019<\/strong><\/a><\/div>\n<\/div>\n<\/div>\n<\/div>\n<\/div><\/div>\n\n\n\n<p><strong style=\"color: #34148c;\">Les associations <a href=\"https:\/\/www.swissfoodacademy.ch\/\" target=\"_blank\" rel=\"noopener noreferrer\">Swiss Food Academy<\/a> associ\u00e9e \u00e0 Gen\u00e8ve Cultive et Biovision proposent tout au long du week-end de tr\u00e8s nombreux ateliers pour enfants. Venez mettre la main \u00e0 la p\u00e2te et \u00e9veiller vos sens!<br>Nombre limit\u00e9 de places pour chaque atelier.<\/strong><\/p>\n\n\n\n<p><strong style=\"color: #34148c;\">Inscriptions, r\u00e9servations, horaires et tarifs directement sur le site de <strong><a href=\"https:\/\/www.swissfoodacademy.ch\/nos-activites\/\" target=\"_blank\" rel=\"noopener noreferrer\">Swiss Food Academy<\/a><\/strong><\/strong><br><strong style=\"color: #34148c;\"><br><\/strong>\u00a0<\/p>\n\n\n\n<p><strong>Au Programme<\/strong>\u00a0<\/p>\n\n\n<div class=\"wp-block-image\">\n<figure class=\"alignleft\"><img loading=\"lazy\" decoding=\"async\" width=\"300\" height=\"169\" src=\"https:\/\/www.festiterroir.ch\/wp-content\/uploads\/2023\/08\/Sliders-300x169.jpg\" alt=\"\" class=\"wp-image-29744\" srcset=\"https:\/\/www.davidprego.ch\/festi\/wp-content\/uploads\/2023\/08\/Sliders-300x169.jpg 300w, https:\/\/www.davidprego.ch\/festi\/wp-content\/uploads\/2023\/08\/Sliders-768x432.jpg 768w, https:\/\/www.davidprego.ch\/festi\/wp-content\/uploads\/2023\/08\/Sliders-1024x576.jpg 1024w, https:\/\/www.davidprego.ch\/festi\/wp-content\/uploads\/2023\/08\/Sliders.jpg 1280w\" sizes=\"auto, (max-width: 300px) 100vw, 300px\" \/><\/figure><\/div>\n\n\n<p><strong style=\"color: #46d187;\"><strong>Samedi 19<\/strong> \/ 11h30-12h15\u2009&amp; 14h-14h45 &amp; 15h-15h45<br>Atelier p\u2019tits d\u00e9tectives: d\u00e9poussi\u00e9rer les l\u00e9gumes-racines <\/strong><em><br><\/em><br>Des l\u00e9gumes racines\u2026 C\u2019est quoi? Et bien, venez d\u00e9poussi\u00e9rer tous les secrets de ces l\u00e9gumes oubli\u00e9s et devenez un.e enqu\u00eateur.ice hors terre! Oserez-vous participer \u00e0 ce voyage multisensoriel pour d\u00e9masquer le l\u00e9gume-racine qui se cache parmis nous? En d\u00e9couvrant les multiples vari\u00e9t\u00e9s qui existent, cette enqu\u00eate permettra de d\u00e9velopper la cr\u00e9ativit\u00e9 des p\u2019tits d\u00e9tectives et d\u00e9couvrir les origines et les vertus de ces racines aux formes surprenantes!<\/p>\n\n\n\n<p><em>Atelier pour enfants 6-12 ans<br>Nombre limit\u00e9 de participant\u00b7e\u00b7s \/ sur inscription \/ dur\u00e9e de l\u2019atelier: 45 minutes<br>Tarif de l\u2019atelier: 10.- par enfant \u00e0 apporter le jour de l\u2019atelier<\/em><br><a href=\"https:\/\/www.swissfoodacademy.ch\/19-aout-atelier-festiterroir\/\" target=\"_blank\" rel=\"noopener noreferrer\">Inscriptions<\/a>\u00a0<\/p>\n\n\n<div class=\"wp-block-image\">\n<figure class=\"alignleft\"><img loading=\"lazy\" decoding=\"async\" width=\"300\" height=\"169\" src=\"https:\/\/www.festiterroir.ch\/wp-content\/uploads\/2023\/08\/Sliders-1-300x169.jpg\" alt=\"\" class=\"wp-image-29743\" srcset=\"https:\/\/www.davidprego.ch\/festi\/wp-content\/uploads\/2023\/08\/Sliders-1-300x169.jpg 300w, https:\/\/www.davidprego.ch\/festi\/wp-content\/uploads\/2023\/08\/Sliders-1-768x432.jpg 768w, https:\/\/www.davidprego.ch\/festi\/wp-content\/uploads\/2023\/08\/Sliders-1-1024x576.jpg 1024w, https:\/\/www.davidprego.ch\/festi\/wp-content\/uploads\/2023\/08\/Sliders-1.jpg 1280w\" sizes=\"auto, (max-width: 300px) 100vw, 300px\" \/><\/figure><\/div>\n\n\n<p><strong style=\"color: #46d187;\"><strong>Dimanche 20 \/ 11h30-12h15\u2009&amp; 14h-14h45 &amp; 15h-15h45<br>Ateliers p\u2019tits chefs: Tartine ta racine fra\u00eecheur<\/strong><br><\/strong><em><br><\/em>C\u2019est l\u2019\u00e9t\u00e9. Le soleil bat son plein. Envie de fra\u00eecheur avec une recette facile qui surprend?<br>N\u2019h\u00e9sitez plus, les p\u2019tits chefs vont cuisiner des dr\u00f4les de racines aux formes et couleurs surprenantes! Un en-cas fra\u00eecheur assur\u00e9ment bon pour les papilles, mais aussi pour le corps!<br><em><br>Atelier pour enfants 6-12 ans<br>Nombre limit\u00e9 de participant\u00b7e\u00b7s \/ sur inscription \/ dur\u00e9e de l\u2019atelier: 45 minutes<br>Tarif de l\u2019atelier: 10.- par enfant \u00e0 apporter le jour de l\u2019atelier<\/em><br><a href=\"https:\/\/www.swissfoodacademy.ch\/20-aout-atelier-tartine-ton-en-cas-fraicheur\/\" target=\"_blank\" rel=\"noopener noreferrer\">Inscriptions<\/a><\/p>\n","protected":false},"excerpt":{"rendered":"<p>Les associations Swiss Food Academy associ\u00e9e \u00e0 Gen\u00e8ve Cultive et Biovision proposent tout au long du week-end de tr\u00e8s nombreux ateliers pour enfants. Venez mettre la main \u00e0 la p\u00e2te et \u00e9veiller vos sens!Nombre limit\u00e9 de places pour chaque atelier. Inscriptions, r\u00e9servations, horaires et tarifs&nbsp;&hellip;<\/p>\n","protected":false},"author":1,"featured_media":0,"parent":30472,"menu_order":26,"comment_status":"closed","ping_status":"closed","template":"","meta":{"_acf_changed":false,"pgc_sgb_lightbox_settings":"","footnotes":""},"class_list":["post-29740","page","type-page","status-publish","hentry"],"acf":[],"_links":{"self":[{"href":"https:\/\/www.davidprego.ch\/festi\/wp-json\/wp\/v2\/pages\/29740","targetHints":{"allow":["GET"]}}],"collection":[{"href":"https:\/\/www.davidprego.ch\/festi\/wp-json\/wp\/v2\/pages"}],"about":[{"href":"https:\/\/www.davidprego.ch\/festi\/wp-json\/wp\/v2\/types\/page"}],"author":[{"embeddable":true,"href":"https:\/\/www.davidprego.ch\/festi\/wp-json\/wp\/v2\/users\/1"}],"replies":[{"embeddable":true,"href":"https:\/\/www.davidprego.ch\/festi\/wp-json\/wp\/v2\/comments?post=29740"}],"version-history":[{"count":15,"href":"https:\/\/www.davidprego.ch\/festi\/wp-json\/wp\/v2\/pages\/29740\/revisions"}],"predecessor-version":[{"id":30682,"href":"https:\/\/www.davidprego.ch\/festi\/wp-json\/wp\/v2\/pages\/29740\/revisions\/30682"}],"up":[{"embeddable":true,"href":"https:\/\/www.davidprego.ch\/festi\/wp-json\/wp\/v2\/pages\/30472"}],"wp:attachment":[{"href":"https:\/\/www.davidprego.ch\/festi\/wp-json\/wp\/v2\/media?parent=29740"}],"curies":[{"name":"wp","href":"https:\/\/api.w.org\/{rel}","templated":true}]}}

<div class="wp-block-group"><div class="wp-block-group__inner-container is-layout-constrained wp-block-group-is-layout-constrained">
<div class="wp-block-columns is-layout-flex wp-container-core-columns-is-layout-9d6595d7 wp-block-columns-is-layout-flex">
<div class="wp-block-column is-layout-flow wp-block-column-is-layout-flow">
<div class="wp-block-buttons is-content-justification-space-between is-layout-flex wp-container-core-buttons-is-layout-3d213aab wp-block-buttons-is-layout-flex">
<div class="wp-block-button has-custom-width wp-block-button__width-100 is-style-fill"><a class="wp-block-button__link has-light-green-cyan-background-color has-background has-medium-font-size has-text-align-center has-custom-font-size wp-element-button" href="../festiterroir-2024-bilan/" style="border-radius:0px"><strong>2024</strong></a></div>
</div>
</div>



<div class="wp-block-column is-layout-flow wp-block-column-is-layout-flow">
<div class="wp-block-buttons is-content-justification-space-between is-layout-flex wp-container-core-buttons-is-layout-3d213aab wp-block-buttons-is-layout-flex">
<div class="wp-block-button has-custom-width wp-block-button__width-100"><a class="wp-block-button__link has-light-green-cyan-background-color has-background has-medium-font-size has-custom-font-size wp-element-button" href="../festiterroir-2023-bilan/" style="border-radius:0px"><strong>2023</strong></a></div>
</div>
</div>



<div class="wp-block-column is-layout-flow wp-block-column-is-layout-flow">
<div class="wp-block-buttons is-content-justification-space-between is-layout-flex wp-container-core-buttons-is-layout-3d213aab wp-block-buttons-is-layout-flex">
<div class="wp-block-button has-custom-width wp-block-button__width-100"><a class="wp-block-button__link has-light-green-cyan-background-color has-background has-medium-font-size has-custom-font-size wp-element-button" href="../festiterroir-2022-bilan/" style="border-radius:0px"><strong>2022</strong></a></div>
</div>
</div>
</div>



<div class="wp-block-columns is-layout-flex wp-container-core-columns-is-layout-9d6595d7 wp-block-columns-is-layout-flex">
<div class="wp-block-column is-layout-flow wp-block-column-is-layout-flow">
<div class="wp-block-buttons is-content-justification-space-between is-layout-flex wp-container-core-buttons-is-layout-3d213aab wp-block-buttons-is-layout-flex">
<div class="wp-block-button has-custom-width wp-block-button__width-100"><a class="wp-block-button__link has-light-green-cyan-background-color has-background has-medium-font-size has-custom-font-size wp-element-button" href="../festiterroir-2021/" style="border-radius:0px"><strong>2021</strong></a></div>
</div>
</div>



<div class="wp-block-column is-layout-flow wp-block-column-is-layout-flow">
<div class="wp-block-buttons is-content-justification-space-between is-layout-flex wp-container-core-buttons-is-layout-3d213aab wp-block-buttons-is-layout-flex">
<div class="wp-block-button has-custom-width wp-block-button__width-100"><a class="wp-block-button__link has-light-green-cyan-background-color has-background has-medium-font-size has-custom-font-size wp-element-button" href="../festiterroir-2020/" style="border-radius:0px"><strong>2020</strong></a></div>
</div>
</div>



<div class="wp-block-column is-layout-flow wp-block-column-is-layout-flow">
<div class="wp-block-buttons is-content-justification-space-between is-layout-flex wp-container-core-buttons-is-layout-3d213aab wp-block-buttons-is-layout-flex">
<div class="wp-block-button has-custom-width wp-block-button__width-100"><a class="wp-block-button__link has-light-green-cyan-background-color has-background has-medium-font-size has-custom-font-size wp-element-button" href="../festiterroir-2019/" style="border-radius:0px"><strong>2019</strong></a></div>
</div>
</div>
</div>
</div></div>



<p><strong style="color: #34148c;">Les associations <a href="https://www.swissfoodacademy.ch/" target="_blank" rel="noopener noreferrer">Swiss Food Academy</a> associée à Genève Cultive et Biovision proposent tout au long du week-end de très nombreux ateliers pour enfants. Venez mettre la main à la pâte et éveiller vos sens!<br>Nombre limité de places pour chaque atelier.</strong></p>



<p><strong style="color: #34148c;">Inscriptions, réservations, horaires et tarifs directement sur le site de <strong><a href="https://www.swissfoodacademy.ch/nos-activites/" target="_blank" rel="noopener noreferrer">Swiss Food Academy</a></strong></strong><br><strong style="color: #34148c;"><br></strong> </p>



<p><strong>Au Programme</strong> </p>


<div class="wp-block-image">
<figure class="alignleft"><img loading="lazy" decoding="async" width="300" height="169" src="https://www.festiterroir.ch/wp-content/uploads/2023/08/Sliders-300x169.jpg" alt="" class="wp-image-29744" srcset="https://www.davidprego.ch/festi/wp-content/uploads/2023/08/Sliders-300x169.jpg 300w, https://www.davidprego.ch/festi/wp-content/uploads/2023/08/Sliders-768x432.jpg 768w, https://www.davidprego.ch/festi/wp-content/uploads/2023/08/Sliders-1024x576.jpg 1024w, https://www.davidprego.ch/festi/wp-content/uploads/2023/08/Sliders.jpg 1280w" sizes="auto, (max-width: 300px) 100vw, 300px" /></figure></div>


<p><strong style="color: #46d187;"><strong>Samedi 19</strong> / 11h30-12h15 &amp; 14h-14h45 &amp; 15h-15h45<br>Atelier p’tits détectives: dépoussiérer les légumes-racines </strong><em><br></em><br>Des légumes racines… C’est quoi? Et bien, venez dépoussiérer tous les secrets de ces légumes oubliés et devenez un.e enquêteur.ice hors terre! Oserez-vous participer à ce voyage multisensoriel pour démasquer le légume-racine qui se cache parmis nous? En découvrant les multiples variétés qui existent, cette enquête permettra de développer la créativité des p’tits détectives et découvrir les origines et les vertus de ces racines aux formes surprenantes!</p>



<p><em>Atelier pour enfants 6-12 ans<br>Nombre limité de participant·e·s / sur inscription / durée de l’atelier: 45 minutes<br>Tarif de l’atelier: 10.- par enfant à apporter le jour de l’atelier</em><br><a href="https://www.swissfoodacademy.ch/19-aout-atelier-festiterroir/" target="_blank" rel="noopener noreferrer">Inscriptions</a> </p>


<div class="wp-block-image">
<figure class="alignleft"><img loading="lazy" decoding="async" width="300" height="169" src="https://www.festiterroir.ch/wp-content/uploads/2023/08/Sliders-1-300x169.jpg" alt="" class="wp-image-29743" srcset="https://www.davidprego.ch/festi/wp-content/uploads/2023/08/Sliders-1-300x169.jpg 300w, https://www.davidprego.ch/festi/wp-content/uploads/2023/08/Sliders-1-768x432.jpg 768w, https://www.davidprego.ch/festi/wp-content/uploads/2023/08/Sliders-1-1024x576.jpg 1024w, https://www.davidprego.ch/festi/wp-content/uploads/2023/08/Sliders-1.jpg 1280w" sizes="auto, (max-width: 300px) 100vw, 300px" /></figure></div>


<p><strong style="color: #46d187;"><strong>Dimanche 20 / 11h30-12h15 &amp; 14h-14h45 &amp; 15h-15h45<br>Ateliers p’tits chefs: Tartine ta racine fraîcheur</strong><br></strong><em><br></em>C’est l’été. Le soleil bat son plein. Envie de fraîcheur avec une recette facile qui surprend?<br>N’hésitez plus, les p’tits chefs vont cuisiner des drôles de racines aux formes et couleurs surprenantes! Un en-cas fraîcheur assurément bon pour les papilles, mais aussi pour le corps!<br><em><br>Atelier pour enfants 6-12 ans<br>Nombre limité de participant·e·s / sur inscription / durée de l’atelier: 45 minutes<br>Tarif de l’atelier: 10.- par enfant à apporter le jour de l’atelier</em><br><a href="https://www.swissfoodacademy.ch/20-aout-atelier-tartine-ton-en-cas-fraicheur/" target="_blank" rel="noopener noreferrer">Inscriptions</a></p>

<p>Les associations Swiss Food Academy associée à Genève Cultive et Biovision proposent tout au long du week-end de très nombreux ateliers pour enfants. Venez mettre la main à la pâte et éveiller vos sens!Nombre limité de places pour chaque atelier. Inscriptions, réservations, horaires et tarifs&nbsp;&hellip;</p>
