{"id":29755,"date":"2023-08-09T20:14:14","date_gmt":"2023-08-09T18:14:14","guid":{"rendered":"https:\/\/www.festiterroir.ch\/?page_id=29755"},"modified":"2025-06-13T18:44:04","modified_gmt":"2025-06-13T16:44:04","slug":"concerts-2023","status":"publish","type":"page","link":"https:\/\/www.davidprego.ch\/festi\/archives\/concerts-2023\/","title":{"rendered":"Concerts 2023"},"content":{"rendered":"\n<div class=\"wp-block-group\"><div class=\"wp-block-group__inner-container is-layout-constrained wp-block-group-is-layout-constrained\">\n<div class=\"wp-block-columns is-layout-flex wp-container-core-columns-is-layout-9d6595d7 wp-block-columns-is-layout-flex\">\n<div class=\"wp-block-column is-layout-flow wp-block-column-is-layout-flow\">\n<div class=\"wp-block-buttons is-content-justification-space-between is-layout-flex wp-container-core-buttons-is-layout-3d213aab wp-block-buttons-is-layout-flex\">\n<div class=\"wp-block-button has-custom-width wp-block-button__width-100 is-style-fill\"><a class=\"wp-block-button__link has-light-green-cyan-background-color has-background has-medium-font-size has-text-align-center has-custom-font-size wp-element-button\" href=\"..\/festiterroir-2024-bilan\/\" style=\"border-radius:0px\"><strong>2024<\/strong><\/a><\/div>\n<\/div>\n<\/div>\n\n\n\n<div class=\"wp-block-column is-layout-flow wp-block-column-is-layout-flow\">\n<div class=\"wp-block-buttons is-content-justification-space-between is-layout-flex wp-container-core-buttons-is-layout-3d213aab wp-block-buttons-is-layout-flex\">\n<div class=\"wp-block-button has-custom-width wp-block-button__width-100\"><a class=\"wp-block-button__link has-light-green-cyan-background-color has-background has-medium-font-size has-custom-font-size wp-element-button\" href=\"..\/festiterroir-2023-bilan\/\" style=\"border-radius:0px\"><strong>2023<\/strong><\/a><\/div>\n<\/div>\n<\/div>\n\n\n\n<div class=\"wp-block-column is-layout-flow wp-block-column-is-layout-flow\">\n<div class=\"wp-block-buttons is-content-justification-space-between is-layout-flex wp-container-core-buttons-is-layout-3d213aab wp-block-buttons-is-layout-flex\">\n<div class=\"wp-block-button has-custom-width wp-block-button__width-100\"><a class=\"wp-block-button__link has-light-green-cyan-background-color has-background has-medium-font-size has-custom-font-size wp-element-button\" href=\"..\/festiterroir-2022-bilan\/\" style=\"border-radius:0px\"><strong>2022<\/strong><\/a><\/div>\n<\/div>\n<\/div>\n<\/div>\n\n\n\n<div class=\"wp-block-columns is-layout-flex wp-container-core-columns-is-layout-9d6595d7 wp-block-columns-is-layout-flex\">\n<div class=\"wp-block-column is-layout-flow wp-block-column-is-layout-flow\">\n<div class=\"wp-block-buttons is-content-justification-space-between is-layout-flex wp-container-core-buttons-is-layout-3d213aab wp-block-buttons-is-layout-flex\">\n<div class=\"wp-block-button has-custom-width wp-block-button__width-100\"><a class=\"wp-block-button__link has-light-green-cyan-background-color has-background has-medium-font-size has-custom-font-size wp-element-button\" href=\"..\/festiterroir-2021\/\" style=\"border-radius:0px\"><strong>2021<\/strong><\/a><\/div>\n<\/div>\n<\/div>\n\n\n\n<div class=\"wp-block-column is-layout-flow wp-block-column-is-layout-flow\">\n<div class=\"wp-block-buttons is-content-justification-space-between is-layout-flex wp-container-core-buttons-is-layout-3d213aab wp-block-buttons-is-layout-flex\">\n<div class=\"wp-block-button has-custom-width wp-block-button__width-100\"><a class=\"wp-block-button__link has-light-green-cyan-background-color has-background has-medium-font-size has-custom-font-size wp-element-button\" href=\"..\/festiterroir-2020\/\" style=\"border-radius:0px\"><strong>2020<\/strong><\/a><\/div>\n<\/div>\n<\/div>\n\n\n\n<div class=\"wp-block-column is-layout-flow wp-block-column-is-layout-flow\">\n<div class=\"wp-block-buttons is-content-justification-space-between is-layout-flex wp-container-core-buttons-is-layout-3d213aab wp-block-buttons-is-layout-flex\">\n<div class=\"wp-block-button has-custom-width wp-block-button__width-100\"><a class=\"wp-block-button__link has-light-green-cyan-background-color has-background has-medium-font-size has-custom-font-size wp-element-button\" href=\"..\/festiterroir-2019\/\" style=\"border-radius:0px\"><strong>2019<\/strong><\/a><\/div>\n<\/div>\n<\/div>\n<\/div>\n<\/div><\/div>\n\n\n\n<p><strong style=\"color: #46d187;\"><strong>Concerts de poche en immersion pour r\u00eaver sous les arbres.<\/strong><br><a href=\"https:\/\/www.instagram.com\/cheptel_records\/?hl=en\" target=\"_blank\" rel=\"noopener noreferrer\">Cheptel Records<\/a>, label ind\u00e9pendant genevois propose des concerts dans le parc en mode presque acoustique.<br><\/strong><\/p>\n\n\n<div class=\"wp-block-image\">\n<figure class=\"alignleft\"><img loading=\"lazy\" decoding=\"async\" width=\"300\" height=\"200\" src=\"https:\/\/www.festiterroir.ch\/wp-content\/uploads\/2023\/08\/TheLongJohnBrothers-300x200.jpg\" alt=\"\" class=\"wp-image-29761\" srcset=\"https:\/\/www.davidprego.ch\/festi\/wp-content\/uploads\/2023\/08\/TheLongJohnBrothers-300x200.jpg 300w, https:\/\/www.davidprego.ch\/festi\/wp-content\/uploads\/2023\/08\/TheLongJohnBrothers-768x512.jpg 768w, https:\/\/www.davidprego.ch\/festi\/wp-content\/uploads\/2023\/08\/TheLongJohnBrothers-1024x683.jpg 1024w, https:\/\/www.davidprego.ch\/festi\/wp-content\/uploads\/2023\/08\/TheLongJohnBrothers.jpg 1200w\" sizes=\"auto, (max-width: 300px) 100vw, 300px\" \/><\/figure><\/div>\n\n\n<p><strong style=\"color: #338aff;\"><br><\/strong><strong style=\"color: #338aff;\">Vendredi 18 ao\u00fbt \/ 19h<br>The Long John Brothers<\/strong><br><em>Roots blues, acoustique country music<\/em><\/p>\n\n\n\n<p>Quartet de bluegrass romand, the Long John Brothers alternent compositions personnelles et standards de cette musique purement acoustique, n\u00e9e quelque part dans les Appalaches dans les ann\u00e9es 40. \u00c7a joue vite comme \u00e7a waltz langoureusement, chantant en harmonie toujours \u00e0 la fronti\u00e8re entre folk, country et gospel.<br><a href=\"https:\/\/www.instagram.com\/thelongjohnbrothers\/?hl=en\" target=\"_blank\" rel=\"noopener noreferrer\">Plus d\u2019infos<\/a><\/p>\n\n\n<div class=\"wp-block-image\">\n<figure class=\"alignleft\"><img loading=\"lazy\" decoding=\"async\" width=\"300\" height=\"200\" src=\"https:\/\/www.festiterroir.ch\/wp-content\/uploads\/2023\/08\/Aikya-300x200.jpg\" alt=\"\" class=\"wp-image-29757\" srcset=\"https:\/\/www.davidprego.ch\/festi\/wp-content\/uploads\/2023\/08\/Aikya-300x200.jpg 300w, https:\/\/www.davidprego.ch\/festi\/wp-content\/uploads\/2023\/08\/Aikya-768x512.jpg 768w, https:\/\/www.davidprego.ch\/festi\/wp-content\/uploads\/2023\/08\/Aikya-1024x683.jpg 1024w, https:\/\/www.davidprego.ch\/festi\/wp-content\/uploads\/2023\/08\/Aikya.jpg 1200w\" sizes=\"auto, (max-width: 300px) 100vw, 300px\" \/><\/figure><\/div>\n\n\n<p><strong style=\"color: #338aff;\"><br><\/strong><strong style=\"color: #338aff;\">Samedi 19 ao\u00fbt \/ 16h<br>Aikya <\/strong><br><em>Mash-up rythmique afro-berb\u00e8res, indiens et occidentaux<\/em><\/p>\n\n\n\n<p>Une violoniste kabyle, un percussionniste d\u2019Inde du Nord et un joueur de Guembri marocains, r\u00e9unis sous le m\u00eame terme: Unit\u00e9! Aikya en sanscrit! Une rencontre coh\u00e9rente \u00e0 Gen\u00e8ve entre des cultures et une \u00e2me commune qui laisse place \u00e0 une musique habit\u00e9e, libre, parfois a\u00e9rienne, parfois dansante!<br><a href=\"https:\/\/www.youtube.com\/watch?v=vWWVwv9XkbU\" target=\"_blank\" rel=\"noopener noreferrer\">Ecouter<\/a><\/p>\n\n\n<div class=\"wp-block-image\">\n<figure class=\"alignleft\"><img loading=\"lazy\" decoding=\"async\" width=\"300\" height=\"200\" src=\"https:\/\/www.festiterroir.ch\/wp-content\/uploads\/2023\/08\/Divine-300x200.jpg\" alt=\"\" class=\"wp-image-29759\" srcset=\"https:\/\/www.davidprego.ch\/festi\/wp-content\/uploads\/2023\/08\/Divine-300x200.jpg 300w, https:\/\/www.davidprego.ch\/festi\/wp-content\/uploads\/2023\/08\/Divine-768x512.jpg 768w, https:\/\/www.davidprego.ch\/festi\/wp-content\/uploads\/2023\/08\/Divine-1024x683.jpg 1024w, https:\/\/www.davidprego.ch\/festi\/wp-content\/uploads\/2023\/08\/Divine.jpg 1200w\" sizes=\"auto, (max-width: 300px) 100vw, 300px\" \/><\/figure><\/div>\n\n\n<p><strong style=\"color: #338aff;\"><br><\/strong><strong style=\"color: #338aff;\">Samedi 19 ao\u00fbt \/ 19h<br>Divine<\/strong><br><em>Brasilian psych\u00e9-For\u00f2 en trio<\/em><\/p>\n\n\n\n<p>Divine, c\u2019est le sentiment d\u2019un soir d\u2019\u00e9t\u00e9, accoud\u00e9 au comptoir, avec une brise l\u00e9g\u00e8rede romance et de rythme chaloup\u00e9. Un trio qui ancre sa musique dans les racines du Nordeste, l\u00e0 o\u00f9 notre id\u00e9e du Br\u00e9sil fusionne avec le large des cara\u00efbes et la<br>profondeur des for\u00eats amazoniennes.\u00a0<\/p>\n\n\n<div class=\"wp-block-image\">\n<figure class=\"alignleft\"><img loading=\"lazy\" decoding=\"async\" width=\"300\" height=\"200\" src=\"https:\/\/www.festiterroir.ch\/wp-content\/uploads\/2023\/08\/Ares-300x200.jpg\" alt=\"\" class=\"wp-image-29758\" srcset=\"https:\/\/www.davidprego.ch\/festi\/wp-content\/uploads\/2023\/08\/Ares-300x200.jpg 300w, https:\/\/www.davidprego.ch\/festi\/wp-content\/uploads\/2023\/08\/Ares-768x511.jpg 768w, https:\/\/www.davidprego.ch\/festi\/wp-content\/uploads\/2023\/08\/Ares-1024x681.jpg 1024w, https:\/\/www.davidprego.ch\/festi\/wp-content\/uploads\/2023\/08\/Ares.jpg 1203w\" sizes=\"auto, (max-width: 300px) 100vw, 300px\" \/><\/figure><\/div>\n\n\n<p><strong style=\"color: #338aff;\"><br><\/strong><strong style=\"color: #338aff;\">Dimanche 20 ao\u00fbt \/ 11h<br>Quatuor Ar\u00e8s<\/strong><br><em>4 musiciennes \u00e0 cordes pour un programme vari\u00e9, libre et inclusif<\/em><\/p>\n\n\n\n<p>R\u00e9union de 4 musiciennes de la r\u00e9gion, le Quatuor Ar\u00e8s propose un programme pour la matin\u00e9e glissant d\u2019Astor Piazzola \u00e0 Fanny Hensel et Frantz Shubert. R\u00e9unies sous le nom du fils d\u2019H\u00e9ra, elles nous plongeront dans un univers calme et magnifique pour commencer le dimanche.\u00a0<\/p>\n\n\n<div class=\"wp-block-image\">\n<figure class=\"alignleft\"><img loading=\"lazy\" decoding=\"async\" width=\"300\" height=\"200\" src=\"https:\/\/www.festiterroir.ch\/wp-content\/uploads\/2023\/08\/LOrage-300x200.jpg\" alt=\"\" class=\"wp-image-29760\" srcset=\"https:\/\/www.davidprego.ch\/festi\/wp-content\/uploads\/2023\/08\/LOrage-300x200.jpg 300w, https:\/\/www.davidprego.ch\/festi\/wp-content\/uploads\/2023\/08\/LOrage-768x511.jpg 768w, https:\/\/www.davidprego.ch\/festi\/wp-content\/uploads\/2023\/08\/LOrage-1024x681.jpg 1024w, https:\/\/www.davidprego.ch\/festi\/wp-content\/uploads\/2023\/08\/LOrage.jpg 1200w\" sizes=\"auto, (max-width: 300px) 100vw, 300px\" \/><\/figure><\/div>\n\n\n<p><strong style=\"color: #338aff;\"><br><\/strong><strong style=\"color: #338aff;\">Dimanche 20 ao\u00fbt \/ 16h<br>L\u2019Orage <\/strong><br><em>jazz libre musique deep<\/em><\/p>\n\n\n\n<p>L\u2019Orage est le quartet de Jazz construit autour du batteur Nelson Schaer. Guid\u00e9 par le son du saxophone Tenor de Ganesh Geymeier, les 4 musiciens naviguent ensemble depuis 8 ans et fusionnent leurs visions du jazz et du groove comme une seule et m\u00eame personne.<br><a href=\"https:\/\/lorage.bandcamp.com\/album\/lorage\" target=\"_blank\" rel=\"noopener noreferrer\">Ecouter<\/a><\/p>\n","protected":false},"excerpt":{"rendered":"<p>Concerts de poche en immersion pour r\u00eaver sous les arbres.Cheptel Records, label ind\u00e9pendant genevois propose des concerts dans le parc en mode presque acoustique. Vendredi 18 ao\u00fbt \/ 19hThe Long John BrothersRoots blues, acoustique country music Quartet de bluegrass romand, the Long John Brothers alternent&nbsp;&hellip;<\/p>\n","protected":false},"author":1,"featured_media":0,"parent":30472,"menu_order":25,"comment_status":"closed","ping_status":"closed","template":"","meta":{"_acf_changed":false,"pgc_sgb_lightbox_settings":"","footnotes":""},"class_list":["post-29755","page","type-page","status-publish","hentry"],"acf":[],"_links":{"self":[{"href":"https:\/\/www.davidprego.ch\/festi\/wp-json\/wp\/v2\/pages\/29755","targetHints":{"allow":["GET"]}}],"collection":[{"href":"https:\/\/www.davidprego.ch\/festi\/wp-json\/wp\/v2\/pages"}],"about":[{"href":"https:\/\/www.davidprego.ch\/festi\/wp-json\/wp\/v2\/types\/page"}],"author":[{"embeddable":true,"href":"https:\/\/www.davidprego.ch\/festi\/wp-json\/wp\/v2\/users\/1"}],"replies":[{"embeddable":true,"href":"https:\/\/www.davidprego.ch\/festi\/wp-json\/wp\/v2\/comments?post=29755"}],"version-history":[{"count":11,"href":"https:\/\/www.davidprego.ch\/festi\/wp-json\/wp\/v2\/pages\/29755\/revisions"}],"predecessor-version":[{"id":30681,"href":"https:\/\/www.davidprego.ch\/festi\/wp-json\/wp\/v2\/pages\/29755\/revisions\/30681"}],"up":[{"embeddable":true,"href":"https:\/\/www.davidprego.ch\/festi\/wp-json\/wp\/v2\/pages\/30472"}],"wp:attachment":[{"href":"https:\/\/www.davidprego.ch\/festi\/wp-json\/wp\/v2\/media?parent=29755"}],"curies":[{"name":"wp","href":"https:\/\/api.w.org\/{rel}","templated":true}]}}

<div class="wp-block-group"><div class="wp-block-group__inner-container is-layout-constrained wp-block-group-is-layout-constrained">
<div class="wp-block-columns is-layout-flex wp-container-core-columns-is-layout-9d6595d7 wp-block-columns-is-layout-flex">
<div class="wp-block-column is-layout-flow wp-block-column-is-layout-flow">
<div class="wp-block-buttons is-content-justification-space-between is-layout-flex wp-container-core-buttons-is-layout-3d213aab wp-block-buttons-is-layout-flex">
<div class="wp-block-button has-custom-width wp-block-button__width-100 is-style-fill"><a class="wp-block-button__link has-light-green-cyan-background-color has-background has-medium-font-size has-text-align-center has-custom-font-size wp-element-button" href="../festiterroir-2024-bilan/" style="border-radius:0px"><strong>2024</strong></a></div>
</div>
</div>



<div class="wp-block-column is-layout-flow wp-block-column-is-layout-flow">
<div class="wp-block-buttons is-content-justification-space-between is-layout-flex wp-container-core-buttons-is-layout-3d213aab wp-block-buttons-is-layout-flex">
<div class="wp-block-button has-custom-width wp-block-button__width-100"><a class="wp-block-button__link has-light-green-cyan-background-color has-background has-medium-font-size has-custom-font-size wp-element-button" href="../festiterroir-2023-bilan/" style="border-radius:0px"><strong>2023</strong></a></div>
</div>
</div>



<div class="wp-block-column is-layout-flow wp-block-column-is-layout-flow">
<div class="wp-block-buttons is-content-justification-space-between is-layout-flex wp-container-core-buttons-is-layout-3d213aab wp-block-buttons-is-layout-flex">
<div class="wp-block-button has-custom-width wp-block-button__width-100"><a class="wp-block-button__link has-light-green-cyan-background-color has-background has-medium-font-size has-custom-font-size wp-element-button" href="../festiterroir-2022-bilan/" style="border-radius:0px"><strong>2022</strong></a></div>
</div>
</div>
</div>



<div class="wp-block-columns is-layout-flex wp-container-core-columns-is-layout-9d6595d7 wp-block-columns-is-layout-flex">
<div class="wp-block-column is-layout-flow wp-block-column-is-layout-flow">
<div class="wp-block-buttons is-content-justification-space-between is-layout-flex wp-container-core-buttons-is-layout-3d213aab wp-block-buttons-is-layout-flex">
<div class="wp-block-button has-custom-width wp-block-button__width-100"><a class="wp-block-button__link has-light-green-cyan-background-color has-background has-medium-font-size has-custom-font-size wp-element-button" href="../festiterroir-2021/" style="border-radius:0px"><strong>2021</strong></a></div>
</div>
</div>



<div class="wp-block-column is-layout-flow wp-block-column-is-layout-flow">
<div class="wp-block-buttons is-content-justification-space-between is-layout-flex wp-container-core-buttons-is-layout-3d213aab wp-block-buttons-is-layout-flex">
<div class="wp-block-button has-custom-width wp-block-button__width-100"><a class="wp-block-button__link has-light-green-cyan-background-color has-background has-medium-font-size has-custom-font-size wp-element-button" href="../festiterroir-2020/" style="border-radius:0px"><strong>2020</strong></a></div>
</div>
</div>



<div class="wp-block-column is-layout-flow wp-block-column-is-layout-flow">
<div class="wp-block-buttons is-content-justification-space-between is-layout-flex wp-container-core-buttons-is-layout-3d213aab wp-block-buttons-is-layout-flex">
<div class="wp-block-button has-custom-width wp-block-button__width-100"><a class="wp-block-button__link has-light-green-cyan-background-color has-background has-medium-font-size has-custom-font-size wp-element-button" href="../festiterroir-2019/" style="border-radius:0px"><strong>2019</strong></a></div>
</div>
</div>
</div>
</div></div>



<p><strong style="color: #46d187;"><strong>Concerts de poche en immersion pour rêver sous les arbres.</strong><br><a href="https://www.instagram.com/cheptel_records/?hl=en" target="_blank" rel="noopener noreferrer">Cheptel Records</a>, label indépendant genevois propose des concerts dans le parc en mode presque acoustique.<br></strong></p>


<div class="wp-block-image">
<figure class="alignleft"><img loading="lazy" decoding="async" width="300" height="200" src="https://www.festiterroir.ch/wp-content/uploads/2023/08/TheLongJohnBrothers-300x200.jpg" alt="" class="wp-image-29761" srcset="https://www.davidprego.ch/festi/wp-content/uploads/2023/08/TheLongJohnBrothers-300x200.jpg 300w, https://www.davidprego.ch/festi/wp-content/uploads/2023/08/TheLongJohnBrothers-768x512.jpg 768w, https://www.davidprego.ch/festi/wp-content/uploads/2023/08/TheLongJohnBrothers-1024x683.jpg 1024w, https://www.davidprego.ch/festi/wp-content/uploads/2023/08/TheLongJohnBrothers.jpg 1200w" sizes="auto, (max-width: 300px) 100vw, 300px" /></figure></div>


<p><strong style="color: #338aff;"><br></strong><strong style="color: #338aff;">Vendredi 18 août / 19h<br>The Long John Brothers</strong><br><em>Roots blues, acoustique country music</em></p>



<p>Quartet de bluegrass romand, the Long John Brothers alternent compositions personnelles et standards de cette musique purement acoustique, née quelque part dans les Appalaches dans les années 40. Ça joue vite comme ça waltz langoureusement, chantant en harmonie toujours à la frontière entre folk, country et gospel.<br><a href="https://www.instagram.com/thelongjohnbrothers/?hl=en" target="_blank" rel="noopener noreferrer">Plus d’infos</a></p>


<div class="wp-block-image">
<figure class="alignleft"><img loading="lazy" decoding="async" width="300" height="200" src="https://www.festiterroir.ch/wp-content/uploads/2023/08/Aikya-300x200.jpg" alt="" class="wp-image-29757" srcset="https://www.davidprego.ch/festi/wp-content/uploads/2023/08/Aikya-300x200.jpg 300w, https://www.davidprego.ch/festi/wp-content/uploads/2023/08/Aikya-768x512.jpg 768w, https://www.davidprego.ch/festi/wp-content/uploads/2023/08/Aikya-1024x683.jpg 1024w, https://www.davidprego.ch/festi/wp-content/uploads/2023/08/Aikya.jpg 1200w" sizes="auto, (max-width: 300px) 100vw, 300px" /></figure></div>


<p><strong style="color: #338aff;"><br></strong><strong style="color: #338aff;">Samedi 19 août / 16h<br>Aikya </strong><br><em>Mash-up rythmique afro-berbères, indiens et occidentaux</em></p>



<p>Une violoniste kabyle, un percussionniste d’Inde du Nord et un joueur de Guembri marocains, réunis sous le même terme: Unité! Aikya en sanscrit! Une rencontre cohérente à Genève entre des cultures et une âme commune qui laisse place à une musique habitée, libre, parfois aérienne, parfois dansante!<br><a href="https://www.youtube.com/watch?v=vWWVwv9XkbU" target="_blank" rel="noopener noreferrer">Ecouter</a></p>


<div class="wp-block-image">
<figure class="alignleft"><img loading="lazy" decoding="async" width="300" height="200" src="https://www.festiterroir.ch/wp-content/uploads/2023/08/Divine-300x200.jpg" alt="" class="wp-image-29759" srcset="https://www.davidprego.ch/festi/wp-content/uploads/2023/08/Divine-300x200.jpg 300w, https://www.davidprego.ch/festi/wp-content/uploads/2023/08/Divine-768x512.jpg 768w, https://www.davidprego.ch/festi/wp-content/uploads/2023/08/Divine-1024x683.jpg 1024w, https://www.davidprego.ch/festi/wp-content/uploads/2023/08/Divine.jpg 1200w" sizes="auto, (max-width: 300px) 100vw, 300px" /></figure></div>


<p><strong style="color: #338aff;"><br></strong><strong style="color: #338aff;">Samedi 19 août / 19h<br>Divine</strong><br><em>Brasilian psyché-Forò en trio</em></p>



<p>Divine, c’est le sentiment d’un soir d’été, accoudé au comptoir, avec une brise légèrede romance et de rythme chaloupé. Un trio qui ancre sa musique dans les racines du Nordeste, là où notre idée du Brésil fusionne avec le large des caraïbes et la<br>profondeur des forêts amazoniennes. </p>


<div class="wp-block-image">
<figure class="alignleft"><img loading="lazy" decoding="async" width="300" height="200" src="https://www.festiterroir.ch/wp-content/uploads/2023/08/Ares-300x200.jpg" alt="" class="wp-image-29758" srcset="https://www.davidprego.ch/festi/wp-content/uploads/2023/08/Ares-300x200.jpg 300w, https://www.davidprego.ch/festi/wp-content/uploads/2023/08/Ares-768x511.jpg 768w, https://www.davidprego.ch/festi/wp-content/uploads/2023/08/Ares-1024x681.jpg 1024w, https://www.davidprego.ch/festi/wp-content/uploads/2023/08/Ares.jpg 1203w" sizes="auto, (max-width: 300px) 100vw, 300px" /></figure></div>


<p><strong style="color: #338aff;"><br></strong><strong style="color: #338aff;">Dimanche 20 août / 11h<br>Quatuor Arès</strong><br><em>4 musiciennes à cordes pour un programme varié, libre et inclusif</em></p>



<p>Réunion de 4 musiciennes de la région, le Quatuor Arès propose un programme pour la matinée glissant d’Astor Piazzola à Fanny Hensel et Frantz Shubert. Réunies sous le nom du fils d’Héra, elles nous plongeront dans un univers calme et magnifique pour commencer le dimanche. </p>


<div class="wp-block-image">
<figure class="alignleft"><img loading="lazy" decoding="async" width="300" height="200" src="https://www.festiterroir.ch/wp-content/uploads/2023/08/LOrage-300x200.jpg" alt="" class="wp-image-29760" srcset="https://www.davidprego.ch/festi/wp-content/uploads/2023/08/LOrage-300x200.jpg 300w, https://www.davidprego.ch/festi/wp-content/uploads/2023/08/LOrage-768x511.jpg 768w, https://www.davidprego.ch/festi/wp-content/uploads/2023/08/LOrage-1024x681.jpg 1024w, https://www.davidprego.ch/festi/wp-content/uploads/2023/08/LOrage.jpg 1200w" sizes="auto, (max-width: 300px) 100vw, 300px" /></figure></div>


<p><strong style="color: #338aff;"><br></strong><strong style="color: #338aff;">Dimanche 20 août / 16h<br>L’Orage </strong><br><em>jazz libre musique deep</em></p>



<p>L’Orage est le quartet de Jazz construit autour du batteur Nelson Schaer. Guidé par le son du saxophone Tenor de Ganesh Geymeier, les 4 musiciens naviguent ensemble depuis 8 ans et fusionnent leurs visions du jazz et du groove comme une seule et même personne.<br><a href="https://lorage.bandcamp.com/album/lorage" target="_blank" rel="noopener noreferrer">Ecouter</a></p>

<p>Concerts de poche en immersion pour rêver sous les arbres.Cheptel Records, label indépendant genevois propose des concerts dans le parc en mode presque acoustique. Vendredi 18 août / 19hThe Long John BrothersRoots blues, acoustique country music Quartet de bluegrass romand, the Long John Brothers alternent&nbsp;&hellip;</p>
