{"id":29785,"date":"2023-08-09T21:41:08","date_gmt":"2023-08-09T19:41:08","guid":{"rendered":"https:\/\/www.festiterroir.ch\/?page_id=29785"},"modified":"2025-06-13T18:48:01","modified_gmt":"2025-06-13T16:48:01","slug":"animations-2023","status":"publish","type":"page","link":"https:\/\/www.davidprego.ch\/festi\/archives\/animations-2023\/","title":{"rendered":"Autres animations 2023"},"content":{"rendered":"\n<div class=\"wp-block-group\"><div class=\"wp-block-group__inner-container is-layout-constrained wp-block-group-is-layout-constrained\">\n<div class=\"wp-block-columns is-layout-flex wp-container-core-columns-is-layout-9d6595d7 wp-block-columns-is-layout-flex\">\n<div class=\"wp-block-column is-layout-flow wp-block-column-is-layout-flow\">\n<div class=\"wp-block-buttons is-content-justification-space-between is-layout-flex wp-container-core-buttons-is-layout-3d213aab wp-block-buttons-is-layout-flex\">\n<div class=\"wp-block-button has-custom-width wp-block-button__width-100 is-style-fill\"><a class=\"wp-block-button__link has-light-green-cyan-background-color has-background has-medium-font-size has-text-align-center has-custom-font-size wp-element-button\" href=\"..\/festiterroir-2024-bilan\/\" style=\"border-radius:0px\"><strong>2024<\/strong><\/a><\/div>\n<\/div>\n<\/div>\n\n\n\n<div class=\"wp-block-column is-layout-flow wp-block-column-is-layout-flow\">\n<div class=\"wp-block-buttons is-content-justification-space-between is-layout-flex wp-container-core-buttons-is-layout-3d213aab wp-block-buttons-is-layout-flex\">\n<div class=\"wp-block-button has-custom-width wp-block-button__width-100\"><a class=\"wp-block-button__link has-light-green-cyan-background-color has-background has-medium-font-size has-custom-font-size wp-element-button\" href=\"..\/festiterroir-2023-bilan\/\" style=\"border-radius:0px\"><strong>2023<\/strong><\/a><\/div>\n<\/div>\n<\/div>\n\n\n\n<div class=\"wp-block-column is-layout-flow wp-block-column-is-layout-flow\">\n<div class=\"wp-block-buttons is-content-justification-space-between is-layout-flex wp-container-core-buttons-is-layout-3d213aab wp-block-buttons-is-layout-flex\">\n<div class=\"wp-block-button has-custom-width wp-block-button__width-100\"><a class=\"wp-block-button__link has-light-green-cyan-background-color has-background has-medium-font-size has-custom-font-size wp-element-button\" href=\"..\/festiterroir-2022-bilan\/\" style=\"border-radius:0px\"><strong>2022<\/strong><\/a><\/div>\n<\/div>\n<\/div>\n<\/div>\n\n\n\n<div class=\"wp-block-columns is-layout-flex wp-container-core-columns-is-layout-9d6595d7 wp-block-columns-is-layout-flex\">\n<div class=\"wp-block-column is-layout-flow wp-block-column-is-layout-flow\">\n<div class=\"wp-block-buttons is-content-justification-space-between is-layout-flex wp-container-core-buttons-is-layout-3d213aab wp-block-buttons-is-layout-flex\">\n<div class=\"wp-block-button has-custom-width wp-block-button__width-100\"><a class=\"wp-block-button__link has-light-green-cyan-background-color has-background has-medium-font-size has-custom-font-size wp-element-button\" href=\"..\/festiterroir-2021\/\" style=\"border-radius:0px\"><strong>2021<\/strong><\/a><\/div>\n<\/div>\n<\/div>\n\n\n\n<div class=\"wp-block-column is-layout-flow wp-block-column-is-layout-flow\">\n<div class=\"wp-block-buttons is-content-justification-space-between is-layout-flex wp-container-core-buttons-is-layout-3d213aab wp-block-buttons-is-layout-flex\">\n<div class=\"wp-block-button has-custom-width wp-block-button__width-100\"><a class=\"wp-block-button__link has-light-green-cyan-background-color has-background has-medium-font-size has-custom-font-size wp-element-button\" href=\"..\/festiterroir-2020\/\" style=\"border-radius:0px\"><strong>2020<\/strong><\/a><\/div>\n<\/div>\n<\/div>\n\n\n\n<div class=\"wp-block-column is-layout-flow wp-block-column-is-layout-flow\">\n<div class=\"wp-block-buttons is-content-justification-space-between is-layout-flex wp-container-core-buttons-is-layout-3d213aab wp-block-buttons-is-layout-flex\">\n<div class=\"wp-block-button has-custom-width wp-block-button__width-100\"><a class=\"wp-block-button__link has-light-green-cyan-background-color has-background has-medium-font-size has-custom-font-size wp-element-button\" href=\"..\/festiterroir-2019\/\" style=\"border-radius:0px\"><strong>2019<\/strong><\/a><\/div>\n<\/div>\n<\/div>\n<\/div>\n<\/div><\/div>\n\n\n\n<p><strong style=\"color: #ff337d;\">Tout au long du week-end, des ateliers, animations et d\u00e9gustations sont organis\u00e9s par les diff\u00e9rents stand pr\u00e9sents. Diverses activit\u00e9s pour enfants (et grands enfants aussi) sont \u00e9galement propos\u00e9s dans le parc, notamment: <\/strong><\/p>\n\n\n\n<p><strong style=\"color: #46d187;\">Samedi et Dimanche 10h\u201318h<br>Rosa \u00e0 cheval<\/strong><br>Petits chevaux \u00e0 p\u00e9dales pour enfants pour cavaler dans le parc<br>\u2192 \u00c0 c\u00f4t\u00e9 de la pelouse du Mur des Reformateurs<\/p>\n\n\n\n<p><strong style=\"color: #46d187;\">Samedi et Dimanche<br>La roue des \u00e9co-d\u00e9fis plan\u00e9taires<\/strong><br>Propos\u00e9 par Le Sablier de Cassandre (<a href=\"https:\/\/www.larouedesecodefis.com\/\" target=\"_blank\" rel=\"noopener noreferrer\">voir ici<\/a>)<br>D\u00e9couvrir les limites de notre unique espace de vie, la Terre, en faisant tourner une roue g\u00e9ante et en explorant l\u2019exposition. Chaque personne est encourag\u00e9e \u00e0 reconna\u00eetre sa capacit\u00e9 d\u2019agir \u00e0 titre individuel et collectif pour respecter ces limites plan\u00e9taires, en relevant un \u00e9co-d\u00e9fi \u00e0 court terme.<br>\u2192 \u00c0 c\u00f4t\u00e9 de la pelouse du Mur des Reformateurs<\/p>\n\n\n\n<p><strong style=\"color: #46d187;\">Dimanche 14h\u201316h<br>Tours en cal\u00e8che dans le parc<\/strong><br>Propos\u00e9s par Laure et Francis Chavaz, producteurs \u00e0 Veyrier<br>\u2192 All\u00e9e centrale apr\u00e8s les stands en direction de la Vieille-Ville<\/p>\n","protected":false},"excerpt":{"rendered":"<p>Tout au long du week-end, des ateliers, animations et d\u00e9gustations sont organis\u00e9s par les diff\u00e9rents stand pr\u00e9sents. Diverses activit\u00e9s pour enfants (et grands enfants aussi) sont \u00e9galement propos\u00e9s dans le parc, notamment: Samedi et Dimanche 10h\u201318hRosa \u00e0 chevalPetits chevaux \u00e0 p\u00e9dales pour enfants pour cavaler&nbsp;&hellip;<\/p>\n","protected":false},"author":1,"featured_media":0,"parent":30472,"menu_order":28,"comment_status":"closed","ping_status":"closed","template":"","meta":{"_acf_changed":false,"pgc_sgb_lightbox_settings":"","footnotes":""},"class_list":["post-29785","page","type-page","status-publish","hentry"],"acf":[],"_links":{"self":[{"href":"https:\/\/www.davidprego.ch\/festi\/wp-json\/wp\/v2\/pages\/29785","targetHints":{"allow":["GET"]}}],"collection":[{"href":"https:\/\/www.davidprego.ch\/festi\/wp-json\/wp\/v2\/pages"}],"about":[{"href":"https:\/\/www.davidprego.ch\/festi\/wp-json\/wp\/v2\/types\/page"}],"author":[{"embeddable":true,"href":"https:\/\/www.davidprego.ch\/festi\/wp-json\/wp\/v2\/users\/1"}],"replies":[{"embeddable":true,"href":"https:\/\/www.davidprego.ch\/festi\/wp-json\/wp\/v2\/comments?post=29785"}],"version-history":[{"count":5,"href":"https:\/\/www.davidprego.ch\/festi\/wp-json\/wp\/v2\/pages\/29785\/revisions"}],"predecessor-version":[{"id":30684,"href":"https:\/\/www.davidprego.ch\/festi\/wp-json\/wp\/v2\/pages\/29785\/revisions\/30684"}],"up":[{"embeddable":true,"href":"https:\/\/www.davidprego.ch\/festi\/wp-json\/wp\/v2\/pages\/30472"}],"wp:attachment":[{"href":"https:\/\/www.davidprego.ch\/festi\/wp-json\/wp\/v2\/media?parent=29785"}],"curies":[{"name":"wp","href":"https:\/\/api.w.org\/{rel}","templated":true}]}}

<div class="wp-block-group"><div class="wp-block-group__inner-container is-layout-constrained wp-block-group-is-layout-constrained">
<div class="wp-block-columns is-layout-flex wp-container-core-columns-is-layout-9d6595d7 wp-block-columns-is-layout-flex">
<div class="wp-block-column is-layout-flow wp-block-column-is-layout-flow">
<div class="wp-block-buttons is-content-justification-space-between is-layout-flex wp-container-core-buttons-is-layout-3d213aab wp-block-buttons-is-layout-flex">
<div class="wp-block-button has-custom-width wp-block-button__width-100 is-style-fill"><a class="wp-block-button__link has-light-green-cyan-background-color has-background has-medium-font-size has-text-align-center has-custom-font-size wp-element-button" href="../festiterroir-2024-bilan/" style="border-radius:0px"><strong>2024</strong></a></div>
</div>
</div>



<div class="wp-block-column is-layout-flow wp-block-column-is-layout-flow">
<div class="wp-block-buttons is-content-justification-space-between is-layout-flex wp-container-core-buttons-is-layout-3d213aab wp-block-buttons-is-layout-flex">
<div class="wp-block-button has-custom-width wp-block-button__width-100"><a class="wp-block-button__link has-light-green-cyan-background-color has-background has-medium-font-size has-custom-font-size wp-element-button" href="../festiterroir-2023-bilan/" style="border-radius:0px"><strong>2023</strong></a></div>
</div>
</div>



<div class="wp-block-column is-layout-flow wp-block-column-is-layout-flow">
<div class="wp-block-buttons is-content-justification-space-between is-layout-flex wp-container-core-buttons-is-layout-3d213aab wp-block-buttons-is-layout-flex">
<div class="wp-block-button has-custom-width wp-block-button__width-100"><a class="wp-block-button__link has-light-green-cyan-background-color has-background has-medium-font-size has-custom-font-size wp-element-button" href="../festiterroir-2022-bilan/" style="border-radius:0px"><strong>2022</strong></a></div>
</div>
</div>
</div>



<div class="wp-block-columns is-layout-flex wp-container-core-columns-is-layout-9d6595d7 wp-block-columns-is-layout-flex">
<div class="wp-block-column is-layout-flow wp-block-column-is-layout-flow">
<div class="wp-block-buttons is-content-justification-space-between is-layout-flex wp-container-core-buttons-is-layout-3d213aab wp-block-buttons-is-layout-flex">
<div class="wp-block-button has-custom-width wp-block-button__width-100"><a class="wp-block-button__link has-light-green-cyan-background-color has-background has-medium-font-size has-custom-font-size wp-element-button" href="../festiterroir-2021/" style="border-radius:0px"><strong>2021</strong></a></div>
</div>
</div>



<div class="wp-block-column is-layout-flow wp-block-column-is-layout-flow">
<div class="wp-block-buttons is-content-justification-space-between is-layout-flex wp-container-core-buttons-is-layout-3d213aab wp-block-buttons-is-layout-flex">
<div class="wp-block-button has-custom-width wp-block-button__width-100"><a class="wp-block-button__link has-light-green-cyan-background-color has-background has-medium-font-size has-custom-font-size wp-element-button" href="../festiterroir-2020/" style="border-radius:0px"><strong>2020</strong></a></div>
</div>
</div>



<div class="wp-block-column is-layout-flow wp-block-column-is-layout-flow">
<div class="wp-block-buttons is-content-justification-space-between is-layout-flex wp-container-core-buttons-is-layout-3d213aab wp-block-buttons-is-layout-flex">
<div class="wp-block-button has-custom-width wp-block-button__width-100"><a class="wp-block-button__link has-light-green-cyan-background-color has-background has-medium-font-size has-custom-font-size wp-element-button" href="../festiterroir-2019/" style="border-radius:0px"><strong>2019</strong></a></div>
</div>
</div>
</div>
</div></div>



<p><strong style="color: #ff337d;">Tout au long du week-end, des ateliers, animations et dégustations sont organisés par les différents stand présents. Diverses activités pour enfants (et grands enfants aussi) sont également proposés dans le parc, notamment: </strong></p>



<p><strong style="color: #46d187;">Samedi et Dimanche 10h–18h<br>Rosa à cheval</strong><br>Petits chevaux à pédales pour enfants pour cavaler dans le parc<br>→ À côté de la pelouse du Mur des Reformateurs</p>



<p><strong style="color: #46d187;">Samedi et Dimanche<br>La roue des éco-défis planétaires</strong><br>Proposé par Le Sablier de Cassandre (<a href="https://www.larouedesecodefis.com/" target="_blank" rel="noopener noreferrer">voir ici</a>)<br>Découvrir les limites de notre unique espace de vie, la Terre, en faisant tourner une roue géante et en explorant l’exposition. Chaque personne est encouragée à reconnaître sa capacité d’agir à titre individuel et collectif pour respecter ces limites planétaires, en relevant un éco-défi à court terme.<br>→ À côté de la pelouse du Mur des Reformateurs</p>



<p><strong style="color: #46d187;">Dimanche 14h–16h<br>Tours en calèche dans le parc</strong><br>Proposés par Laure et Francis Chavaz, producteurs à Veyrier<br>→ Allée centrale après les stands en direction de la Vieille-Ville</p>

<p>Tout au long du week-end, des ateliers, animations et dégustations sont organisés par les différents stand présents. Diverses activités pour enfants (et grands enfants aussi) sont également proposés dans le parc, notamment: Samedi et Dimanche 10h–18hRosa à chevalPetits chevaux à pédales pour enfants pour cavaler&nbsp;&hellip;</p>
