{"id":30029,"date":"2024-08-22T17:27:58","date_gmt":"2024-08-22T15:27:58","guid":{"rendered":"https:\/\/www.festiterroir.ch\/?page_id=30029"},"modified":"2025-06-13T18:47:21","modified_gmt":"2025-06-13T16:47:21","slug":"concerts-2024","status":"publish","type":"page","link":"https:\/\/www.davidprego.ch\/festi\/archives\/concerts-2024\/","title":{"rendered":"Concerts 2024"},"content":{"rendered":"\n<div class=\"wp-block-group\"><div class=\"wp-block-group__inner-container is-layout-constrained wp-block-group-is-layout-constrained\">\n<div class=\"wp-block-columns is-layout-flex wp-container-core-columns-is-layout-9d6595d7 wp-block-columns-is-layout-flex\">\n<div class=\"wp-block-column is-layout-flow wp-block-column-is-layout-flow\">\n<div class=\"wp-block-buttons is-content-justification-space-between is-layout-flex wp-container-core-buttons-is-layout-3d213aab wp-block-buttons-is-layout-flex\">\n<div class=\"wp-block-button has-custom-width wp-block-button__width-100 is-style-fill\"><a class=\"wp-block-button__link has-light-green-cyan-background-color has-background has-medium-font-size has-text-align-center has-custom-font-size wp-element-button\" href=\"..\/festiterroir-2024-bilan\/\" style=\"border-radius:0px\"><strong>2024<\/strong><\/a><\/div>\n<\/div>\n<\/div>\n\n\n\n<div class=\"wp-block-column is-layout-flow wp-block-column-is-layout-flow\">\n<div class=\"wp-block-buttons is-content-justification-space-between is-layout-flex wp-container-core-buttons-is-layout-3d213aab wp-block-buttons-is-layout-flex\">\n<div class=\"wp-block-button has-custom-width wp-block-button__width-100\"><a class=\"wp-block-button__link has-light-green-cyan-background-color has-background has-medium-font-size has-custom-font-size wp-element-button\" href=\"..\/festiterroir-2023-bilan\/\" style=\"border-radius:0px\"><strong>2023<\/strong><\/a><\/div>\n<\/div>\n<\/div>\n\n\n\n<div class=\"wp-block-column is-layout-flow wp-block-column-is-layout-flow\">\n<div class=\"wp-block-buttons is-content-justification-space-between is-layout-flex wp-container-core-buttons-is-layout-3d213aab wp-block-buttons-is-layout-flex\">\n<div class=\"wp-block-button has-custom-width wp-block-button__width-100\"><a class=\"wp-block-button__link has-light-green-cyan-background-color has-background has-medium-font-size has-custom-font-size wp-element-button\" href=\"..\/festiterroir-2022-bilan\/\" style=\"border-radius:0px\"><strong>2022<\/strong><\/a><\/div>\n<\/div>\n<\/div>\n<\/div>\n\n\n\n<div class=\"wp-block-columns is-layout-flex wp-container-core-columns-is-layout-9d6595d7 wp-block-columns-is-layout-flex\">\n<div class=\"wp-block-column is-layout-flow wp-block-column-is-layout-flow\">\n<div class=\"wp-block-buttons is-content-justification-space-between is-layout-flex wp-container-core-buttons-is-layout-3d213aab wp-block-buttons-is-layout-flex\">\n<div class=\"wp-block-button has-custom-width wp-block-button__width-100\"><a class=\"wp-block-button__link has-light-green-cyan-background-color has-background has-medium-font-size has-custom-font-size wp-element-button\" href=\"..\/festiterroir-2021\/\" style=\"border-radius:0px\"><strong>2021<\/strong><\/a><\/div>\n<\/div>\n<\/div>\n\n\n\n<div class=\"wp-block-column is-layout-flow wp-block-column-is-layout-flow\">\n<div class=\"wp-block-buttons is-content-justification-space-between is-layout-flex wp-container-core-buttons-is-layout-3d213aab wp-block-buttons-is-layout-flex\">\n<div class=\"wp-block-button has-custom-width wp-block-button__width-100\"><a class=\"wp-block-button__link has-light-green-cyan-background-color has-background has-medium-font-size has-custom-font-size wp-element-button\" href=\"..\/festiterroir-2020\/\" style=\"border-radius:0px\"><strong>2020<\/strong><\/a><\/div>\n<\/div>\n<\/div>\n\n\n\n<div class=\"wp-block-column is-layout-flow wp-block-column-is-layout-flow\">\n<div class=\"wp-block-buttons is-content-justification-space-between is-layout-flex wp-container-core-buttons-is-layout-3d213aab wp-block-buttons-is-layout-flex\">\n<div class=\"wp-block-button has-custom-width wp-block-button__width-100\"><a class=\"wp-block-button__link has-light-green-cyan-background-color has-background has-medium-font-size has-custom-font-size wp-element-button\" href=\"..\/festiterroir-2019\/\" style=\"border-radius:0px\"><strong>2019<\/strong><\/a><\/div>\n<\/div>\n<\/div>\n<\/div>\n<\/div><\/div>\n\n\n\n<p><strong style=\"color: #81bf4c;\">Carte blanche cette ann\u00e9e encore \u00e0 Cheptel Records, label genevois qui nous a concoct\u00e9 une programmation de g\u00e9nie pour r\u00eaver sous les arbres! Concerts au c\u0153ur des Bastions, au niveau de l\u2019universit\u00e9.<\/strong>\u00a0\u00a0<\/p>\n\n\n\n<p><strong style=\"color: #81bf4c;\">Vendredi 30 ao\u00fbt<\/strong><\/p>\n\n\n\n<p><strong style=\"color: #81bf4c;\">18h30 et 20h30<\/strong><br><strong>Organic Flowers<\/strong><br><em>Jazz groovy<\/em><br>Trio batterie, orgue, guitare, comme au meilleur du jazz des 60\u2019s<br><a href=\"http:\/\/www.organicflowersmusic.com\/\" target=\"_blank\" rel=\"noopener noreferrer\">Plus d\u2019infos<\/a>\u00a0\u00a0<\/p>\n\n\n\n<p><strong style=\"color: #81bf4c;\">Samedi 31 ao\u00fbt<\/strong><br><strong style=\"color: #81bf4c;\">16h<\/strong><br><strong>JJ CALE Tribute<\/strong><br><em>Blues groove good mood<\/em><br>Quintet de t\u00eates bien vis\u00e9es sur des \u00e9paules amatrices de blues au sens large. Une plong\u00e9e dans la musique du m\u00e9connu Etat de l\u2019Oklahoma, \u00e0 travers la vision du troubadour laid-back JJ Cale.<br><strong style=\"color: #81bf4c;\">20h<\/strong><br><strong>We don\u2019t care about<\/strong><br><em>Sud-africans jazz<\/em><br>Grand band, pour une musique chaleureuse, faite de cuivres et d\u2019harmonies envoutantes!\u00a0\u00a0<\/p>\n\n\n\n<p><strong style=\"color: #81bf4c;\">Dimanche 01 septembre<\/strong><br><strong style=\"color: #81bf4c;\">11h<\/strong><br><strong>R\u00e9cital trio<\/strong><br><em>Musique classique<\/em><br>Dimanche matin au son du chant classique. Voyage dans le temps, celui des cordes vocales et des touches en ivoire.<br><strong style=\"color: #81bf4c;\">15h <\/strong><br><strong>Coconut king<\/strong><br><em>Boogaloo 50\u2019s<\/em><br>Plong\u00e9e dans un film noir. Lauren Bacall et Humphrey Bogart contemplant la mer comme des Zazous \u00e0 Casablanca. Latecore sur le L\u00e9man!<\/p>\n\n\n\n<p><a href=\"https:\/\/www.instagram.com\/cheptel_records\/?hl=en\" target=\"_blank\" rel=\"noopener\">Cheptel Records<\/a><\/p>\n","protected":false},"excerpt":{"rendered":"<p>Carte blanche cette ann\u00e9e encore \u00e0 Cheptel Records, label genevois qui nous a concoct\u00e9 une programmation de g\u00e9nie pour r\u00eaver sous les arbres! Concerts au c\u0153ur des Bastions, au niveau de l\u2019universit\u00e9.\u00a0\u00a0 Vendredi 30 ao\u00fbt 18h30 et 20h30Organic FlowersJazz groovyTrio batterie, orgue, guitare, comme au&nbsp;&hellip;<\/p>\n","protected":false},"author":1,"featured_media":0,"parent":30472,"menu_order":32,"comment_status":"closed","ping_status":"closed","template":"","meta":{"_acf_changed":false,"pgc_sgb_lightbox_settings":"","footnotes":""},"class_list":["post-30029","page","type-page","status-publish","hentry"],"acf":[],"_links":{"self":[{"href":"https:\/\/www.davidprego.ch\/festi\/wp-json\/wp\/v2\/pages\/30029","targetHints":{"allow":["GET"]}}],"collection":[{"href":"https:\/\/www.davidprego.ch\/festi\/wp-json\/wp\/v2\/pages"}],"about":[{"href":"https:\/\/www.davidprego.ch\/festi\/wp-json\/wp\/v2\/types\/page"}],"author":[{"embeddable":true,"href":"https:\/\/www.davidprego.ch\/festi\/wp-json\/wp\/v2\/users\/1"}],"replies":[{"embeddable":true,"href":"https:\/\/www.davidprego.ch\/festi\/wp-json\/wp\/v2\/comments?post=30029"}],"version-history":[{"count":25,"href":"https:\/\/www.davidprego.ch\/festi\/wp-json\/wp\/v2\/pages\/30029\/revisions"}],"predecessor-version":[{"id":30688,"href":"https:\/\/www.davidprego.ch\/festi\/wp-json\/wp\/v2\/pages\/30029\/revisions\/30688"}],"up":[{"embeddable":true,"href":"https:\/\/www.davidprego.ch\/festi\/wp-json\/wp\/v2\/pages\/30472"}],"wp:attachment":[{"href":"https:\/\/www.davidprego.ch\/festi\/wp-json\/wp\/v2\/media?parent=30029"}],"curies":[{"name":"wp","href":"https:\/\/api.w.org\/{rel}","templated":true}]}}

<div class="wp-block-group"><div class="wp-block-group__inner-container is-layout-constrained wp-block-group-is-layout-constrained">
<div class="wp-block-columns is-layout-flex wp-container-core-columns-is-layout-9d6595d7 wp-block-columns-is-layout-flex">
<div class="wp-block-column is-layout-flow wp-block-column-is-layout-flow">
<div class="wp-block-buttons is-content-justification-space-between is-layout-flex wp-container-core-buttons-is-layout-3d213aab wp-block-buttons-is-layout-flex">
<div class="wp-block-button has-custom-width wp-block-button__width-100 is-style-fill"><a class="wp-block-button__link has-light-green-cyan-background-color has-background has-medium-font-size has-text-align-center has-custom-font-size wp-element-button" href="../festiterroir-2024-bilan/" style="border-radius:0px"><strong>2024</strong></a></div>
</div>
</div>



<div class="wp-block-column is-layout-flow wp-block-column-is-layout-flow">
<div class="wp-block-buttons is-content-justification-space-between is-layout-flex wp-container-core-buttons-is-layout-3d213aab wp-block-buttons-is-layout-flex">
<div class="wp-block-button has-custom-width wp-block-button__width-100"><a class="wp-block-button__link has-light-green-cyan-background-color has-background has-medium-font-size has-custom-font-size wp-element-button" href="../festiterroir-2023-bilan/" style="border-radius:0px"><strong>2023</strong></a></div>
</div>
</div>



<div class="wp-block-column is-layout-flow wp-block-column-is-layout-flow">
<div class="wp-block-buttons is-content-justification-space-between is-layout-flex wp-container-core-buttons-is-layout-3d213aab wp-block-buttons-is-layout-flex">
<div class="wp-block-button has-custom-width wp-block-button__width-100"><a class="wp-block-button__link has-light-green-cyan-background-color has-background has-medium-font-size has-custom-font-size wp-element-button" href="../festiterroir-2022-bilan/" style="border-radius:0px"><strong>2022</strong></a></div>
</div>
</div>
</div>



<div class="wp-block-columns is-layout-flex wp-container-core-columns-is-layout-9d6595d7 wp-block-columns-is-layout-flex">
<div class="wp-block-column is-layout-flow wp-block-column-is-layout-flow">
<div class="wp-block-buttons is-content-justification-space-between is-layout-flex wp-container-core-buttons-is-layout-3d213aab wp-block-buttons-is-layout-flex">
<div class="wp-block-button has-custom-width wp-block-button__width-100"><a class="wp-block-button__link has-light-green-cyan-background-color has-background has-medium-font-size has-custom-font-size wp-element-button" href="../festiterroir-2021/" style="border-radius:0px"><strong>2021</strong></a></div>
</div>
</div>



<div class="wp-block-column is-layout-flow wp-block-column-is-layout-flow">
<div class="wp-block-buttons is-content-justification-space-between is-layout-flex wp-container-core-buttons-is-layout-3d213aab wp-block-buttons-is-layout-flex">
<div class="wp-block-button has-custom-width wp-block-button__width-100"><a class="wp-block-button__link has-light-green-cyan-background-color has-background has-medium-font-size has-custom-font-size wp-element-button" href="../festiterroir-2020/" style="border-radius:0px"><strong>2020</strong></a></div>
</div>
</div>



<div class="wp-block-column is-layout-flow wp-block-column-is-layout-flow">
<div class="wp-block-buttons is-content-justification-space-between is-layout-flex wp-container-core-buttons-is-layout-3d213aab wp-block-buttons-is-layout-flex">
<div class="wp-block-button has-custom-width wp-block-button__width-100"><a class="wp-block-button__link has-light-green-cyan-background-color has-background has-medium-font-size has-custom-font-size wp-element-button" href="../festiterroir-2019/" style="border-radius:0px"><strong>2019</strong></a></div>
</div>
</div>
</div>
</div></div>



<p><strong style="color: #81bf4c;">Carte blanche cette année encore à Cheptel Records, label genevois qui nous a concocté une programmation de génie pour rêver sous les arbres! Concerts au cœur des Bastions, au niveau de l’université.</strong>  </p>



<p><strong style="color: #81bf4c;">Vendredi 30 août</strong></p>



<p><strong style="color: #81bf4c;">18h30 et 20h30</strong><br><strong>Organic Flowers</strong><br><em>Jazz groovy</em><br>Trio batterie, orgue, guitare, comme au meilleur du jazz des 60’s<br><a href="http://www.organicflowersmusic.com/" target="_blank" rel="noopener noreferrer">Plus d’infos</a>  </p>



<p><strong style="color: #81bf4c;">Samedi 31 août</strong><br><strong style="color: #81bf4c;">16h</strong><br><strong>JJ CALE Tribute</strong><br><em>Blues groove good mood</em><br>Quintet de têtes bien visées sur des épaules amatrices de blues au sens large. Une plongée dans la musique du méconnu Etat de l’Oklahoma, à travers la vision du troubadour laid-back JJ Cale.<br><strong style="color: #81bf4c;">20h</strong><br><strong>We don’t care about</strong><br><em>Sud-africans jazz</em><br>Grand band, pour une musique chaleureuse, faite de cuivres et d’harmonies envoutantes!  </p>



<p><strong style="color: #81bf4c;">Dimanche 01 septembre</strong><br><strong style="color: #81bf4c;">11h</strong><br><strong>Récital trio</strong><br><em>Musique classique</em><br>Dimanche matin au son du chant classique. Voyage dans le temps, celui des cordes vocales et des touches en ivoire.<br><strong style="color: #81bf4c;">15h </strong><br><strong>Coconut king</strong><br><em>Boogaloo 50’s</em><br>Plongée dans un film noir. Lauren Bacall et Humphrey Bogart contemplant la mer comme des Zazous à Casablanca. Latecore sur le Léman!</p>



<p><a href="https://www.instagram.com/cheptel_records/?hl=en" target="_blank" rel="noopener">Cheptel Records</a></p>

<p>Carte blanche cette année encore à Cheptel Records, label genevois qui nous a concocté une programmation de génie pour rêver sous les arbres! Concerts au cœur des Bastions, au niveau de l’université.   Vendredi 30 août 18h30 et 20h30Organic FlowersJazz groovyTrio batterie, orgue, guitare, comme au&nbsp;&hellip;</p>
