{"id":30033,"date":"2024-08-23T19:32:55","date_gmt":"2024-08-23T17:32:55","guid":{"rendered":"https:\/\/www.festiterroir.ch\/?page_id=30033"},"modified":"2025-06-13T18:46:46","modified_gmt":"2025-06-13T16:46:46","slug":"animations-enfants-2024","status":"publish","type":"page","link":"https:\/\/www.davidprego.ch\/festi\/archives\/animations-enfants-2024\/","title":{"rendered":"Animations pour enfants 2024"},"content":{"rendered":"\n<div class=\"wp-block-group\"><div class=\"wp-block-group__inner-container is-layout-constrained wp-block-group-is-layout-constrained\">\n<div class=\"wp-block-columns is-layout-flex wp-container-core-columns-is-layout-9d6595d7 wp-block-columns-is-layout-flex\">\n<div class=\"wp-block-column is-layout-flow wp-block-column-is-layout-flow\">\n<div class=\"wp-block-buttons is-content-justification-space-between is-layout-flex wp-container-core-buttons-is-layout-3d213aab wp-block-buttons-is-layout-flex\">\n<div class=\"wp-block-button has-custom-width wp-block-button__width-100 is-style-fill\"><a class=\"wp-block-button__link has-light-green-cyan-background-color has-background has-medium-font-size has-text-align-center has-custom-font-size wp-element-button\" href=\"..\/festiterroir-2024-bilan\/\" style=\"border-radius:0px\"><strong>2024<\/strong><\/a><\/div>\n<\/div>\n<\/div>\n\n\n\n<div class=\"wp-block-column is-layout-flow wp-block-column-is-layout-flow\">\n<div class=\"wp-block-buttons is-content-justification-space-between is-layout-flex wp-container-core-buttons-is-layout-3d213aab wp-block-buttons-is-layout-flex\">\n<div class=\"wp-block-button has-custom-width wp-block-button__width-100\"><a class=\"wp-block-button__link has-light-green-cyan-background-color has-background has-medium-font-size has-custom-font-size wp-element-button\" href=\"..\/festiterroir-2023-bilan\/\" style=\"border-radius:0px\"><strong>2023<\/strong><\/a><\/div>\n<\/div>\n<\/div>\n\n\n\n<div class=\"wp-block-column is-layout-flow wp-block-column-is-layout-flow\">\n<div class=\"wp-block-buttons is-content-justification-space-between is-layout-flex wp-container-core-buttons-is-layout-3d213aab wp-block-buttons-is-layout-flex\">\n<div class=\"wp-block-button has-custom-width wp-block-button__width-100\"><a class=\"wp-block-button__link has-light-green-cyan-background-color has-background has-medium-font-size has-custom-font-size wp-element-button\" href=\"..\/festiterroir-2022-bilan\/\" style=\"border-radius:0px\"><strong>2022<\/strong><\/a><\/div>\n<\/div>\n<\/div>\n<\/div>\n\n\n\n<div class=\"wp-block-columns is-layout-flex wp-container-core-columns-is-layout-9d6595d7 wp-block-columns-is-layout-flex\">\n<div class=\"wp-block-column is-layout-flow wp-block-column-is-layout-flow\">\n<div class=\"wp-block-buttons is-content-justification-space-between is-layout-flex wp-container-core-buttons-is-layout-3d213aab wp-block-buttons-is-layout-flex\">\n<div class=\"wp-block-button has-custom-width wp-block-button__width-100\"><a class=\"wp-block-button__link has-light-green-cyan-background-color has-background has-medium-font-size has-custom-font-size wp-element-button\" href=\"..\/festiterroir-2021\/\" style=\"border-radius:0px\"><strong>2021<\/strong><\/a><\/div>\n<\/div>\n<\/div>\n\n\n\n<div class=\"wp-block-column is-layout-flow wp-block-column-is-layout-flow\">\n<div class=\"wp-block-buttons is-content-justification-space-between is-layout-flex wp-container-core-buttons-is-layout-3d213aab wp-block-buttons-is-layout-flex\">\n<div class=\"wp-block-button has-custom-width wp-block-button__width-100\"><a class=\"wp-block-button__link has-light-green-cyan-background-color has-background has-medium-font-size has-custom-font-size wp-element-button\" href=\"..\/festiterroir-2020\/\" style=\"border-radius:0px\"><strong>2020<\/strong><\/a><\/div>\n<\/div>\n<\/div>\n\n\n\n<div class=\"wp-block-column is-layout-flow wp-block-column-is-layout-flow\">\n<div class=\"wp-block-buttons is-content-justification-space-between is-layout-flex wp-container-core-buttons-is-layout-3d213aab wp-block-buttons-is-layout-flex\">\n<div class=\"wp-block-button has-custom-width wp-block-button__width-100\"><a class=\"wp-block-button__link has-light-green-cyan-background-color has-background has-medium-font-size has-custom-font-size wp-element-button\" href=\"..\/festiterroir-2019\/\" style=\"border-radius:0px\"><strong>2019<\/strong><\/a><\/div>\n<\/div>\n<\/div>\n<\/div>\n<\/div><\/div>\n\n\n\n<p><strong style=\"color: #6666ff;\">Une s\u00e9rie d\u2019animations et ateliers pour enfants sont propos\u00e9s tout au long du week-end, d\u00e9couvrez les ici!<\/strong>&nbsp;<\/p>\n\n\n\n<p><strong style=\"color: #6666ff;\">\u2192 <\/strong><strong style=\"color: #6666ff;\">Animation Festive itin\u00e9rante, par l\u2019association Jeux Coop\u00e9ratifs <\/strong><br><strong style=\"color: #99cc66;\"><b>Samedi 13h \u00e0 15h <\/b><\/strong><br><strong style=\"color: #99cc66;\">Dimanche 14h \u00e0 16h<\/strong><\/p>\n\n\n\n<p>L\u2019association Jeux Coop\u00e9ratifs vous propose une animation d\u00e9fis coop\u00e9ratifs itin\u00e9rants,&nbsp;qui&nbsp;s\u2019adresse \u00e0 tous, petits (d\u00e8s 6 ans ) et grands,&nbsp;acc\u00e9l\u00e9rateur pour cr\u00e9er la rencontre d\u2019une mani\u00e8re ludique. Nos d\u00e9fis permettent de s\u2019amuser, de vivre le moment pr\u00e9sent, de stimuler la coop\u00e9ration entre les personnes, d\u2019ouvrir le dialogue et l\u2019imagination et de faire vivre de magnifiques moments de partage.&nbsp;La r\u00e9cup\u00e9ration est notre mati\u00e8re premi\u00e8re pour le mat\u00e9riel (doubles-m\u00e8tres, bandes vid\u00e9os, vinyles, toupilles, etc..)<\/p>\n\n\n\n<p><strong style=\"color: #6666ff;\">\u2192 <\/strong><strong style=\"color: #6666ff;\">Ludobus<\/strong><br><strong style=\"color: #99cc66;\">Samedi 14h \u00e0 18h<\/strong><br><em>A l\u2019entr\u00e9e du parc des Bastions, sur la pelouse de droite<\/em><\/p>\n\n\n\n<p>Les Ludobus sillonnent les parcs et les pr\u00e9aux de la ville de Gen\u00e8ve pour aller \u00e0 la rencontre des enfants et des familles.<br>Chacun des Ludobus a environ 300 jeux et jouets \u00e0 bord et une \u00e9quipe de ludoth\u00e9caires. Cette derni\u00e8re installe le mat\u00e9riel ludique et invitent le public \u00e0 en profiter. Jeux de soci\u00e9t\u00e9, jeux coop\u00e9ratifs, tricycles en tout genre, mais aussi d\u00eenettes, d\u00e9guisements, baby-foot ou jeux de construction sont \u00e0 disposition librement et gratuitement.<\/p>\n\n\n\n<p><strong style=\"color: #6666ff;\">\u2192 <\/strong><strong style=\"color: #6666ff;\">Printemps d\u2019abeilles<\/strong><br><strong style=\"color: #99cc66;\">Dimanche 10h \u00e0 17h<\/strong><br><em>All\u00e9e centrale de droite, depuis la Place Neuve<\/em><\/p>\n\n\n\n<p>L\u2019association Printemps d\u2019abeilles a pour objectif la sauvegarde des pollinisateurs, que ce soit pour les abeilles domestiques, les abeilles sauvages ou papillons. Participe \u00e0 une animation d\u00e9couverte des pollinisateurs et cr\u00e9e un h\u00f4tel \u00e0 abeilles sauvages!<\/p>\n\n\n\n<p><strong style=\"color: #6666ff;\">\u2192 <\/strong><strong style=\"color: #6666ff;\">Rosa \u00e0 Cheval<\/strong><br><strong style=\"color: #99cc66;\">Samedi 10h \u00e0 18h &amp; dimanche 10h \u00e0 17h<\/strong><br><em>Apr\u00e8s le Mur des Reformateurs, sur l\u2019all\u00e9e de gauche, depuis la Place Neuve<\/em><\/p>\n\n\n\n<p>Activit\u00e9 de chevaux \u00e0 p\u00e9dales pour les plus petits: sillonez le parc \u00e0 cheval comme dans un western!<\/p>\n\n\n\n<p><strong style=\"color: #6666ff;\">\u2192 <\/strong><strong style=\"color: #6666ff;\">Animations Gen\u00e8ve R\u00e9gion-Terre Avenir <\/strong><br><strong style=\"color: #99cc66;\">Samedi et dimanche, 10h \u00e0 12h et 13h \u00e0 18h (17h le dimanche) <\/strong><br><em>All\u00e9e centrale de gauche, depuis la Place Neuve<\/em><\/p>\n\n\n\n<p>D\u00e9couvre les produits locaux et de saison avec Gen\u00e8ve R\u00e9gion-Terre Avenir (GRTA)<br>A travers des jeux de sensibilisation \u00e0 l\u2019agriculture et production de proximit\u00e9, nous allons encourager parents et enfants \u00e0 consommer sain, local et de saison.<\/p>\n\n\n\n<p>Au programme:<br>\u2013 Coloriages<br>\u2013 D\u00e9corations des sacs GRTA<\/p>\n\n\n\n<p><strong style=\"color: #6666ff;\">Et aussi, les <a href=\"https:\/\/www.festiterroir.ch\/ateliers-enfants\">ateliers sur inscription<\/a> de Swiss Food Academy et ma-terre. <\/strong><\/p>\n","protected":false},"excerpt":{"rendered":"<p>Une s\u00e9rie d\u2019animations et ateliers pour enfants sont propos\u00e9s tout au long du week-end, d\u00e9couvrez les ici!&nbsp; \u2192 Animation Festive itin\u00e9rante, par l\u2019association Jeux Coop\u00e9ratifs Samedi 13h \u00e0 15h Dimanche 14h \u00e0 16h L\u2019association Jeux Coop\u00e9ratifs vous propose une animation d\u00e9fis coop\u00e9ratifs itin\u00e9rants,&nbsp;qui&nbsp;s\u2019adresse \u00e0 tous,&nbsp;&hellip;<\/p>\n","protected":false},"author":1,"featured_media":0,"parent":30472,"menu_order":34,"comment_status":"closed","ping_status":"closed","template":"","meta":{"_acf_changed":false,"pgc_sgb_lightbox_settings":"","footnotes":""},"class_list":["post-30033","page","type-page","status-publish","hentry"],"acf":[],"_links":{"self":[{"href":"https:\/\/www.davidprego.ch\/festi\/wp-json\/wp\/v2\/pages\/30033","targetHints":{"allow":["GET"]}}],"collection":[{"href":"https:\/\/www.davidprego.ch\/festi\/wp-json\/wp\/v2\/pages"}],"about":[{"href":"https:\/\/www.davidprego.ch\/festi\/wp-json\/wp\/v2\/types\/page"}],"author":[{"embeddable":true,"href":"https:\/\/www.davidprego.ch\/festi\/wp-json\/wp\/v2\/users\/1"}],"replies":[{"embeddable":true,"href":"https:\/\/www.davidprego.ch\/festi\/wp-json\/wp\/v2\/comments?post=30033"}],"version-history":[{"count":16,"href":"https:\/\/www.davidprego.ch\/festi\/wp-json\/wp\/v2\/pages\/30033\/revisions"}],"predecessor-version":[{"id":30687,"href":"https:\/\/www.davidprego.ch\/festi\/wp-json\/wp\/v2\/pages\/30033\/revisions\/30687"}],"up":[{"embeddable":true,"href":"https:\/\/www.davidprego.ch\/festi\/wp-json\/wp\/v2\/pages\/30472"}],"wp:attachment":[{"href":"https:\/\/www.davidprego.ch\/festi\/wp-json\/wp\/v2\/media?parent=30033"}],"curies":[{"name":"wp","href":"https:\/\/api.w.org\/{rel}","templated":true}]}}

<div class="wp-block-group"><div class="wp-block-group__inner-container is-layout-constrained wp-block-group-is-layout-constrained">
<div class="wp-block-columns is-layout-flex wp-container-core-columns-is-layout-9d6595d7 wp-block-columns-is-layout-flex">
<div class="wp-block-column is-layout-flow wp-block-column-is-layout-flow">
<div class="wp-block-buttons is-content-justification-space-between is-layout-flex wp-container-core-buttons-is-layout-3d213aab wp-block-buttons-is-layout-flex">
<div class="wp-block-button has-custom-width wp-block-button__width-100 is-style-fill"><a class="wp-block-button__link has-light-green-cyan-background-color has-background has-medium-font-size has-text-align-center has-custom-font-size wp-element-button" href="../festiterroir-2024-bilan/" style="border-radius:0px"><strong>2024</strong></a></div>
</div>
</div>



<div class="wp-block-column is-layout-flow wp-block-column-is-layout-flow">
<div class="wp-block-buttons is-content-justification-space-between is-layout-flex wp-container-core-buttons-is-layout-3d213aab wp-block-buttons-is-layout-flex">
<div class="wp-block-button has-custom-width wp-block-button__width-100"><a class="wp-block-button__link has-light-green-cyan-background-color has-background has-medium-font-size has-custom-font-size wp-element-button" href="../festiterroir-2023-bilan/" style="border-radius:0px"><strong>2023</strong></a></div>
</div>
</div>



<div class="wp-block-column is-layout-flow wp-block-column-is-layout-flow">
<div class="wp-block-buttons is-content-justification-space-between is-layout-flex wp-container-core-buttons-is-layout-3d213aab wp-block-buttons-is-layout-flex">
<div class="wp-block-button has-custom-width wp-block-button__width-100"><a class="wp-block-button__link has-light-green-cyan-background-color has-background has-medium-font-size has-custom-font-size wp-element-button" href="../festiterroir-2022-bilan/" style="border-radius:0px"><strong>2022</strong></a></div>
</div>
</div>
</div>



<div class="wp-block-columns is-layout-flex wp-container-core-columns-is-layout-9d6595d7 wp-block-columns-is-layout-flex">
<div class="wp-block-column is-layout-flow wp-block-column-is-layout-flow">
<div class="wp-block-buttons is-content-justification-space-between is-layout-flex wp-container-core-buttons-is-layout-3d213aab wp-block-buttons-is-layout-flex">
<div class="wp-block-button has-custom-width wp-block-button__width-100"><a class="wp-block-button__link has-light-green-cyan-background-color has-background has-medium-font-size has-custom-font-size wp-element-button" href="../festiterroir-2021/" style="border-radius:0px"><strong>2021</strong></a></div>
</div>
</div>



<div class="wp-block-column is-layout-flow wp-block-column-is-layout-flow">
<div class="wp-block-buttons is-content-justification-space-between is-layout-flex wp-container-core-buttons-is-layout-3d213aab wp-block-buttons-is-layout-flex">
<div class="wp-block-button has-custom-width wp-block-button__width-100"><a class="wp-block-button__link has-light-green-cyan-background-color has-background has-medium-font-size has-custom-font-size wp-element-button" href="../festiterroir-2020/" style="border-radius:0px"><strong>2020</strong></a></div>
</div>
</div>



<div class="wp-block-column is-layout-flow wp-block-column-is-layout-flow">
<div class="wp-block-buttons is-content-justification-space-between is-layout-flex wp-container-core-buttons-is-layout-3d213aab wp-block-buttons-is-layout-flex">
<div class="wp-block-button has-custom-width wp-block-button__width-100"><a class="wp-block-button__link has-light-green-cyan-background-color has-background has-medium-font-size has-custom-font-size wp-element-button" href="../festiterroir-2019/" style="border-radius:0px"><strong>2019</strong></a></div>
</div>
</div>
</div>
</div></div>



<p><strong style="color: #6666ff;">Une série d’animations et ateliers pour enfants sont proposés tout au long du week-end, découvrez les ici!</strong>&nbsp;</p>



<p><strong style="color: #6666ff;">→ </strong><strong style="color: #6666ff;">Animation Festive itinérante, par l’association Jeux Coopératifs </strong><br><strong style="color: #99cc66;"><b>Samedi 13h à 15h </b></strong><br><strong style="color: #99cc66;">Dimanche 14h à 16h</strong></p>



<p>L’association Jeux Coopératifs vous propose une animation défis coopératifs itinérants,&nbsp;qui&nbsp;s’adresse à tous, petits (dès 6 ans ) et grands,&nbsp;accélérateur pour créer la rencontre d’une manière ludique. Nos défis permettent de s’amuser, de vivre le moment présent, de stimuler la coopération entre les personnes, d’ouvrir le dialogue et l’imagination et de faire vivre de magnifiques moments de partage.&nbsp;La récupération est notre matière première pour le matériel (doubles-mètres, bandes vidéos, vinyles, toupilles, etc..)</p>



<p><strong style="color: #6666ff;">→ </strong><strong style="color: #6666ff;">Ludobus</strong><br><strong style="color: #99cc66;">Samedi 14h à 18h</strong><br><em>A l’entrée du parc des Bastions, sur la pelouse de droite</em></p>



<p>Les Ludobus sillonnent les parcs et les préaux de la ville de Genève pour aller à la rencontre des enfants et des familles.<br>Chacun des Ludobus a environ 300 jeux et jouets à bord et une équipe de ludothécaires. Cette dernière installe le matériel ludique et invitent le public à en profiter. Jeux de société, jeux coopératifs, tricycles en tout genre, mais aussi dînettes, déguisements, baby-foot ou jeux de construction sont à disposition librement et gratuitement.</p>



<p><strong style="color: #6666ff;">→ </strong><strong style="color: #6666ff;">Printemps d’abeilles</strong><br><strong style="color: #99cc66;">Dimanche 10h à 17h</strong><br><em>Allée centrale de droite, depuis la Place Neuve</em></p>



<p>L’association Printemps d’abeilles a pour objectif la sauvegarde des pollinisateurs, que ce soit pour les abeilles domestiques, les abeilles sauvages ou papillons. Participe à une animation découverte des pollinisateurs et crée un hôtel à abeilles sauvages!</p>



<p><strong style="color: #6666ff;">→ </strong><strong style="color: #6666ff;">Rosa à Cheval</strong><br><strong style="color: #99cc66;">Samedi 10h à 18h &amp; dimanche 10h à 17h</strong><br><em>Après le Mur des Reformateurs, sur l’allée de gauche, depuis la Place Neuve</em></p>



<p>Activité de chevaux à pédales pour les plus petits: sillonez le parc à cheval comme dans un western!</p>



<p><strong style="color: #6666ff;">→ </strong><strong style="color: #6666ff;">Animations Genève Région-Terre Avenir </strong><br><strong style="color: #99cc66;">Samedi et dimanche, 10h à 12h et 13h à 18h (17h le dimanche) </strong><br><em>Allée centrale de gauche, depuis la Place Neuve</em></p>



<p>Découvre les produits locaux et de saison avec Genève Région-Terre Avenir (GRTA)<br>A travers des jeux de sensibilisation à l’agriculture et production de proximité, nous allons encourager parents et enfants à consommer sain, local et de saison.</p>



<p>Au programme:<br>– Coloriages<br>– Décorations des sacs GRTA</p>



<p><strong style="color: #6666ff;">Et aussi, les <a href="https://www.festiterroir.ch/ateliers-enfants">ateliers sur inscription</a> de Swiss Food Academy et ma-terre. </strong></p>

<p>Une série d’animations et ateliers pour enfants sont proposés tout au long du week-end, découvrez les ici!&nbsp; → Animation Festive itinérante, par l’association Jeux Coopératifs Samedi 13h à 15h Dimanche 14h à 16h L’association Jeux Coopératifs vous propose une animation défis coopératifs itinérants,&nbsp;qui&nbsp;s’adresse à tous,&nbsp;&hellip;</p>
