{"id":30038,"date":"2024-08-23T18:40:51","date_gmt":"2024-08-23T16:40:51","guid":{"rendered":"https:\/\/www.festiterroir.ch\/?page_id=30038"},"modified":"2025-06-13T18:46:36","modified_gmt":"2025-06-13T16:46:36","slug":"ateliers-enfants-2024","status":"publish","type":"page","link":"https:\/\/www.davidprego.ch\/festi\/archives\/ateliers-enfants-2024\/","title":{"rendered":"Ateliers pour enfants 2024"},"content":{"rendered":"\n<div class=\"wp-block-group\"><div class=\"wp-block-group__inner-container is-layout-constrained wp-block-group-is-layout-constrained\">\n<div class=\"wp-block-columns is-layout-flex wp-container-core-columns-is-layout-9d6595d7 wp-block-columns-is-layout-flex\">\n<div class=\"wp-block-column is-layout-flow wp-block-column-is-layout-flow\">\n<div class=\"wp-block-buttons is-content-justification-space-between is-layout-flex wp-container-core-buttons-is-layout-3d213aab wp-block-buttons-is-layout-flex\">\n<div class=\"wp-block-button has-custom-width wp-block-button__width-100 is-style-fill\"><a class=\"wp-block-button__link has-light-green-cyan-background-color has-background has-medium-font-size has-text-align-center has-custom-font-size wp-element-button\" href=\"..\/festiterroir-2024-bilan\/\" style=\"border-radius:0px\"><strong>2024<\/strong><\/a><\/div>\n<\/div>\n<\/div>\n\n\n\n<div class=\"wp-block-column is-layout-flow wp-block-column-is-layout-flow\">\n<div class=\"wp-block-buttons is-content-justification-space-between is-layout-flex wp-container-core-buttons-is-layout-3d213aab wp-block-buttons-is-layout-flex\">\n<div class=\"wp-block-button has-custom-width wp-block-button__width-100\"><a class=\"wp-block-button__link has-light-green-cyan-background-color has-background has-medium-font-size has-custom-font-size wp-element-button\" href=\"..\/festiterroir-2023-bilan\/\" style=\"border-radius:0px\"><strong>2023<\/strong><\/a><\/div>\n<\/div>\n<\/div>\n\n\n\n<div class=\"wp-block-column is-layout-flow wp-block-column-is-layout-flow\">\n<div class=\"wp-block-buttons is-content-justification-space-between is-layout-flex wp-container-core-buttons-is-layout-3d213aab wp-block-buttons-is-layout-flex\">\n<div class=\"wp-block-button has-custom-width wp-block-button__width-100\"><a class=\"wp-block-button__link has-light-green-cyan-background-color has-background has-medium-font-size has-custom-font-size wp-element-button\" href=\"..\/festiterroir-2022-bilan\/\" style=\"border-radius:0px\"><strong>2022<\/strong><\/a><\/div>\n<\/div>\n<\/div>\n<\/div>\n\n\n\n<div class=\"wp-block-columns is-layout-flex wp-container-core-columns-is-layout-9d6595d7 wp-block-columns-is-layout-flex\">\n<div class=\"wp-block-column is-layout-flow wp-block-column-is-layout-flow\">\n<div class=\"wp-block-buttons is-content-justification-space-between is-layout-flex wp-container-core-buttons-is-layout-3d213aab wp-block-buttons-is-layout-flex\">\n<div class=\"wp-block-button has-custom-width wp-block-button__width-100\"><a class=\"wp-block-button__link has-light-green-cyan-background-color has-background has-medium-font-size has-custom-font-size wp-element-button\" href=\"..\/festiterroir-2021\/\" style=\"border-radius:0px\"><strong>2021<\/strong><\/a><\/div>\n<\/div>\n<\/div>\n\n\n\n<div class=\"wp-block-column is-layout-flow wp-block-column-is-layout-flow\">\n<div class=\"wp-block-buttons is-content-justification-space-between is-layout-flex wp-container-core-buttons-is-layout-3d213aab wp-block-buttons-is-layout-flex\">\n<div class=\"wp-block-button has-custom-width wp-block-button__width-100\"><a class=\"wp-block-button__link has-light-green-cyan-background-color has-background has-medium-font-size has-custom-font-size wp-element-button\" href=\"..\/festiterroir-2020\/\" style=\"border-radius:0px\"><strong>2020<\/strong><\/a><\/div>\n<\/div>\n<\/div>\n\n\n\n<div class=\"wp-block-column is-layout-flow wp-block-column-is-layout-flow\">\n<div class=\"wp-block-buttons is-content-justification-space-between is-layout-flex wp-container-core-buttons-is-layout-3d213aab wp-block-buttons-is-layout-flex\">\n<div class=\"wp-block-button has-custom-width wp-block-button__width-100\"><a class=\"wp-block-button__link has-light-green-cyan-background-color has-background has-medium-font-size has-custom-font-size wp-element-button\" href=\"..\/festiterroir-2019\/\" style=\"border-radius:0px\"><strong>2019<\/strong><\/a><\/div>\n<\/div>\n<\/div>\n<\/div>\n<\/div><\/div>\n\n\n\n<p><strong style=\"color: #6666ff;\">Les associations <a href=\"https:\/\/www.swissfoodacademy.ch\/\" target=\"_blank\" rel=\"noopener noreferrer\">Swiss Food Academy<\/a> associ\u00e9e \u00e0 <a href=\"https:\/\/ma-terre.ch\/\" target=\"_blank\" rel=\"noopener\">ma-terre<\/a>, la Maison de l\u2019Alimentation du Territoire de Gen\u00e8ve proposent tout au long du week-end de tr\u00e8s nombreux ateliers pour enfants. Venez mettre la main \u00e0 la p\u00e2te et \u00e9veiller vos sens!<\/strong><br><strong style=\"color: #6666ff;\">Atelier adapt\u00e9 pour les enfants \u00e2g\u00e9s de 6 \u00e0 12 ans<span class=\"gmail-apple-converted-space\">&nbsp;<\/span>Tarif de l\u2019atelier&nbsp; 10.- par enfant \/ nombre limit\u00e9 de places pour chaque atelier<\/strong><\/p>\n\n\n\n<p><strong style=\"color: #6666ff;\">Un lien unique pour les inscriptions des 3 ateliers: <strong><a href=\"https:\/\/www.swissfoodacademy.ch\/stand-dinformation-ateliers-cereales-festiterroir-geneve\/\" target=\"_blank\" rel=\"noopener noreferrer\">Swiss Food Academy<\/a><\/strong><\/strong><\/p>\n\n\n\n<p><strong style=\"color: #6666ff;\">AU PROGRAMME<\/strong><\/p>\n\n\n\n<p><strong style=\"color: #6666ff;\">ATELIERS SAMEDI &amp; DIMANCHE (aux m\u00eames horaires)<\/strong><\/p>\n\n\n\n<p><strong style=\"color: #99cc66;\"><b>10h45 \u00e0 11h30<\/b><\/strong><br><strong style=\"color: #99cc66;\"><b>Atelier p\u2019tits chefs: <\/b><em><b>viens pr\u00e9parer ton <\/b><b>Birchermuesli!<\/b><\/em><\/strong><\/p>\n\n\n\n<p>Pour cet atelier autour du bircherm\u00fcesli, c\u2019est l\u2019occasion d\u2019apprendre \u00e0 r\u00e9aliser soi-m\u00eame un incontournable p\u2019tit d\u00e9jeuner avec des bons fruits, de d\u00e9licieuses c\u00e9r\u00e9ales et un savoureux yoghourt! La recette sera aussi offerte pour chaque enfant.<br><em><br>Atelier pour enfants 6-12 ans<br>Nombre limit\u00e9 de participant\u00b7e\u00b7s \/ sur inscription \/ dur\u00e9e de l\u2019atelier: 45 minutes<br>Tarif de l\u2019atelier: 10.- par enfant&nbsp; <\/em><br><a href=\"https:\/\/www.swissfoodacademy.ch\/stand-dinformation-ateliers-cereales-festiterroir-geneve\/\" target=\"_blank\" rel=\"noopener noreferrer\">Inscriptions<\/a><\/p>\n\n\n\n<p><strong style=\"color: #99cc66;\"><b>14h \u00e0 14h45<\/b><br><strong style=\"color: #99cc66;\"><b>Atelier p\u2019tits d\u00e9tectives: <em>exploration des c\u00e9r\u00e9ales de la graine \u00e0 l\u2019assiette et d\u00e9gustation de pain<\/em><\/b><\/strong><\/strong><\/p>\n\n\n\n<p>C\u2019est une belle occasion d\u2019enqu\u00eater sur les vari\u00e9t\u00e9s et origines des c\u00e9r\u00e9ales. Les p\u2019tits d\u00e9tectives d\u00e9gusteront aussi de succulents pains de la r\u00e9gion pour plus de plaisir et de d\u00e9couverte. Un outil p\u00e9dagogique sera offert pour chaque enfant<span class=\"gmail-apple-converted-space\">.<\/span><br><em><br>Atelier pour enfants 6-12 ans<br>Nombre limit\u00e9 de participant\u00b7e\u00b7s \/ sur inscription \/ dur\u00e9e de l\u2019atelier: 45 minutes<br>Tarif de l\u2019atelier: 10.- par enfant<\/em><strong style=\"color: #81bf4c;\"><br><\/strong><a href=\"https:\/\/www.swissfoodacademy.ch\/stand-dinformation-ateliers-cereales-festiterroir-geneve\/\" target=\"_blank\" rel=\"noopener noreferrer\">Inscriptions<\/a>&nbsp;<\/p>\n\n\n\n<p><strong style=\"color: #99cc66;\"><b>15h15 \u00e0 16h<\/b><\/strong><br><strong style=\"color: #99cc66;\"><b>Atelier p\u2019tit chefs: <em>viens cr\u00e9er tes boules de c\u00e9r\u00e9ales \u00e9nerg\u00e9tiques!<\/em><\/b><\/strong><\/p>\n\n\n\n<p>C\u2019est une belle occasion d\u2019enqu\u00eater sur les vari\u00e9t\u00e9s et origines des c\u00e9r\u00e9ales. Les p\u2019tits d\u00e9tectives d\u00e9gusteront aussi de succulents pains de la r\u00e9gion pour plus de plaisir et de d\u00e9couverte. Un outil p\u00e9dagogique sera offert pour chaque enfant<span class=\"gmail-apple-converted-space\">.<\/span><br><em><br>Atelier pour enfants 6-12 ans<br>Nombre limit\u00e9 de participant\u00b7e\u00b7s \/ sur inscription \/ dur\u00e9e de l\u2019atelier: 45 minutes<br>Tarif de l\u2019atelier: 10.- par enfant<br><\/em><a href=\"https:\/\/www.swissfoodacademy.ch\/stand-dinformation-ateliers-cereales-festiterroir-geneve\/\" target=\"_blank\" rel=\"noopener noreferrer\">Inscriptions<\/a><\/p>\n\n\n\n<p>D\u00e9couvrez les autres activit\u00e9s pour enfants du week-end <a href=\"https:\/\/www.festiterroir.ch\/animations-enfants\">ici<\/a>!<\/p>\n","protected":false},"excerpt":{"rendered":"<p>Les associations Swiss Food Academy associ\u00e9e \u00e0 ma-terre, la Maison de l\u2019Alimentation du Territoire de Gen\u00e8ve proposent tout au long du week-end de tr\u00e8s nombreux ateliers pour enfants. Venez mettre la main \u00e0 la p\u00e2te et \u00e9veiller vos sens!Atelier adapt\u00e9 pour les enfants \u00e2g\u00e9s de&nbsp;&hellip;<\/p>\n","protected":false},"author":1,"featured_media":0,"parent":30472,"menu_order":33,"comment_status":"closed","ping_status":"closed","template":"","meta":{"_acf_changed":false,"pgc_sgb_lightbox_settings":"","footnotes":""},"class_list":["post-30038","page","type-page","status-publish","hentry"],"acf":[],"_links":{"self":[{"href":"https:\/\/www.davidprego.ch\/festi\/wp-json\/wp\/v2\/pages\/30038","targetHints":{"allow":["GET"]}}],"collection":[{"href":"https:\/\/www.davidprego.ch\/festi\/wp-json\/wp\/v2\/pages"}],"about":[{"href":"https:\/\/www.davidprego.ch\/festi\/wp-json\/wp\/v2\/types\/page"}],"author":[{"embeddable":true,"href":"https:\/\/www.davidprego.ch\/festi\/wp-json\/wp\/v2\/users\/1"}],"replies":[{"embeddable":true,"href":"https:\/\/www.davidprego.ch\/festi\/wp-json\/wp\/v2\/comments?post=30038"}],"version-history":[{"count":26,"href":"https:\/\/www.davidprego.ch\/festi\/wp-json\/wp\/v2\/pages\/30038\/revisions"}],"predecessor-version":[{"id":30686,"href":"https:\/\/www.davidprego.ch\/festi\/wp-json\/wp\/v2\/pages\/30038\/revisions\/30686"}],"up":[{"embeddable":true,"href":"https:\/\/www.davidprego.ch\/festi\/wp-json\/wp\/v2\/pages\/30472"}],"wp:attachment":[{"href":"https:\/\/www.davidprego.ch\/festi\/wp-json\/wp\/v2\/media?parent=30038"}],"curies":[{"name":"wp","href":"https:\/\/api.w.org\/{rel}","templated":true}]}}

<div class="wp-block-group"><div class="wp-block-group__inner-container is-layout-constrained wp-block-group-is-layout-constrained">
<div class="wp-block-columns is-layout-flex wp-container-core-columns-is-layout-9d6595d7 wp-block-columns-is-layout-flex">
<div class="wp-block-column is-layout-flow wp-block-column-is-layout-flow">
<div class="wp-block-buttons is-content-justification-space-between is-layout-flex wp-container-core-buttons-is-layout-3d213aab wp-block-buttons-is-layout-flex">
<div class="wp-block-button has-custom-width wp-block-button__width-100 is-style-fill"><a class="wp-block-button__link has-light-green-cyan-background-color has-background has-medium-font-size has-text-align-center has-custom-font-size wp-element-button" href="../festiterroir-2024-bilan/" style="border-radius:0px"><strong>2024</strong></a></div>
</div>
</div>



<div class="wp-block-column is-layout-flow wp-block-column-is-layout-flow">
<div class="wp-block-buttons is-content-justification-space-between is-layout-flex wp-container-core-buttons-is-layout-3d213aab wp-block-buttons-is-layout-flex">
<div class="wp-block-button has-custom-width wp-block-button__width-100"><a class="wp-block-button__link has-light-green-cyan-background-color has-background has-medium-font-size has-custom-font-size wp-element-button" href="../festiterroir-2023-bilan/" style="border-radius:0px"><strong>2023</strong></a></div>
</div>
</div>



<div class="wp-block-column is-layout-flow wp-block-column-is-layout-flow">
<div class="wp-block-buttons is-content-justification-space-between is-layout-flex wp-container-core-buttons-is-layout-3d213aab wp-block-buttons-is-layout-flex">
<div class="wp-block-button has-custom-width wp-block-button__width-100"><a class="wp-block-button__link has-light-green-cyan-background-color has-background has-medium-font-size has-custom-font-size wp-element-button" href="../festiterroir-2022-bilan/" style="border-radius:0px"><strong>2022</strong></a></div>
</div>
</div>
</div>



<div class="wp-block-columns is-layout-flex wp-container-core-columns-is-layout-9d6595d7 wp-block-columns-is-layout-flex">
<div class="wp-block-column is-layout-flow wp-block-column-is-layout-flow">
<div class="wp-block-buttons is-content-justification-space-between is-layout-flex wp-container-core-buttons-is-layout-3d213aab wp-block-buttons-is-layout-flex">
<div class="wp-block-button has-custom-width wp-block-button__width-100"><a class="wp-block-button__link has-light-green-cyan-background-color has-background has-medium-font-size has-custom-font-size wp-element-button" href="../festiterroir-2021/" style="border-radius:0px"><strong>2021</strong></a></div>
</div>
</div>



<div class="wp-block-column is-layout-flow wp-block-column-is-layout-flow">
<div class="wp-block-buttons is-content-justification-space-between is-layout-flex wp-container-core-buttons-is-layout-3d213aab wp-block-buttons-is-layout-flex">
<div class="wp-block-button has-custom-width wp-block-button__width-100"><a class="wp-block-button__link has-light-green-cyan-background-color has-background has-medium-font-size has-custom-font-size wp-element-button" href="../festiterroir-2020/" style="border-radius:0px"><strong>2020</strong></a></div>
</div>
</div>



<div class="wp-block-column is-layout-flow wp-block-column-is-layout-flow">
<div class="wp-block-buttons is-content-justification-space-between is-layout-flex wp-container-core-buttons-is-layout-3d213aab wp-block-buttons-is-layout-flex">
<div class="wp-block-button has-custom-width wp-block-button__width-100"><a class="wp-block-button__link has-light-green-cyan-background-color has-background has-medium-font-size has-custom-font-size wp-element-button" href="../festiterroir-2019/" style="border-radius:0px"><strong>2019</strong></a></div>
</div>
</div>
</div>
</div></div>



<p><strong style="color: #6666ff;">Les associations <a href="https://www.swissfoodacademy.ch/" target="_blank" rel="noopener noreferrer">Swiss Food Academy</a> associée à <a href="https://ma-terre.ch/" target="_blank" rel="noopener">ma-terre</a>, la Maison de l’Alimentation du Territoire de Genève proposent tout au long du week-end de très nombreux ateliers pour enfants. Venez mettre la main à la pâte et éveiller vos sens!</strong><br><strong style="color: #6666ff;">Atelier adapté pour les enfants âgés de 6 à 12 ans<span class="gmail-apple-converted-space">&nbsp;</span>Tarif de l’atelier&nbsp; 10.- par enfant / nombre limité de places pour chaque atelier</strong></p>



<p><strong style="color: #6666ff;">Un lien unique pour les inscriptions des 3 ateliers: <strong><a href="https://www.swissfoodacademy.ch/stand-dinformation-ateliers-cereales-festiterroir-geneve/" target="_blank" rel="noopener noreferrer">Swiss Food Academy</a></strong></strong></p>



<p><strong style="color: #6666ff;">AU PROGRAMME</strong></p>



<p><strong style="color: #6666ff;">ATELIERS SAMEDI &amp; DIMANCHE (aux mêmes horaires)</strong></p>



<p><strong style="color: #99cc66;"><b>10h45 à 11h30</b></strong><br><strong style="color: #99cc66;"><b>Atelier p’tits chefs: </b><em><b>viens préparer ton </b><b>Birchermuesli!</b></em></strong></p>



<p>Pour cet atelier autour du birchermüesli, c’est l’occasion d’apprendre à réaliser soi-même un incontournable p’tit déjeuner avec des bons fruits, de délicieuses céréales et un savoureux yoghourt! La recette sera aussi offerte pour chaque enfant.<br><em><br>Atelier pour enfants 6-12 ans<br>Nombre limité de participant·e·s / sur inscription / durée de l’atelier: 45 minutes<br>Tarif de l’atelier: 10.- par enfant&nbsp; </em><br><a href="https://www.swissfoodacademy.ch/stand-dinformation-ateliers-cereales-festiterroir-geneve/" target="_blank" rel="noopener noreferrer">Inscriptions</a></p>



<p><strong style="color: #99cc66;"><b>14h à 14h45</b><br><strong style="color: #99cc66;"><b>Atelier p’tits détectives: <em>exploration des céréales de la graine à l’assiette et dégustation de pain</em></b></strong></strong></p>



<p>C’est une belle occasion d’enquêter sur les variétés et origines des céréales. Les p’tits détectives dégusteront aussi de succulents pains de la région pour plus de plaisir et de découverte. Un outil pédagogique sera offert pour chaque enfant<span class="gmail-apple-converted-space">.</span><br><em><br>Atelier pour enfants 6-12 ans<br>Nombre limité de participant·e·s / sur inscription / durée de l’atelier: 45 minutes<br>Tarif de l’atelier: 10.- par enfant</em><strong style="color: #81bf4c;"><br></strong><a href="https://www.swissfoodacademy.ch/stand-dinformation-ateliers-cereales-festiterroir-geneve/" target="_blank" rel="noopener noreferrer">Inscriptions</a>&nbsp;</p>



<p><strong style="color: #99cc66;"><b>15h15 à 16h</b></strong><br><strong style="color: #99cc66;"><b>Atelier p’tit chefs: <em>viens créer tes boules de céréales énergétiques!</em></b></strong></p>



<p>C’est une belle occasion d’enquêter sur les variétés et origines des céréales. Les p’tits détectives dégusteront aussi de succulents pains de la région pour plus de plaisir et de découverte. Un outil pédagogique sera offert pour chaque enfant<span class="gmail-apple-converted-space">.</span><br><em><br>Atelier pour enfants 6-12 ans<br>Nombre limité de participant·e·s / sur inscription / durée de l’atelier: 45 minutes<br>Tarif de l’atelier: 10.- par enfant<br></em><a href="https://www.swissfoodacademy.ch/stand-dinformation-ateliers-cereales-festiterroir-geneve/" target="_blank" rel="noopener noreferrer">Inscriptions</a></p>



<p>Découvrez les autres activités pour enfants du week-end <a href="https://www.festiterroir.ch/animations-enfants">ici</a>!</p>

<p>Les associations Swiss Food Academy associée à ma-terre, la Maison de l’Alimentation du Territoire de Genève proposent tout au long du week-end de très nombreux ateliers pour enfants. Venez mettre la main à la pâte et éveiller vos sens!Atelier adapté pour les enfants âgés de&nbsp;&hellip;</p>
