{"id":30317,"date":"2025-02-28T10:53:10","date_gmt":"2025-02-28T09:53:10","guid":{"rendered":"https:\/\/www.festiterroir.ch\/?page_id=30317"},"modified":"2025-06-13T18:22:39","modified_gmt":"2025-06-13T16:22:39","slug":"festiterroir-2024-bilan","status":"publish","type":"page","link":"https:\/\/www.davidprego.ch\/festi\/archives\/festiterroir-2024-bilan\/","title":{"rendered":"\u00c9dition 2024 (Bilan)"},"content":{"rendered":"\n<div class=\"wp-block-group\"><div class=\"wp-block-group__inner-container is-layout-constrained wp-block-group-is-layout-constrained\">\n<div class=\"wp-block-columns is-layout-flex wp-container-core-columns-is-layout-9d6595d7 wp-block-columns-is-layout-flex\">\n<div class=\"wp-block-column is-layout-flow wp-block-column-is-layout-flow\">\n<div class=\"wp-block-buttons is-content-justification-space-between is-layout-flex wp-container-core-buttons-is-layout-3d213aab wp-block-buttons-is-layout-flex\">\n<div class=\"wp-block-button has-custom-width wp-block-button__width-100 is-style-fill\"><a class=\"wp-block-button__link has-light-green-cyan-background-color has-background has-medium-font-size has-text-align-center has-custom-font-size wp-element-button\" href=\"..\/festiterroir-2024-bilan\/\" style=\"border-radius:0px\"><strong>2024<\/strong><\/a><\/div>\n<\/div>\n<\/div>\n\n\n\n<div class=\"wp-block-column is-layout-flow wp-block-column-is-layout-flow\">\n<div class=\"wp-block-buttons is-content-justification-space-between is-layout-flex wp-container-core-buttons-is-layout-3d213aab wp-block-buttons-is-layout-flex\">\n<div class=\"wp-block-button has-custom-width wp-block-button__width-100\"><a class=\"wp-block-button__link has-light-green-cyan-background-color has-background has-medium-font-size has-custom-font-size wp-element-button\" href=\"..\/festiterroir-2023-bilan\/\" style=\"border-radius:0px\"><strong>2023<\/strong><\/a><\/div>\n<\/div>\n<\/div>\n\n\n\n<div class=\"wp-block-column is-layout-flow wp-block-column-is-layout-flow\">\n<div class=\"wp-block-buttons is-content-justification-space-between is-layout-flex wp-container-core-buttons-is-layout-3d213aab wp-block-buttons-is-layout-flex\">\n<div class=\"wp-block-button has-custom-width wp-block-button__width-100\"><a class=\"wp-block-button__link has-light-green-cyan-background-color has-background has-medium-font-size has-custom-font-size wp-element-button\" href=\"..\/festiterroir-2022-bilan\/\" style=\"border-radius:0px\"><strong>2022<\/strong><\/a><\/div>\n<\/div>\n<\/div>\n<\/div>\n\n\n\n<div class=\"wp-block-columns is-layout-flex wp-container-core-columns-is-layout-9d6595d7 wp-block-columns-is-layout-flex\">\n<div class=\"wp-block-column is-layout-flow wp-block-column-is-layout-flow\">\n<div class=\"wp-block-buttons is-content-justification-space-between is-layout-flex wp-container-core-buttons-is-layout-3d213aab wp-block-buttons-is-layout-flex\">\n<div class=\"wp-block-button has-custom-width wp-block-button__width-100\"><a class=\"wp-block-button__link has-light-green-cyan-background-color has-background has-medium-font-size has-custom-font-size wp-element-button\" href=\"..\/festiterroir-2021\/\" style=\"border-radius:0px\"><strong>2021<\/strong><\/a><\/div>\n<\/div>\n<\/div>\n\n\n\n<div class=\"wp-block-column is-layout-flow wp-block-column-is-layout-flow\">\n<div class=\"wp-block-buttons is-content-justification-space-between is-layout-flex wp-container-core-buttons-is-layout-3d213aab wp-block-buttons-is-layout-flex\">\n<div class=\"wp-block-button has-custom-width wp-block-button__width-100\"><a class=\"wp-block-button__link has-light-green-cyan-background-color has-background has-medium-font-size has-custom-font-size wp-element-button\" href=\"..\/festiterroir-2020\/\" style=\"border-radius:0px\"><strong>2020<\/strong><\/a><\/div>\n<\/div>\n<\/div>\n\n\n\n<div class=\"wp-block-column is-layout-flow wp-block-column-is-layout-flow\">\n<div class=\"wp-block-buttons is-content-justification-space-between is-layout-flex wp-container-core-buttons-is-layout-3d213aab wp-block-buttons-is-layout-flex\">\n<div class=\"wp-block-button has-custom-width wp-block-button__width-100\"><a class=\"wp-block-button__link has-light-green-cyan-background-color has-background has-medium-font-size has-custom-font-size wp-element-button\" href=\"..\/festiterroir-2019\/\" style=\"border-radius:0px\"><strong>2019<\/strong><\/a><\/div>\n<\/div>\n<\/div>\n<\/div>\n<\/div><\/div>\n\n\n\n<p><strong style=\"color: #00cc99;\">Un parc des Bastions plein \u00e0 craquer durant tout le week-end pour la sixi\u00e8me&nbsp; \u00e9dition de Festi\u2019Terroir<br><\/strong><\/p>\n\n\n\n<p>Par un temps radieux, quelque 25 000 personnes sont venues \u00e0 la rencontre des paysan-e-s et artisan-e-s genevois-es: un record ! Avec 90 exposant-e-s, cette manifestation a connu un grand succ\u00e8s. De la boulangerie, des fromages et de la charcuterie, aux fruits et l\u00e9gumes en passant par les limonades, les bi\u00e8res, les vins ou encore le miel, on y retrouvait la grande diversit\u00e9 des produits de l\u2019agriculture locale, avec la complicit\u00e9 des artisan-e-s qui transforment cette mati\u00e8re brute.<\/p>\n\n\n\n<p><strong style=\"color: #00cc99;\"><a href=\"https:\/\/www.geneve.ch\/actualites\/parc-bastions-plein-craquer-durant-week-6eme-edition-festiterroir\" target=\"_blank\" rel=\"noopener\">Lien vers le communiqu\u00e9 de presse<\/a><\/strong>&nbsp;<\/p>\n\n\n<div class=\"wp-block-image size-full wp-image-30156\">\n<figure class=\"alignleft\"><img loading=\"lazy\" decoding=\"async\" width=\"1500\" height=\"1000\" src=\"https:\/\/www.festiterroir.ch\/wp-content\/uploads\/2024\/09\/Festi-terroir_DW_21_web_-9995.jpg\" alt=\"\" class=\"wp-image-30156\" srcset=\"https:\/\/www.davidprego.ch\/festi\/wp-content\/uploads\/2024\/09\/Festi-terroir_DW_21_web_-9995.jpg 1500w, https:\/\/www.davidprego.ch\/festi\/wp-content\/uploads\/2024\/09\/Festi-terroir_DW_21_web_-9995-300x200.jpg 300w, https:\/\/www.davidprego.ch\/festi\/wp-content\/uploads\/2024\/09\/Festi-terroir_DW_21_web_-9995-1024x683.jpg 1024w, https:\/\/www.davidprego.ch\/festi\/wp-content\/uploads\/2024\/09\/Festi-terroir_DW_21_web_-9995-768x512.jpg 768w\" sizes=\"auto, (max-width: 1500px) 100vw, 1500px\" \/><figcaption class=\"wp-element-caption\">Festi\u2019Terroir au parc des Bastions, le 01.09.24.2021 \u00a9 Patrick Lopreno<\/figcaption><\/figure><\/div>\n\n\n<p><br>&nbsp;<br>&nbsp;<\/p>\n\n\n\n<p>Festi\u2019Terroir 2024 est co-organis\u00e9 par <a href=\"https:\/\/www.geneve.ch\/fr\" target=\"_blank\" rel=\"noopener noreferrer\">la Ville de Gen\u00e8ve<\/a>, <a href=\"https:\/\/www.geneveterroir.ch\/\" target=\"_blank\" rel=\"noopener noreferrer\">Gen\u00e8ve Terroir<\/a> et <a href=\"https:\/\/www.biogeneve.ch\/\" target=\"_blank\" rel=\"noopener noreferrer\">BioGen\u00e8ve<\/a><\/p>\n\n\n\n<p>Avec le soutien de <a href=\"https:\/\/www.bio-suisse.ch\/fr.html\" target=\"_blank\" rel=\"noopener\">BioSuisse<\/a>, de la <a href=\"https:\/\/www.ge.ch\/dossier\/durabilite-climat\" target=\"_blank\" rel=\"noopener\">R\u00e9publique et canton de Gen\u00e8ve \u2013 Direction de la durabilit\u00e9 et du climat<\/a>, de la <a href=\"https:\/\/www.plan-les-ouates.ch\/\" target=\"_blank\" rel=\"noopener\">commune de Plan-les-Ouates<\/a>, de la <a href=\"https:\/\/www.lancy.ch\/\" target=\"_blank\" rel=\"noopener\">Ville de Lancy<\/a>, des<a href=\"https:\/\/ww2.sig-ge.ch\/\" target=\"_blank\" rel=\"noopener\"> SIG \u2013 Services Industriels de Gen\u00e8ve<\/a>, et de <a href=\"https:\/\/www.terrenature.ch\/\" target=\"_blank\" rel=\"noopener\">Terre &amp; Nature<\/a>.<\/p>\n\n\n<div class=\"wp-block-image\">\n<figure class=\"alignleft\"><img loading=\"lazy\" decoding=\"async\" width=\"2560\" height=\"216\" src=\"https:\/\/www.festiterroir.ch\/wp-content\/uploads\/2024\/06\/all2-scaled.jpg\" alt=\"\" class=\"wp-image-29977\" srcset=\"https:\/\/www.davidprego.ch\/festi\/wp-content\/uploads\/2024\/06\/all2-scaled.jpg 2560w, https:\/\/www.davidprego.ch\/festi\/wp-content\/uploads\/2024\/06\/all2-300x25.jpg 300w, https:\/\/www.davidprego.ch\/festi\/wp-content\/uploads\/2024\/06\/all2-1024x86.jpg 1024w, https:\/\/www.davidprego.ch\/festi\/wp-content\/uploads\/2024\/06\/all2-768x65.jpg 768w, https:\/\/www.davidprego.ch\/festi\/wp-content\/uploads\/2024\/06\/all2-1536x129.jpg 1536w, https:\/\/www.davidprego.ch\/festi\/wp-content\/uploads\/2024\/06\/all2-2048x173.jpg 2048w\" sizes=\"auto, (max-width: 2560px) 100vw, 2560px\" \/><\/figure><\/div>\n\n\n<p>Festi\u2019Terroir est un \u00e9v\u00e9nement qui r\u00e9pond \u00e0 plusieurs objectifs de la Strat\u00e9gie climat de la Ville de Gen\u00e8ve. Retrouvez toutes les mesures de cette Strat\u00e9gie sur: <a href=\"http:\/\/www.geneve.ch\/strategie-climat\" target=\"_blank\" rel=\"noopener noreferrer\">www.geneve.ch\/strategie-climat<\/a><\/p>\n\n\n\n<figure class=\"wp-block-image\"><a href=\"https:\/\/www.geneve.ch\/fr\/actualites\/dossiers-information\/changement-climatique-geneve\/strategie-climat\"><img loading=\"lazy\" decoding=\"async\" width=\"300\" height=\"119\" src=\"https:\/\/www.festiterroir.ch\/wp-content\/uploads\/2022\/07\/GE-climat_LOGO_RVB-300x119.png\" alt=\"\" class=\"wp-image-29463\" srcset=\"https:\/\/www.davidprego.ch\/festi\/wp-content\/uploads\/2022\/07\/GE-climat_LOGO_RVB-300x119.png 300w, https:\/\/www.davidprego.ch\/festi\/wp-content\/uploads\/2022\/07\/GE-climat_LOGO_RVB-768x304.png 768w, https:\/\/www.davidprego.ch\/festi\/wp-content\/uploads\/2022\/07\/GE-climat_LOGO_RVB-1024x405.png 1024w\" sizes=\"auto, (max-width: 300px) 100vw, 300px\" \/><\/a><\/figure>\n\n\n\n<div class=\"wp-block-group\"><div class=\"wp-block-group__inner-container is-layout-constrained wp-block-group-is-layout-constrained\">\n<div class=\"wp-block-columns is-layout-flex wp-container-core-columns-is-layout-9d6595d7 wp-block-columns-is-layout-flex\">\n<div class=\"wp-block-column is-layout-flow wp-block-column-is-layout-flow\">\n<div class=\"wp-block-buttons is-content-justification-space-between is-layout-flex wp-container-core-buttons-is-layout-3d213aab wp-block-buttons-is-layout-flex\">\n<div class=\"wp-block-button has-custom-width wp-block-button__width-100 is-style-fill\"><a class=\"wp-block-button__link has-light-green-cyan-background-color has-background has-medium-font-size has-text-align-center has-custom-font-size wp-element-button\" href=\"..\/concerts-2024\/\" style=\"border-radius:0px\"><strong>Concerts<\/strong><\/a><\/div>\n<\/div>\n<\/div>\n\n\n\n<div class=\"wp-block-column is-layout-flow wp-block-column-is-layout-flow\">\n<div class=\"wp-block-buttons is-content-justification-space-between is-layout-flex wp-container-core-buttons-is-layout-3d213aab wp-block-buttons-is-layout-flex\">\n<div class=\"wp-block-button has-custom-width wp-block-button__width-100\"><a class=\"wp-block-button__link has-light-green-cyan-background-color has-background has-medium-font-size has-custom-font-size wp-element-button\" href=\"..\/ateliers-enfants-2024\/\" style=\"border-radius:0px\"><strong>Ateliers<\/strong><\/a><\/div>\n<\/div>\n<\/div>\n\n\n\n<div class=\"wp-block-column is-layout-flow wp-block-column-is-layout-flow\">\n<div class=\"wp-block-buttons is-content-justification-space-between is-layout-flex wp-container-core-buttons-is-layout-3d213aab wp-block-buttons-is-layout-flex\">\n<div class=\"wp-block-button has-custom-width wp-block-button__width-100\"><a class=\"wp-block-button__link has-light-green-cyan-background-color has-background has-medium-font-size has-custom-font-size wp-element-button\" href=\"..\/animations-enfants-2024\/\" style=\"border-radius:0px\"><strong>Animations<\/strong><\/a><\/div>\n<\/div>\n<\/div>\n<\/div>\n\n\n\n<div class=\"wp-block-columns is-layout-flex wp-container-core-columns-is-layout-9d6595d7 wp-block-columns-is-layout-flex\">\n<div class=\"wp-block-column is-layout-flow wp-block-column-is-layout-flow\">\n<div class=\"wp-block-buttons is-content-justification-space-between is-layout-flex wp-container-core-buttons-is-layout-3d213aab wp-block-buttons-is-layout-flex\">\n<div class=\"wp-block-button has-custom-width wp-block-button__width-100\"><a class=\"wp-block-button__link has-light-green-cyan-background-color has-background has-medium-font-size has-custom-font-size wp-element-button\" href=\"..\/conferences-2024\/\" style=\"border-radius:0px\"><strong>Conf\u00e9rences<\/strong><\/a><\/div>\n<\/div>\n<\/div>\n\n\n\n<div class=\"wp-block-column is-layout-flow wp-block-column-is-layout-flow\"><\/div>\n\n\n\n<div class=\"wp-block-column is-layout-flow wp-block-column-is-layout-flow\"><\/div>\n<\/div>\n<\/div><\/div>\n","protected":false},"excerpt":{"rendered":"<p>Un parc des Bastions plein \u00e0 craquer durant tout le week-end pour la sixi\u00e8me&nbsp; \u00e9dition de Festi\u2019Terroir Par un temps radieux, quelque 25 000 personnes sont venues \u00e0 la rencontre des paysan-e-s et artisan-e-s genevois-es: un record ! Avec 90 exposant-e-s, cette manifestation a connu&nbsp;&hellip;<\/p>\n","protected":false},"author":1,"featured_media":0,"parent":30472,"menu_order":29,"comment_status":"closed","ping_status":"closed","template":"","meta":{"_acf_changed":false,"pgc_sgb_lightbox_settings":"","footnotes":""},"class_list":["post-30317","page","type-page","status-publish","hentry"],"acf":[],"_links":{"self":[{"href":"https:\/\/www.davidprego.ch\/festi\/wp-json\/wp\/v2\/pages\/30317","targetHints":{"allow":["GET"]}}],"collection":[{"href":"https:\/\/www.davidprego.ch\/festi\/wp-json\/wp\/v2\/pages"}],"about":[{"href":"https:\/\/www.davidprego.ch\/festi\/wp-json\/wp\/v2\/types\/page"}],"author":[{"embeddable":true,"href":"https:\/\/www.davidprego.ch\/festi\/wp-json\/wp\/v2\/users\/1"}],"replies":[{"embeddable":true,"href":"https:\/\/www.davidprego.ch\/festi\/wp-json\/wp\/v2\/comments?post=30317"}],"version-history":[{"count":9,"href":"https:\/\/www.davidprego.ch\/festi\/wp-json\/wp\/v2\/pages\/30317\/revisions"}],"predecessor-version":[{"id":30656,"href":"https:\/\/www.davidprego.ch\/festi\/wp-json\/wp\/v2\/pages\/30317\/revisions\/30656"}],"up":[{"embeddable":true,"href":"https:\/\/www.davidprego.ch\/festi\/wp-json\/wp\/v2\/pages\/30472"}],"wp:attachment":[{"href":"https:\/\/www.davidprego.ch\/festi\/wp-json\/wp\/v2\/media?parent=30317"}],"curies":[{"name":"wp","href":"https:\/\/api.w.org\/{rel}","templated":true}]}}

Édition 2024 (Bilan)

<div class="wp-block-group"><div class="wp-block-group__inner-container is-layout-constrained wp-block-group-is-layout-constrained">
<div class="wp-block-columns is-layout-flex wp-container-core-columns-is-layout-9d6595d7 wp-block-columns-is-layout-flex">
<div class="wp-block-column is-layout-flow wp-block-column-is-layout-flow">
<div class="wp-block-buttons is-content-justification-space-between is-layout-flex wp-container-core-buttons-is-layout-3d213aab wp-block-buttons-is-layout-flex">
<div class="wp-block-button has-custom-width wp-block-button__width-100 is-style-fill"><a class="wp-block-button__link has-light-green-cyan-background-color has-background has-medium-font-size has-text-align-center has-custom-font-size wp-element-button" href="../festiterroir-2024-bilan/" style="border-radius:0px"><strong>2024</strong></a></div>
</div>
</div>



<div class="wp-block-column is-layout-flow wp-block-column-is-layout-flow">
<div class="wp-block-buttons is-content-justification-space-between is-layout-flex wp-container-core-buttons-is-layout-3d213aab wp-block-buttons-is-layout-flex">
<div class="wp-block-button has-custom-width wp-block-button__width-100"><a class="wp-block-button__link has-light-green-cyan-background-color has-background has-medium-font-size has-custom-font-size wp-element-button" href="../festiterroir-2023-bilan/" style="border-radius:0px"><strong>2023</strong></a></div>
</div>
</div>



<div class="wp-block-column is-layout-flow wp-block-column-is-layout-flow">
<div class="wp-block-buttons is-content-justification-space-between is-layout-flex wp-container-core-buttons-is-layout-3d213aab wp-block-buttons-is-layout-flex">
<div class="wp-block-button has-custom-width wp-block-button__width-100"><a class="wp-block-button__link has-light-green-cyan-background-color has-background has-medium-font-size has-custom-font-size wp-element-button" href="../festiterroir-2022-bilan/" style="border-radius:0px"><strong>2022</strong></a></div>
</div>
</div>
</div>



<div class="wp-block-columns is-layout-flex wp-container-core-columns-is-layout-9d6595d7 wp-block-columns-is-layout-flex">
<div class="wp-block-column is-layout-flow wp-block-column-is-layout-flow">
<div class="wp-block-buttons is-content-justification-space-between is-layout-flex wp-container-core-buttons-is-layout-3d213aab wp-block-buttons-is-layout-flex">
<div class="wp-block-button has-custom-width wp-block-button__width-100"><a class="wp-block-button__link has-light-green-cyan-background-color has-background has-medium-font-size has-custom-font-size wp-element-button" href="../festiterroir-2021/" style="border-radius:0px"><strong>2021</strong></a></div>
</div>
</div>



<div class="wp-block-column is-layout-flow wp-block-column-is-layout-flow">
<div class="wp-block-buttons is-content-justification-space-between is-layout-flex wp-container-core-buttons-is-layout-3d213aab wp-block-buttons-is-layout-flex">
<div class="wp-block-button has-custom-width wp-block-button__width-100"><a class="wp-block-button__link has-light-green-cyan-background-color has-background has-medium-font-size has-custom-font-size wp-element-button" href="../festiterroir-2020/" style="border-radius:0px"><strong>2020</strong></a></div>
</div>
</div>



<div class="wp-block-column is-layout-flow wp-block-column-is-layout-flow">
<div class="wp-block-buttons is-content-justification-space-between is-layout-flex wp-container-core-buttons-is-layout-3d213aab wp-block-buttons-is-layout-flex">
<div class="wp-block-button has-custom-width wp-block-button__width-100"><a class="wp-block-button__link has-light-green-cyan-background-color has-background has-medium-font-size has-custom-font-size wp-element-button" href="../festiterroir-2019/" style="border-radius:0px"><strong>2019</strong></a></div>
</div>
</div>
</div>
</div></div>



<p><strong style="color: #00cc99;">Un parc des Bastions plein à craquer durant tout le week-end pour la sixième&nbsp; édition de Festi’Terroir<br></strong></p>



<p>Par un temps radieux, quelque 25 000 personnes sont venues à la rencontre des paysan-e-s et artisan-e-s genevois-es: un record ! Avec 90 exposant-e-s, cette manifestation a connu un grand succès. De la boulangerie, des fromages et de la charcuterie, aux fruits et légumes en passant par les limonades, les bières, les vins ou encore le miel, on y retrouvait la grande diversité des produits de l’agriculture locale, avec la complicité des artisan-e-s qui transforment cette matière brute.</p>



<p><strong style="color: #00cc99;"><a href="https://www.geneve.ch/actualites/parc-bastions-plein-craquer-durant-week-6eme-edition-festiterroir" target="_blank" rel="noopener">Lien vers le communiqué de presse</a></strong>&nbsp;</p>


<div class="wp-block-image size-full wp-image-30156">
<figure class="alignleft"><img loading="lazy" decoding="async" width="1500" height="1000" src="https://www.festiterroir.ch/wp-content/uploads/2024/09/Festi-terroir_DW_21_web_-9995.jpg" alt="" class="wp-image-30156" srcset="https://www.davidprego.ch/festi/wp-content/uploads/2024/09/Festi-terroir_DW_21_web_-9995.jpg 1500w, https://www.davidprego.ch/festi/wp-content/uploads/2024/09/Festi-terroir_DW_21_web_-9995-300x200.jpg 300w, https://www.davidprego.ch/festi/wp-content/uploads/2024/09/Festi-terroir_DW_21_web_-9995-1024x683.jpg 1024w, https://www.davidprego.ch/festi/wp-content/uploads/2024/09/Festi-terroir_DW_21_web_-9995-768x512.jpg 768w" sizes="auto, (max-width: 1500px) 100vw, 1500px" /><figcaption class="wp-element-caption">Festi’Terroir au parc des Bastions, le 01.09.24.2021 © Patrick Lopreno</figcaption></figure></div>


<p><br>&nbsp;<br>&nbsp;</p>



<p>Festi’Terroir 2024 est co-organisé par <a href="https://www.geneve.ch/fr" target="_blank" rel="noopener noreferrer">la Ville de Genève</a>, <a href="https://www.geneveterroir.ch/" target="_blank" rel="noopener noreferrer">Genève Terroir</a> et <a href="https://www.biogeneve.ch/" target="_blank" rel="noopener noreferrer">BioGenève</a></p>



<p>Avec le soutien de <a href="https://www.bio-suisse.ch/fr.html" target="_blank" rel="noopener">BioSuisse</a>, de la <a href="https://www.ge.ch/dossier/durabilite-climat" target="_blank" rel="noopener">République et canton de Genève – Direction de la durabilité et du climat</a>, de la <a href="https://www.plan-les-ouates.ch/" target="_blank" rel="noopener">commune de Plan-les-Ouates</a>, de la <a href="https://www.lancy.ch/" target="_blank" rel="noopener">Ville de Lancy</a>, des<a href="https://ww2.sig-ge.ch/" target="_blank" rel="noopener"> SIG – Services Industriels de Genève</a>, et de <a href="https://www.terrenature.ch/" target="_blank" rel="noopener">Terre &amp; Nature</a>.</p>


<div class="wp-block-image">
<figure class="alignleft"><img loading="lazy" decoding="async" width="2560" height="216" src="https://www.festiterroir.ch/wp-content/uploads/2024/06/all2-scaled.jpg" alt="" class="wp-image-29977" srcset="https://www.davidprego.ch/festi/wp-content/uploads/2024/06/all2-scaled.jpg 2560w, https://www.davidprego.ch/festi/wp-content/uploads/2024/06/all2-300x25.jpg 300w, https://www.davidprego.ch/festi/wp-content/uploads/2024/06/all2-1024x86.jpg 1024w, https://www.davidprego.ch/festi/wp-content/uploads/2024/06/all2-768x65.jpg 768w, https://www.davidprego.ch/festi/wp-content/uploads/2024/06/all2-1536x129.jpg 1536w, https://www.davidprego.ch/festi/wp-content/uploads/2024/06/all2-2048x173.jpg 2048w" sizes="auto, (max-width: 2560px) 100vw, 2560px" /></figure></div>


<p>Festi’Terroir est un événement qui répond à plusieurs objectifs de la Stratégie climat de la Ville de Genève. Retrouvez toutes les mesures de cette Stratégie sur: <a href="http://www.geneve.ch/strategie-climat" target="_blank" rel="noopener noreferrer">www.geneve.ch/strategie-climat</a></p>



<figure class="wp-block-image"><a href="https://www.geneve.ch/fr/actualites/dossiers-information/changement-climatique-geneve/strategie-climat"><img loading="lazy" decoding="async" width="300" height="119" src="https://www.festiterroir.ch/wp-content/uploads/2022/07/GE-climat_LOGO_RVB-300x119.png" alt="" class="wp-image-29463" srcset="https://www.davidprego.ch/festi/wp-content/uploads/2022/07/GE-climat_LOGO_RVB-300x119.png 300w, https://www.davidprego.ch/festi/wp-content/uploads/2022/07/GE-climat_LOGO_RVB-768x304.png 768w, https://www.davidprego.ch/festi/wp-content/uploads/2022/07/GE-climat_LOGO_RVB-1024x405.png 1024w" sizes="auto, (max-width: 300px) 100vw, 300px" /></a></figure>



<div class="wp-block-group"><div class="wp-block-group__inner-container is-layout-constrained wp-block-group-is-layout-constrained">
<div class="wp-block-columns is-layout-flex wp-container-core-columns-is-layout-9d6595d7 wp-block-columns-is-layout-flex">
<div class="wp-block-column is-layout-flow wp-block-column-is-layout-flow">
<div class="wp-block-buttons is-content-justification-space-between is-layout-flex wp-container-core-buttons-is-layout-3d213aab wp-block-buttons-is-layout-flex">
<div class="wp-block-button has-custom-width wp-block-button__width-100 is-style-fill"><a class="wp-block-button__link has-light-green-cyan-background-color has-background has-medium-font-size has-text-align-center has-custom-font-size wp-element-button" href="../concerts-2024/" style="border-radius:0px"><strong>Concerts</strong></a></div>
</div>
</div>



<div class="wp-block-column is-layout-flow wp-block-column-is-layout-flow">
<div class="wp-block-buttons is-content-justification-space-between is-layout-flex wp-container-core-buttons-is-layout-3d213aab wp-block-buttons-is-layout-flex">
<div class="wp-block-button has-custom-width wp-block-button__width-100"><a class="wp-block-button__link has-light-green-cyan-background-color has-background has-medium-font-size has-custom-font-size wp-element-button" href="../ateliers-enfants-2024/" style="border-radius:0px"><strong>Ateliers</strong></a></div>
</div>
</div>



<div class="wp-block-column is-layout-flow wp-block-column-is-layout-flow">
<div class="wp-block-buttons is-content-justification-space-between is-layout-flex wp-container-core-buttons-is-layout-3d213aab wp-block-buttons-is-layout-flex">
<div class="wp-block-button has-custom-width wp-block-button__width-100"><a class="wp-block-button__link has-light-green-cyan-background-color has-background has-medium-font-size has-custom-font-size wp-element-button" href="../animations-enfants-2024/" style="border-radius:0px"><strong>Animations</strong></a></div>
</div>
</div>
</div>



<div class="wp-block-columns is-layout-flex wp-container-core-columns-is-layout-9d6595d7 wp-block-columns-is-layout-flex">
<div class="wp-block-column is-layout-flow wp-block-column-is-layout-flow">
<div class="wp-block-buttons is-content-justification-space-between is-layout-flex wp-container-core-buttons-is-layout-3d213aab wp-block-buttons-is-layout-flex">
<div class="wp-block-button has-custom-width wp-block-button__width-100"><a class="wp-block-button__link has-light-green-cyan-background-color has-background has-medium-font-size has-custom-font-size wp-element-button" href="../conferences-2024/" style="border-radius:0px"><strong>Conférences</strong></a></div>
</div>
</div>



<div class="wp-block-column is-layout-flow wp-block-column-is-layout-flow"></div>



<div class="wp-block-column is-layout-flow wp-block-column-is-layout-flow"></div>
</div>
</div></div>

<p>Un parc des Bastions plein à craquer durant tout le week-end pour la sixième&nbsp; édition de Festi’Terroir Par un temps radieux, quelque 25 000 personnes sont venues à la rencontre des paysan-e-s et artisan-e-s genevois-es: un record ! Avec 90 exposant-e-s, cette manifestation a connu&nbsp;&hellip;</p>
