{"id":30710,"date":"2025-06-30T17:42:07","date_gmt":"2025-06-30T15:42:07","guid":{"rendered":"https:\/\/www.davidprego.ch\/festi\/?page_id=30710"},"modified":"2025-07-01T20:32:27","modified_gmt":"2025-07-01T18:32:27","slug":"a-propos","status":"publish","type":"page","link":"https:\/\/www.davidprego.ch\/festi\/a-propos\/","title":{"rendered":"\u00c0 propos"},"content":{"rendered":"\n<p>Festi\u2019Terroir est un festival destin\u00e9 \u00e0 promouvoir le terroir genevois, que ce soit les producteurs et productrices du canton de Gen\u00e8ve, mais \u00e9galement les transformateurs et transformatrices (artisan\u00b7e\u00b7s de bouche, restaurateurs et restauratrices, brasseries, fabricant\u00b7e\u00b7s de jus de fruits et boissons, \u2026) <\/p>\n\n\n\n<p>Il est organis\u00e9 depuis 2019 par la Ville de Gen\u00e8ve, BioGen\u00e8ve et Gen\u00e8ve Terroir.<br>Pour plus d\u2019informations, contactez-nous \u00e0 contact\/at\/festiterroir.ch<br><br>Festi\u2019Terroir 2025 b\u00e9n\u00e9ficie du soutien de<br><a href=\"https:\/\/www.bio-suisse.ch\/fr.html\" target=\"_blank\" rel=\"noopener\">BioSuisse<\/a><br><a href=\"https:\/\/www.ge.ch\/dossier\/durabilite-climat\" target=\"_blank\" rel=\"noopener\">R\u00e9publique et canton de Gen\u00e8ve \u2013 Direction de la durabilit\u00e9 et du climat<\/a> <br><a href=\"https:\/\/ww2.sig-ge.ch\/\" target=\"_blank\" rel=\"noopener\">SIG \u2013 Services Industriels de Gen\u00e8ve<\/a><br>la <a href=\"https:\/\/www.lancy.ch\/\" target=\"_blank\" rel=\"noopener\">Ville de Lancy<\/a><br>la <a href=\"https:\/\/www.carouge.ch\/\" data-type=\"link\" data-id=\"https:\/\/www.carouge.ch\/\" target=\"_blank\" rel=\"noreferrer noopener\">Ville de Carouge<\/a><br>la <a href=\"https:\/\/www.onex.ch\/\" data-type=\"link\" data-id=\"https:\/\/www.onex.ch\/\" target=\"_blank\" rel=\"noreferrer noopener\">Ville d\u2019Onex<\/a><br>la <a href=\"https:\/\/www.lancy.ch\/\" data-type=\"link\" data-id=\"https:\/\/www.lancy.ch\/\" target=\"_blank\" rel=\"noreferrer noopener\">Ville de Lancy<\/a><br>la <a href=\"https:\/\/www.bernex.ch\/\" data-type=\"link\" data-id=\"https:\/\/www.bernex.ch\/\" target=\"_blank\" rel=\"noreferrer noopener\">Commune de Bernex<\/a><br>la <a href=\"https:\/\/www.vernier.ch\/\" data-type=\"link\" data-id=\"https:\/\/www.vernier.ch\/\" target=\"_blank\" rel=\"noreferrer noopener\">Ville de Vernier<\/a><br>la <a href=\"https:\/\/meyrin.ch\/fr\" data-type=\"link\" data-id=\"https:\/\/meyrin.ch\/fr\" target=\"_blank\" rel=\"noreferrer noopener\">Commune de Meyrin<\/a><br>la <a href=\"https:\/\/www.soral.ch\/\" data-type=\"link\" data-id=\"https:\/\/www.soral.ch\/\" target=\"_blank\" rel=\"noreferrer noopener\">Commune de Soral<\/a><br>la <a href=\"https:\/\/www.plan-les-ouates.ch\/\" data-type=\"link\" data-id=\"https:\/\/www.plan-les-ouates.ch\/\" target=\"_blank\" rel=\"noreferrer noopener\">Commune de Plan-les-Ouates<\/a><br>la <a href=\"https:\/\/www.dardagny.ch\/\" data-type=\"link\" data-id=\"https:\/\/www.dardagny.ch\/\" target=\"_blank\" rel=\"noreferrer noopener\">Commune de Dardagny<\/a><br><br>Partenaire m\u00e9dia<br><a href=\"https:\/\/www.terrenature.ch\/\" data-type=\"link\" data-id=\"https:\/\/www.terrenature.ch\/\" target=\"_blank\" rel=\"noreferrer noopener\">Terre&amp;Nature<\/a><\/p>\n","protected":false},"excerpt":{"rendered":"<p>Festi\u2019Terroir est un festival destin\u00e9 \u00e0 promouvoir le terroir genevois, que ce soit les producteurs et productrices du canton de Gen\u00e8ve, mais \u00e9galement les transformateurs et transformatrices (artisan\u00b7e\u00b7s de bouche, restaurateurs et restauratrices, brasseries, fabricant\u00b7e\u00b7s de jus de fruits et boissons, \u2026) Il est organis\u00e9&nbsp;&hellip;<\/p>\n","protected":false},"author":1,"featured_media":0,"parent":0,"menu_order":0,"comment_status":"closed","ping_status":"closed","template":"","meta":{"_acf_changed":false,"pgc_sgb_lightbox_settings":"","footnotes":""},"class_list":["post-30710","page","type-page","status-publish","hentry"],"acf":[],"_links":{"self":[{"href":"https:\/\/www.davidprego.ch\/festi\/wp-json\/wp\/v2\/pages\/30710","targetHints":{"allow":["GET"]}}],"collection":[{"href":"https:\/\/www.davidprego.ch\/festi\/wp-json\/wp\/v2\/pages"}],"about":[{"href":"https:\/\/www.davidprego.ch\/festi\/wp-json\/wp\/v2\/types\/page"}],"author":[{"embeddable":true,"href":"https:\/\/www.davidprego.ch\/festi\/wp-json\/wp\/v2\/users\/1"}],"replies":[{"embeddable":true,"href":"https:\/\/www.davidprego.ch\/festi\/wp-json\/wp\/v2\/comments?post=30710"}],"version-history":[{"count":3,"href":"https:\/\/www.davidprego.ch\/festi\/wp-json\/wp\/v2\/pages\/30710\/revisions"}],"predecessor-version":[{"id":30725,"href":"https:\/\/www.davidprego.ch\/festi\/wp-json\/wp\/v2\/pages\/30710\/revisions\/30725"}],"wp:attachment":[{"href":"https:\/\/www.davidprego.ch\/festi\/wp-json\/wp\/v2\/media?parent=30710"}],"curies":[{"name":"wp","href":"https:\/\/api.w.org\/{rel}","templated":true}]}}

À propos

<p>Festi’Terroir est un festival destiné à promouvoir le terroir genevois, que ce soit les producteurs et productrices du canton de Genève, mais également les transformateurs et transformatrices (artisan·e·s de bouche, restaurateurs et restauratrices, brasseries, fabricant·e·s de jus de fruits et boissons, …) </p>



<p>Il est organisé depuis 2019 par la Ville de Genève, BioGenève et Genève Terroir.<br>Pour plus d’informations, contactez-nous à contact/at/festiterroir.ch<br><br>Festi’Terroir 2025 bénéficie du soutien de<br><a href="https://www.bio-suisse.ch/fr.html" target="_blank" rel="noopener">BioSuisse</a><br><a href="https://www.ge.ch/dossier/durabilite-climat" target="_blank" rel="noopener">République et canton de Genève – Direction de la durabilité et du climat</a> <br><a href="https://ww2.sig-ge.ch/" target="_blank" rel="noopener">SIG – Services Industriels de Genève</a><br>la <a href="https://www.lancy.ch/" target="_blank" rel="noopener">Ville de Lancy</a><br>la <a href="https://www.carouge.ch/" data-type="link" data-id="https://www.carouge.ch/" target="_blank" rel="noreferrer noopener">Ville de Carouge</a><br>la <a href="https://www.onex.ch/" data-type="link" data-id="https://www.onex.ch/" target="_blank" rel="noreferrer noopener">Ville d’Onex</a><br>la <a href="https://www.lancy.ch/" data-type="link" data-id="https://www.lancy.ch/" target="_blank" rel="noreferrer noopener">Ville de Lancy</a><br>la <a href="https://www.bernex.ch/" data-type="link" data-id="https://www.bernex.ch/" target="_blank" rel="noreferrer noopener">Commune de Bernex</a><br>la <a href="https://www.vernier.ch/" data-type="link" data-id="https://www.vernier.ch/" target="_blank" rel="noreferrer noopener">Ville de Vernier</a><br>la <a href="https://meyrin.ch/fr" data-type="link" data-id="https://meyrin.ch/fr" target="_blank" rel="noreferrer noopener">Commune de Meyrin</a><br>la <a href="https://www.soral.ch/" data-type="link" data-id="https://www.soral.ch/" target="_blank" rel="noreferrer noopener">Commune de Soral</a><br>la <a href="https://www.plan-les-ouates.ch/" data-type="link" data-id="https://www.plan-les-ouates.ch/" target="_blank" rel="noreferrer noopener">Commune de Plan-les-Ouates</a><br>la <a href="https://www.dardagny.ch/" data-type="link" data-id="https://www.dardagny.ch/" target="_blank" rel="noreferrer noopener">Commune de Dardagny</a><br><br>Partenaire média<br><a href="https://www.terrenature.ch/" data-type="link" data-id="https://www.terrenature.ch/" target="_blank" rel="noreferrer noopener">Terre&amp;Nature</a></p>

<p>Festi’Terroir est un festival destiné à promouvoir le terroir genevois, que ce soit les producteurs et productrices du canton de Genève, mais également les transformateurs et transformatrices (artisan·e·s de bouche, restaurateurs et restauratrices, brasseries, fabricant·e·s de jus de fruits et boissons, …) Il est organisé&nbsp;&hellip;</p>
