{"id":30744,"date":"2025-07-02T09:34:43","date_gmt":"2025-07-02T07:34:43","guid":{"rendered":"https:\/\/www.davidprego.ch\/festi\/?page_id=30744"},"modified":"2025-07-02T17:59:42","modified_gmt":"2025-07-02T15:59:42","slug":"ateliers-pour-enfants-2025","status":"publish","type":"page","link":"https:\/\/www.davidprego.ch\/festi\/archives\/ateliers-pour-enfants-2025\/","title":{"rendered":"Ateliers pour enfants 2025"},"content":{"rendered":"\n<p><strong style=\"color: #6666ff;\">Les associations <a href=\"https:\/\/www.swissfoodacademy.ch\/\" target=\"_blank\" rel=\"noopener noreferrer\">Swiss Food Academy<\/a> associ\u00e9e \u00e0 <a href=\"https:\/\/www.prospecierara.ch\/fr\" target=\"_blank\" rel=\"noreferrer noopener\">Pro Specie Rara<\/a>, la Maison de l\u2019Alimentation du Territoire de Gen\u00e8ve proposent tout au long du week-end de tr\u00e8s nombreux ateliers pour enfants. Venez mettre la main \u00e0 la p\u00e2te et \u00e9veiller vos sens!<\/strong><br><strong style=\"color: #6666ff;\">Atelier adapt\u00e9 pour les enfants \u00e2g\u00e9s de 6 \u00e0 12 ans<span class=\"gmail-apple-converted-space\">\u00a0<\/span>Tarif de l\u2019atelier\u00a0 10.- par enfant \/ nombre limit\u00e9 de places pour chaque atelier<\/strong><\/p>\n\n\n\n<div style=\"height:50px\" aria-hidden=\"true\" class=\"wp-block-spacer\"><\/div>\n\n\n\n<div class=\"wp-block-group\"><div class=\"wp-block-group__inner-container is-layout-constrained wp-block-group-is-layout-constrained\">\n<div class=\"wp-block-columns is-layout-flex wp-container-core-columns-is-layout-9d6595d7 wp-block-columns-is-layout-flex\">\n<div class=\"wp-block-column is-layout-flow wp-block-column-is-layout-flow\">\n<div class=\"wp-block-buttons is-content-justification-space-between is-layout-flex wp-container-core-buttons-is-layout-3d213aab wp-block-buttons-is-layout-flex\">\n<div class=\"wp-block-button has-custom-width wp-block-button__width-100 is-style-fill\"><a class=\"wp-block-button__link has-light-green-cyan-background-color has-background has-medium-font-size has-custom-font-size wp-element-button\" href=\"https:\/\/www.davidprego.ch\/festi\/archives\/concerts-2025\/\" style=\"border-radius:0px\">Concerts<\/a><\/div>\n<\/div>\n<\/div>\n\n\n\n<div class=\"wp-block-column is-layout-flow wp-block-column-is-layout-flow\">\n<div class=\"wp-block-buttons is-content-justification-space-between is-layout-flex wp-container-core-buttons-is-layout-3d213aab wp-block-buttons-is-layout-flex\">\n<div class=\"wp-block-button has-custom-width wp-block-button__width-100 is-style-fill\"><a class=\"wp-block-button__link has-light-green-cyan-background-color has-background has-medium-font-size has-custom-font-size wp-element-button\" href=\"https:\/\/www.davidprego.ch\/festi\/archives\/ateliers-pour-enfants-2025\/\" style=\"border-radius:0px\">Ateliers<\/a><\/div>\n<\/div>\n<\/div>\n\n\n\n<div class=\"wp-block-column is-layout-flow wp-block-column-is-layout-flow\">\n<div class=\"wp-block-buttons is-content-justification-space-between is-layout-flex wp-container-core-buttons-is-layout-3d213aab wp-block-buttons-is-layout-flex\">\n<div class=\"wp-block-button has-custom-width wp-block-button__width-100 is-style-fill\"><a class=\"wp-block-button__link has-light-green-cyan-background-color has-background has-medium-font-size has-custom-font-size wp-element-button\" href=\"https:\/\/www.davidprego.ch\/festi\/archives\/animations-pour-enfants-2025\/\" style=\"border-radius:0px\">Animations<\/a><\/div>\n<\/div>\n<\/div>\n<\/div>\n\n\n\n<div class=\"wp-block-columns is-layout-flex wp-container-core-columns-is-layout-9d6595d7 wp-block-columns-is-layout-flex\">\n<div class=\"wp-block-column is-layout-flow wp-block-column-is-layout-flow\">\n<div class=\"wp-block-buttons is-content-justification-space-between is-layout-flex wp-container-core-buttons-is-layout-3d213aab wp-block-buttons-is-layout-flex\">\n<div class=\"wp-block-button has-custom-width wp-block-button__width-100 is-style-fill\"><a class=\"wp-block-button__link has-light-green-cyan-background-color has-background has-medium-font-size has-custom-font-size wp-element-button\" href=\"https:\/\/www.davidprego.ch\/festi\/archives\/conferences-2025\/\" style=\"border-radius:0px\">Conf\u00e9rences<\/a><\/div>\n<\/div>\n<\/div>\n\n\n\n<div class=\"wp-block-column is-layout-flow wp-block-column-is-layout-flow\"><\/div>\n\n\n\n<div class=\"wp-block-column is-layout-flow wp-block-column-is-layout-flow\"><\/div>\n<\/div>\n<\/div><\/div>\n","protected":false},"excerpt":{"rendered":"<p>Les associations Swiss Food Academy associ\u00e9e \u00e0 Pro Specie Rara, la Maison de l\u2019Alimentation du Territoire de Gen\u00e8ve proposent tout au long du week-end de tr\u00e8s nombreux ateliers pour enfants. Venez mettre la main \u00e0 la p\u00e2te et \u00e9veiller vos sens!Atelier adapt\u00e9 pour les enfants&nbsp;&hellip;<\/p>\n","protected":false},"author":2,"featured_media":0,"parent":30472,"menu_order":37,"comment_status":"closed","ping_status":"closed","template":"","meta":{"_acf_changed":false,"pgc_sgb_lightbox_settings":"","footnotes":""},"class_list":["post-30744","page","type-page","status-publish","hentry"],"acf":[],"_links":{"self":[{"href":"https:\/\/www.davidprego.ch\/festi\/wp-json\/wp\/v2\/pages\/30744","targetHints":{"allow":["GET"]}}],"collection":[{"href":"https:\/\/www.davidprego.ch\/festi\/wp-json\/wp\/v2\/pages"}],"about":[{"href":"https:\/\/www.davidprego.ch\/festi\/wp-json\/wp\/v2\/types\/page"}],"author":[{"embeddable":true,"href":"https:\/\/www.davidprego.ch\/festi\/wp-json\/wp\/v2\/users\/2"}],"replies":[{"embeddable":true,"href":"https:\/\/www.davidprego.ch\/festi\/wp-json\/wp\/v2\/comments?post=30744"}],"version-history":[{"count":4,"href":"https:\/\/www.davidprego.ch\/festi\/wp-json\/wp\/v2\/pages\/30744\/revisions"}],"predecessor-version":[{"id":30784,"href":"https:\/\/www.davidprego.ch\/festi\/wp-json\/wp\/v2\/pages\/30744\/revisions\/30784"}],"up":[{"embeddable":true,"href":"https:\/\/www.davidprego.ch\/festi\/wp-json\/wp\/v2\/pages\/30472"}],"wp:attachment":[{"href":"https:\/\/www.davidprego.ch\/festi\/wp-json\/wp\/v2\/media?parent=30744"}],"curies":[{"name":"wp","href":"https:\/\/api.w.org\/{rel}","templated":true}]}}

<p><strong style="color: #6666ff;">Les associations <a href="https://www.swissfoodacademy.ch/" target="_blank" rel="noopener noreferrer">Swiss Food Academy</a> associée à <a href="https://www.prospecierara.ch/fr" target="_blank" rel="noreferrer noopener">Pro Specie Rara</a>, la Maison de l’Alimentation du Territoire de Genève proposent tout au long du week-end de très nombreux ateliers pour enfants. Venez mettre la main à la pâte et éveiller vos sens!</strong><br><strong style="color: #6666ff;">Atelier adapté pour les enfants âgés de 6 à 12 ans<span class="gmail-apple-converted-space"> </span>Tarif de l’atelier  10.- par enfant / nombre limité de places pour chaque atelier</strong></p>



<div style="height:50px" aria-hidden="true" class="wp-block-spacer"></div>



<div class="wp-block-group"><div class="wp-block-group__inner-container is-layout-constrained wp-block-group-is-layout-constrained">
<div class="wp-block-columns is-layout-flex wp-container-core-columns-is-layout-9d6595d7 wp-block-columns-is-layout-flex">
<div class="wp-block-column is-layout-flow wp-block-column-is-layout-flow">
<div class="wp-block-buttons is-content-justification-space-between is-layout-flex wp-container-core-buttons-is-layout-3d213aab wp-block-buttons-is-layout-flex">
<div class="wp-block-button has-custom-width wp-block-button__width-100 is-style-fill"><a class="wp-block-button__link has-light-green-cyan-background-color has-background has-medium-font-size has-custom-font-size wp-element-button" href="https://www.davidprego.ch/festi/archives/concerts-2025/" style="border-radius:0px">Concerts</a></div>
</div>
</div>



<div class="wp-block-column is-layout-flow wp-block-column-is-layout-flow">
<div class="wp-block-buttons is-content-justification-space-between is-layout-flex wp-container-core-buttons-is-layout-3d213aab wp-block-buttons-is-layout-flex">
<div class="wp-block-button has-custom-width wp-block-button__width-100 is-style-fill"><a class="wp-block-button__link has-light-green-cyan-background-color has-background has-medium-font-size has-custom-font-size wp-element-button" href="https://www.davidprego.ch/festi/archives/ateliers-pour-enfants-2025/" style="border-radius:0px">Ateliers</a></div>
</div>
</div>



<div class="wp-block-column is-layout-flow wp-block-column-is-layout-flow">
<div class="wp-block-buttons is-content-justification-space-between is-layout-flex wp-container-core-buttons-is-layout-3d213aab wp-block-buttons-is-layout-flex">
<div class="wp-block-button has-custom-width wp-block-button__width-100 is-style-fill"><a class="wp-block-button__link has-light-green-cyan-background-color has-background has-medium-font-size has-custom-font-size wp-element-button" href="https://www.davidprego.ch/festi/archives/animations-pour-enfants-2025/" style="border-radius:0px">Animations</a></div>
</div>
</div>
</div>



<div class="wp-block-columns is-layout-flex wp-container-core-columns-is-layout-9d6595d7 wp-block-columns-is-layout-flex">
<div class="wp-block-column is-layout-flow wp-block-column-is-layout-flow">
<div class="wp-block-buttons is-content-justification-space-between is-layout-flex wp-container-core-buttons-is-layout-3d213aab wp-block-buttons-is-layout-flex">
<div class="wp-block-button has-custom-width wp-block-button__width-100 is-style-fill"><a class="wp-block-button__link has-light-green-cyan-background-color has-background has-medium-font-size has-custom-font-size wp-element-button" href="https://www.davidprego.ch/festi/archives/conferences-2025/" style="border-radius:0px">Conférences</a></div>
</div>
</div>



<div class="wp-block-column is-layout-flow wp-block-column-is-layout-flow"></div>



<div class="wp-block-column is-layout-flow wp-block-column-is-layout-flow"></div>
</div>
</div></div>

<p>Les associations Swiss Food Academy associée à Pro Specie Rara, la Maison de l’Alimentation du Territoire de Genève proposent tout au long du week-end de très nombreux ateliers pour enfants. Venez mettre la main à la pâte et éveiller vos sens!Atelier adapté pour les enfants&nbsp;&hellip;</p>
